130
CXUS55 KBOU 012358
CF6MNH
PRELIMINARY LOCAL CLIMATOLOGICAL DATA (WS FORM: F-6)
STATION: ELBERT 6W CO
MONTH: SEPTEMBER
YEAR: 2020
LATITUDE: 39 13 N
LONGITUDE: 104 38 W
TEMPERATURE IN F: :PCPN: SNOW: WIND :SUNSHINE: SKY :PK WND
================================================================================
1 2 3 4 5 6A 6B 7 8 9 10 11 12 13 14 15 16 17 18
12Z AVG MX 2MIN
DY MAX MIN AVG DEP HDD CDD WTR SNW DPTH SPD SPD DIR MIN PSBL S-S WX SPD DR
================================================================================
1 72 43 58 M 7 0 M M M 5.2 10 310 M M 2 M M
2 81 45 63 M 2 0 M M M 6.9 15 160 M M 0 18 160
3 75 46 61 M 4 0 M M M 11.8 22 170 M M 0 28 160
4 82 50 66 M 0 1 M M M 7.0 13 40 M M 0 20 40
5 88 52 70 M 0 5 M M M 11.1 18 180 M M 0 30 180
6 88 55 72 M 0 7 M M M 10.8 20 340 M M 0 28 330
7 86 41 64 M 1 0 M M M 12.3 23 330 M M 2 3 31 330
8 41 27 34 M 31 0 M M M 11.9 17 20 M M 10 1 25 20
9 32 25 29 M 36 0 M M M 2.9 8 20 M M 10 1 M M
10 45 32 39 M 26 0 M M M 5.7 10 210 M M 10 13 M M
11 63 32 48 M 17 0 M M M 9.2 17 280 M M 2 23 280
12 70 41 56 M 9 0 M M M 7.4 12 360 M M 0 18 330
13 77 43 60 M 5 0 M M M 8.2 13 180 M M 0 M M
14 77 45 61 M 4 0 M M M 12.0 18 160 M M 0 27 160
15 77 48 63 M 2 0 M M M 7.7 13 210 M M 0 16 330
16 66 46 56 M 9 0 M M M 9.0 13 330 M M 0 21 310
17 77 45 61 M 4 0 M M M 8.6 15 180 M M 0 21 180
18 77 45 61 M 4 0 M M M 10.7 20 160 M M 1 29 160
19 81 54 68 M 0 3 M M M 8.3 15 180 M M 2 21 300
20 79 45 62 M 3 0 M M M 6.9 13 230 M M 2 23 300
21 77 46 62 M 3 0 M M M 7.1 13 120 M M 1 17 210
22 75 45 60 M 5 0 M M M 7.3 14 190 M M 0 3 25 130
23 73 45 59 M 6 0 M M M 7.8 13 360 M M 1 8 18 360
24 79 43 61 M 4 0 M M M 7.2 14 170 M M 0 18 160
25 82 54 68 M 0 3 M M M 8.4 13 240 M M 0 25 0
26 81 45 63 M 2 0 M M M 9.1 22 210 M M 0 28 210
27 50 34 42 M 23 0 M M M 8.1 18 10 M M 6 24 360
28 52 28 40 M 25 0 M M M 7.4 13 350 M M 0 23 340
29 72 34 53 M 12 0 M M M 7.4 10 230 M M 0 M M
30 64 37 51 M 14 0 M M M 6.5 12 350 M M 0 21 350
================================================================================
SM 2139 1271 258 19 M M 249.9 M 49
================================================================================
AV 71.3 42.4 8.3 FASTST M M 2 MAX(MPH)
MISC ----> 23 330 31 330
================================================================================
NOTES:
# LAST OF SEVERAL OCCURRENCES
COLUMN 17 PEAK WIND IN M.P.H.
PRELIMINARY LOCAL CLIMATOLOGICAL DATA (WS FORM: F-6) , PAGE 2
STATION: ELBERT 6W CO
MONTH: SEPTEMBER
YEAR: 2020
LATITUDE: 39 13 N
LONGITUDE: 104 38 W
[TEMPERATURE DATA] [PRECIPITATION DATA] SYMBOLS USED IN COLUMN 16
AVERAGE MONTHLY: 56.8 TOTAL FOR MONTH: M 1 = FOG OR MIST
DPTR FM NORMAL: 0.0 DPTR FM NORMAL: M 2 = FOG REDUCING VISIBILITY
HIGHEST: 88 ON 5, 6 GRTST 24HR M ON M TO 1/4 MILE OR LESS
LOWEST: 25 ON 9 3 = THUNDER
SNOW, ICE PELLETS, HAIL 4 = ICE PELLETS
TOTAL MONTH: M 5 = HAIL
GRTST 24HR M ON M 6 = FREEZING RAIN OR DRIZZLE
GRTST DEPTH: M ON M 7 = DUSTSTORM OR SANDSTORM:
VSBY 1/2 MILE OR LESS
8 = SMOKE OR HAZE
[NO. OF DAYS WITH] [WEATHER - DAYS WITH] 9 = BLOWING SNOW
X = TORNADO
MAX 32 OR BELOW: 1 0.01 INCH OR MORE: 0
MAX 90 OR ABOVE: 0 0.10 INCH OR MORE: 0
MIN 32 OR BELOW: 5 0.50 INCH OR MORE: 0
MIN 0 OR BELOW: 0 1.00 INCH OR MORE: 0
[HDD (BASE 65) ]
TOTAL THIS MO. 258 CLEAR (SCALE 0-3) 26
DPTR FM NORMAL M PTCLDY (SCALE 4-7) 1
TOTAL FM JUL 1 290 CLOUDY (SCALE 8-10) 3
DPTR FM NORMAL M
[CDD (BASE 65) ]
TOTAL THIS MO. 19
DPTR FM NORMAL M [PRESSURE DATA]
TOTAL FM JAN 1 289 HIGHEST SLP M ON M
DPTR FM NORMAL M LOWEST SLP M ON M
[REMARKS]
#FINAL-09-20#