000
CXUS53 KBIS 010830
CF6MOT
PRELIMINARY LOCAL CLIMATOLOGICAL DATA (WS FORM: F-6)
STATION: MINOT ND
MONTH: JUNE
YEAR: 2022
LATITUDE: 48 15 N
LONGITUDE: 101 16 W
TEMPERATURE IN F: :PCPN: SNOW: WIND :SUNSHINE: SKY :PK WND
================================================================================
1 2 3 4 5 6A 6B 7 8 9 10 11 12 13 14 15 16 17 18
12Z AVG MX 2MIN
DY MAX MIN AVG DEP HDD CDD WTR SNW DPTH SPD SPD DIR MIN PSBL S-S WX SPD DR
================================================================================
1 71 42 57 -5 8 0 0.00 M M 15.9 32 270 M M 1 43 270
2 70 44 57 -5 8 0 0.00 M M 19.0 35 290 M M 0 52 280
3 76 37 57 -5 8 0 0.00 M M 8.6 22 280 M M 0 30 280
4 78 40 59 -4 6 0 0.00 M M 4.5 14 60 M M 1 17 70
5 72 41 57 -6 8 0 0.00 M M 10.5 23 40 M M 1 31 50
6 70 38 54 -9 11 0 0.00 M M 8.6 20 70 M M 1 28 50
7 69 45 57 -7 8 0 0.01 M M 4.7 15 240 M M 5 22 260
8 78 50 64 0 1 0 0.00 M M 5.8 18 280 M M 3 25 320
9 78 51 65 1 0 0 0.01 M M 7.9 21 180 M M 3 3 27 150
10 78 49 64 0 1 0 0.21 M M 6.4 21 60 M M 4 1238 26 70
11 82 52 67 2 0 2 T M M 6.2 17 70 M M 5 12 23 80
12 84 60 72 7 0 7 0.00 M M 8.1 21 270 M M 3 27 270
13 77 61 69 4 0 4 0.55 M M 6.6 31 280 M M 7 13 41 270
14 75 58 67 2 0 2 0.11 M M 10.5 26 220 M M 7 1 40 230
15 67 53 60 -6 5 0 0.01 M M 19.2 37 270 M M 5 48 270
16 75 56 66 0 0 1 0.00 M M 15.2 28 280 M M 7 35 290
17 83 51 67 1 0 2 0.00 M M 13.6 28 110 M M 0 40 110
18 98 68 83 17 0 18 0.00 M M 13.6 30 170 M M 0 40 170
19 97 67 82 16 0 17 0.00 M M 8.5 20 250 M M 0 29 250
20 84 62 73 6 0 8 0.25 M M 11.0 38 220 M M 3 13 51 220
21 75 58 67 0 0 2 0.01 M M 16.4 30 280 M M 5 1 43 280
22 86 57 72 5 0 7 0.00 M M 10.7 22 180 M M 0 31 210
23 94 63 79 12 0 14 0.19 M M 9.2 31 230 M M 0 38 44 230
24 83 54 69 1 0 4 0.38 M M 11.1 30 300 M M 3 13 42 290
25 63 53 58 -10 7 0 T M M 20.7 36 270 M M 6 50 280
26 78 51 65 -3 0 0 0.00 M M 12.6 24 270 M M 0 32 270
27 84 58 71 3 0 6 0.00 M M 10.5 18 260 M M 2 27 260
28 73 52 63 -5 2 0 0.00 M M 6.7 20 340 M M 2 3 30 350
29 85 57 71 3 0 6 0.16 M M 9.1 21 120 M M 1 13 30 110
30 76 58 67 -2 0 2 0.00 M M 12.9 24 300 M M 3 33 300
================================================================================
SM 2359 1586 73 102 1.89 M 324.3 M 78
================================================================================
AV 78.6 52.9 10.8 FASTST M M 3 MAX(MPH)
MISC ----> 38 220 52 280
================================================================================
NOTES:
# LAST OF SEVERAL OCCURRENCES
COLUMN 17 PEAK WIND IN M.P.H.
PRELIMINARY LOCAL CLIMATOLOGICAL DATA (WS FORM: F-6) , PAGE 2
STATION: MINOT ND
MONTH: JUNE
YEAR: 2022
LATITUDE: 48 15 N
LONGITUDE: 101 16 W
[TEMPERATURE DATA] [PRECIPITATION DATA] SYMBOLS USED IN COLUMN 16
AVERAGE MONTHLY: 65.8 TOTAL FOR MONTH: 1.89 1 = FOG OR MIST
DPTR FM NORMAL: 0.2 DPTR FM NORMAL: -1.84 2 = FOG REDUCING VISIBILITY
HIGHEST: 98 ON 18 GRTST 24HR 0.66 ON 13-14 TO 1/4 MILE OR LESS
LOWEST: 37 ON 3 3 = THUNDER
SNOW, ICE PELLETS, HAIL 4 = ICE PELLETS
TOTAL MONTH: M 5 = HAIL
GRTST 24HR M ON M 6 = FREEZING RAIN OR DRIZZLE
GRTST DEPTH: M ON M 7 = DUSTSTORM OR SANDSTORM:
VSBY 1/2 MILE OR LESS
8 = SMOKE OR HAZE
[NO. OF DAYS WITH] [WEATHER - DAYS WITH] 9 = BLOWING SNOW
X = TORNADO
MAX 32 OR BELOW: 0 0.01 INCH OR MORE: 11
MAX 90 OR ABOVE: 3 0.10 INCH OR MORE: 7
MIN 32 OR BELOW: 0 0.50 INCH OR MORE: 1
MIN 0 OR BELOW: 0 1.00 INCH OR MORE: 0
[HDD (BASE 65) ]
TOTAL THIS MO. 73 CLEAR (SCALE 0-3) 21
DPTR FM NORMAL -1 PTCLDY (SCALE 4-7) 9
TOTAL FM JUL 1 8504 CLOUDY (SCALE 8-10) 0
DPTR FM NORMAL 123
[CDD (BASE 65) ]
TOTAL THIS MO. 102
DPTR FM NORMAL 12 [PRESSURE DATA]
TOTAL FM JAN 1 106 HIGHEST SLP 30.28 ON 26
DPTR FM NORMAL -6 LOWEST SLP 29.32 ON 15
[REMARKS]
#FINAL-06-22#