777
CXUS51 KPHI 010815
CF6MPO
PRELIMINARY LOCAL CLIMATOLOGICAL DATA (WS FORM: F-6)
STATION: MOUNT POCONO PA
MONTH: JULY
YEAR: 2020
LATITUDE: 41 8 N
LONGITUDE: 75 24 W
TEMPERATURE IN F: :PCPN: SNOW: WIND :SUNSHINE: SKY :PK WND
================================================================================
1 2 3 4 5 6A 6B 7 8 9 10 11 12 13 14 15 16 17 18
12Z AVG MX 2MIN
DY MAX MIN AVG DEP HDD CDD WTR SNW DPTH SPD SPD DIR MIN PSBL S-S WX SPD DR
================================================================================
1 78 60 69 2 0 4 T M M 5.6 15 320 M M 6 1 20 310
2 84 59 72 4 0 7 0.00 M M 10.9 20 310 M M 1 28 310
3 84 65 75 7 0 10 T M M 8.6 18 290 M M 3 22 300
4 83 61 72 4 0 7 0.00 M M 4.6 15 10 M M 5 12 19 10
5 84 58 71 3 0 6 0.00 M M 5.5 12 260 M M 0 16 270
6 85 57 71 3 0 6 T M M 5.0 24 20 M M 2 3 33 30
7 79 61 70 2 0 5 0.00 M M 7.6 13 160 M M 8 12 17 200
8 78 65 72 4 0 7 0.14 M M 5.7 16 230 M M 6 13 21 220
9 82 65 74 6 0 9 0.00 M M 4.8 13 140 M M 3 1 16 160
10 71 66 69 1 0 4 2.71 M M 8.2 22 20 M M 9 13 32 360
11 79 64 72 4 0 7 0.17 M M 10.7 22 260 M M 5 18 32 250
12 80 62 71 3 0 6 0.21 M M 9.9 24 210 M M 5 13 28 220
13 77 62 70 2 0 5 0.00 M M 10.0 18 320 M M 3 23 320
14 78 56 67 -1 0 2 0.00 M M 10.2 18 320 M M 1 24 310
15 78 56 67 -1 0 2 0.00 M M 6.5 15 130 M M 4 18 130
16 72 62 67 -1 0 2 T M M 11.0 20 130 M M 10 25 120
17 82 61 72 4 0 7 0.01 M M 6.7 15 150 M M 7 12 20 160
18 84 55 70 2 0 5 0.00 M M 5.2 15 290 M M 0 1 20 310
19 87 65 76 8 0 11 0.02 M M 7.1 24 260 M M 2 3 34 260
20 84 67 76 8 0 11 0.00 M M 9.4 18 260 M M 2 25 270
21 83 62 73 5 0 8 0.00 M M 5.0 14 270 M M 2 26 220
22 85 64 75 7 0 10 0.04 M M 6.8 21 210 M M 2 3 25 210
23 82 67 75 7 0 10 0.03 M M 7.8 14 320 M M 6 13 19 270
24 77 63 70 2 0 5 0.00 M M 5.1 13 350 M M 7 1 16 350
25 81 62 72 4 0 7 0.02 M M 4.6 14 220 M M 4 12 17 210
26 85 63 74 6 0 9 0.00 M M 8.0 20 250 M M 0 1 27 260
27 88 62 75 7 0 10 T M M 10.7 18 260 M M 1 25 230
28 82 62 72 4 0 7 0.00 M M 8.0 17 310 M M 2 1 21 300
29 84 58 71 3 0 6 0.03 M M 6.0 21 320 M M 2 26 320
30 82 62 72 4 0 7 T M M 5.6 16 310 M M 4 21 310
31 81 64 73 5 0 8 0.14 M M 5.6 12 330 M M 6 1 15 160
================================================================================
SM 2519 1916 0 210 3.52 M 226.4 M 118
================================================================================
AV 81.3 61.8 7.3 FASTST M M 4 MAX(MPH)
MISC ----> # 24 20 34 260
================================================================================
NOTES:
# LAST OF SEVERAL OCCURRENCES
COLUMN 17 PEAK WIND IN M.P.H.
PRELIMINARY LOCAL CLIMATOLOGICAL DATA (WS FORM: F-6) , PAGE 2
STATION: MOUNT POCONO PA
MONTH: JULY
YEAR: 2020
LATITUDE: 41 8 N
LONGITUDE: 75 24 W
[TEMPERATURE DATA] [PRECIPITATION DATA] SYMBOLS USED IN COLUMN 16
AVERAGE MONTHLY: 71.5 TOTAL FOR MONTH: 3.52 1 = FOG OR MIST
DPTR FM NORMAL: 3.3 DPTR FM NORMAL: -1.12 2 = FOG REDUCING VISIBILITY
HIGHEST: 88 ON 27 GRTST 24HR 2.74 ON 10-11 TO 1/4 MILE OR LESS
LOWEST: 55 ON 18 3 = THUNDER
SNOW, ICE PELLETS, HAIL 4 = ICE PELLETS
TOTAL MONTH: M 5 = HAIL
GRTST 24HR M ON M 6 = FREEZING RAIN OR DRIZZLE
GRTST DEPTH: M ON M 7 = DUSTSTORM OR SANDSTORM:
VSBY 1/2 MILE OR LESS
8 = SMOKE OR HAZE
[NO. OF DAYS WITH] [WEATHER - DAYS WITH] 9 = BLOWING SNOW
X = TORNADO
MAX 32 OR BELOW: 0 0.01 INCH OR MORE: 11
MAX 90 OR ABOVE: 0 0.10 INCH OR MORE: 5
MIN 32 OR BELOW: 0 0.50 INCH OR MORE: 1
MIN 0 OR BELOW: 0 1.00 INCH OR MORE: 1
[HDD (BASE 65) ]
TOTAL THIS MO. 0 CLEAR (SCALE 0-3) 14
DPTR FM NORMAL -22 PTCLDY (SCALE 4-7) 15
TOTAL FM JUL 1 0 CLOUDY (SCALE 8-10) 2
DPTR FM NORMAL -31
[CDD (BASE 65) ]
TOTAL THIS MO. 210
DPTR FM NORMAL 89 [PRESSURE DATA]
TOTAL FM JAN 1 280 HIGHEST SLP 30.31 ON 16
DPTR FM NORMAL 78 LOWEST SLP 29.64 ON 11
[REMARKS]
#FINAL-07-20#