000
CXUS52 KMHX 122018
CF6MRH
PRELIMINARY LOCAL CLIMATOLOGICAL DATA (WS FORM: F-6)
STATION: BEAUFORT/SMITH FIELD NC
MONTH: SEPTEMBER
YEAR: 2021
LATITUDE: 34 43 N
LONGITUDE: 76 39 W
TEMPERATURE IN F: :PCPN: SNOW: WIND :SUNSHINE: SKY :PK WND
================================================================================
1 2 3 4 5 6A 6B 7 8 9 10 11 12 13 14 15 16 17 18
12Z AVG MX 2MIN
DY MAX MIN AVG DEP HDD CDD WTR SNW DPTH SPD SPD DIR MIN PSBL S-S WX SPD DR
================================================================================
1 88 79 84 6 0 19 0.12 0.0 0 18.3 28 210 M M 4 18 37 210
2 80 69 75 -3 0 10 0.03 0.0 0 8.4 16 340 M M 8 18 21 340
3 82 64 73 -5 0 8 0.00 0.0 0 8.0 16 360 M M 1 22 360
4 81 62 72 -6 0 7 0.00 0.0 0 4.1 13 40 M M 0 17 50
5 82 60 71 -7 0 6 0.00 0.0 0 6.0 15 180 M M 0 19 190
6 86 76 81 3 0 16 0.00 0.0 0 8.4 16 190 M M 1 19 190
7 85 74 80 3 0 15 0.00 0.0 0 5.0 12 130 M M 7 16 100
8 85 71 78 1 0 13 0.00 0.0 0 7.2 14 200 M M 2 M M
9 83 68 76 -1 0 11 0.09 0.0 0 8.5 18 200 M M 5 1 22 190
10 81 66 74 -3 0 9 0.00 0.0 0 9.0 17 340 M M 0 22 340
11 81 61 71 -6 0 6 0.00 0.0 0 2.9 12 120 M M 2 14 110
12 82 59 71 -5 0 6 0.00 0.0 0 5.1 12 190 M M 0 15 180
13 84 68 76 0 0 11 0.00 0.0 0 8.0 15 230 M M 0 17 230
14 87 69 78 2 0 13 0.00 0.0 0 4.3 12 190 M M 0 1 14 180
15 85 71 78 2 0 13 0.00 0.0 0 4.5 14 170 M M 2 18 170
16 83 71 77 1 0 12 0.02 0.0 0 9.2 21 40 M M 3 18 26 50
17 86 74 80 5 0 15 1.18 0.0 0 8.9 23 320 M M 8 18 27 310
18 86 71 79 4 0 14 T 0.0 0 6.6 12 20 M M 3 17 40
19 86 68 77 2 0 12 0.00 0.0 0 4.8 13 110 M M 1 16 120
20 84 73 79 5 0 14 0.00 0.0 0 8.0 14 50 M M 2 18 60
21 85 74 80 6 0 15 0.00 0.0 0 11.4 18 120 M M 1 24 130
22 83 78 81 7 0 16 0.01 0.0 0 13.0 20 170 M M 3 26 170
23 83 69 76 2 0 11 1.47 0.0 0 11.0 25 190 M M 8 13 34 190
24 77 62 70 -3 0 5 0.00 0.0 0 10.2 18 360 M M 5 26 20
25 78 61 70 -3 0 5 0.00 0.0 0 4.6 13 340 M M 1 16 340
26 78 59 69 -4 0 4 0.00 0.0 0 6.3 14 330 M M 0 19 320
27 79 56 68 -4 0 3 0.00 0.0 0 4.6 13 220 M M 0 16 200
28 81 72 77 5 0 12 0.00 0.0 0 10.2 20 220 M M 0 25 220
29 83 69 76 4 0 11 0.00 0.0 0 7.4 13 70 M M 2 19 260
30 78 62 70 -2 0 5 0.00 0.0 0 4.7 10 80 M M 2 16 50
================================================================================
SM 2482 2036 0 317 2.92 0.0 228.6 M 71
================================================================================
AV 82.7 67.9 7.6 FASTST M M 2 MAX(MPH)
MISC ----> 28 210 37 210
================================================================================
NOTES:
# LAST OF SEVERAL OCCURRENCES
COLUMN 17 PEAK WIND IN M.P.H.
PRELIMINARY LOCAL CLIMATOLOGICAL DATA (WS FORM: F-6) , PAGE 2
STATION: BEAUFORT/SMITH FIELD NC
MONTH: SEPTEMBER
YEAR: 2021
LATITUDE: 34 43 N
LONGITUDE: 76 39 W
[TEMPERATURE DATA] [PRECIPITATION DATA] SYMBOLS USED IN COLUMN 16
AVERAGE MONTHLY: 75.3 TOTAL FOR MONTH: 2.92 1 = FOG OR MIST
DPTR FM NORMAL: -0.1 DPTR FM NORMAL: -5.54 2 = FOG REDUCING VISIBILITY
HIGHEST: 88 ON 1 GRTST 24HR 1.48 ON 22-23 TO 1/4 MILE OR LESS
LOWEST: 56 ON 27 3 = THUNDER
SNOW, ICE PELLETS, HAIL 4 = ICE PELLETS
TOTAL MONTH: 0.0 INCH 5 = HAIL
GRTST 24HR 0.0 6 = FREEZING RAIN OR DRIZZLE
GRTST DEPTH: 0 7 = DUSTSTORM OR SANDSTORM:
VSBY 1/2 MILE OR LESS
8 = SMOKE OR HAZE
[NO. OF DAYS WITH] [WEATHER - DAYS WITH] 9 = BLOWING SNOW
X = TORNADO
MAX 32 OR BELOW: 0 0.01 INCH OR MORE: 7
MAX 90 OR ABOVE: 0 0.10 INCH OR MORE: 3
MIN 32 OR BELOW: 0 0.50 INCH OR MORE: 2
MIN 0 OR BELOW: 0 1.00 INCH OR MORE: 2
[HDD (BASE 65) ]
TOTAL THIS MO. 0 CLEAR (SCALE 0-3) 22
DPTR FM NORMAL -2 PTCLDY (SCALE 4-7) 7
TOTAL FM JUL 1 0 CLOUDY (SCALE 8-10) 1
DPTR FM NORMAL 0
[CDD (BASE 65) ]
TOTAL THIS MO. 317
DPTR FM NORMAL 3 [PRESSURE DATA]
TOTAL FM JAN 1 1868 HIGHEST SLP 30.31 ON 12
DPTR FM NORMAL 18 LOWEST SLP 29.68 ON 1
[REMARKS]
#FINAL-09-21#