000
CXUS52 KMHX 071512
CF6MRH
PRELIMINARY LOCAL CLIMATOLOGICAL DATA (WS FORM: F-6)
STATION: BEAUFORT/SMITH FIELD NC
MONTH: JUNE
YEAR: 2021
LATITUDE: 34 43 N
LONGITUDE: 76 39 W
TEMPERATURE IN F: :PCPN: SNOW: WIND :SUNSHINE: SKY :PK WND
================================================================================
1 2 3 4 5 6A 6B 7 8 9 10 11 12 13 14 15 16 17 18
12Z AVG MX 2MIN
DY MAX MIN AVG DEP HDD CDD WTR SNW DPTH SPD SPD DIR MIN PSBL S-S WX SPD DR
================================================================================
1 77 57 67 -7 0 2 0.00 0.0 0 7.1 14 50 M M 4 18 50
2 81 70 76 2 0 11 0.10 0.0 0 7.5 18 180 M M 4 1 26 180
3 81 71 76 2 0 11 0.22 0.0 0 10.9 22 210 M M 5 1 26 210
4 76 70 73 -2 0 8 1.43 0.0 0 11.7 22 200 M M 8 1 28 210
5 81 73 77 2 0 12 0.00 0.0 0 7.3 14 200 M M 2 18 160
6 82 73 78 3 0 13 0.00 0.0 0 9.0 17 210 M M 4 20 210
7 81 75 78 2 0 13 T 0.0 0 9.0 16 180 M M 2 19 180
8 83 76 80 4 0 15 0.00 0.0 0 12.5 20 190 M M 0 24 210
9 83 76 80 4 0 15 T 0.0 0 14.7 25 220 M M 4 29 220
10 82 72 77 1 0 12 0.99 0.0 0 8.9 22 280 M M 5 1 27 290
11 83 72 78 2 0 13 2.21 0.0 0 14.4 24 220 M M 4 1 31 210
12 84 71 78 1 0 13 0.02 0.0 0 9.3 18 20 M M 8 24 20
13 82 70 76 -1 0 11 0.05 0.0 0 10.8 20 20 M M 9 1 26 30
14 84 72 78 1 0 13 0.00 0.0 0 10.0 16 200 M M 3 18 210
15 83 70 77 0 0 12 0.30 0.0 0 7.8 25 310 M M 4 1 32 300
16 85 66 76 -2 0 11 0.00 0.0 0 6.3 16 190 M M 0 19 200
17 84 66 75 -3 0 10 0.06 0.0 0 4.8 14 80 M M 2 16 90
18 83 66 75 -3 0 10 0.00 0.0 0 7.6 15 220 M M 0 19 220
19 84 77 81 3 0 16 0.00 0.0 0 16.1 26 220 M M 0 36 210
20 84 73 79 1 0 14 0.23 0.0 0 13.5 24 200 M M 5 1 32 200
21 84 74 79 0 0 14 0.24 0.0 0 17.6 32 220 M M 4 18 39 210
22 83 70 77 -2 0 12 2.12 0.0 0 16.7 30 220 M M 5 1 41 220
23 77 63 70 -9 0 5 0.28 0.0 0 10.4 21 30 M M 4 1 30 20
24 78 60 69 -10 0 4 0.00 0.0 0 M M M M M M M M
25 83 70 77 -2 0 12 0.04 0.0 0 7.4 21 120 M M 3 1 29 110
26 84 76 80 0 0 15 0.00 0.0 0 7.7 15 160 M M 1 19 160
27 84 75 80 0 0 15 0.00 0.0 0 6.8 13 120 M M 1 15 150
28 86 78 82 2 0 17 0.03 0.0 0 9.9 18 110 M M 4 1 26 100
29 85 76 81 1 0 16 0.00 0.0 0 7.5 14 180 M M 2 17 200
30 85 77 81 1 0 16 0.00 0.0 0 11.5 18 220 M M 1 23 210
================================================================================
SM 2472 2135 0 361 8.32 0.0 294.7 M 98
================================================================================
AV 82.4 71.2 10.2 FASTST M M 3 MAX(MPH)
MISC ----> 32 220 41 220
================================================================================
NOTES:
# LAST OF SEVERAL OCCURRENCES
COLUMN 17 PEAK WIND IN M.P.H.
PRELIMINARY LOCAL CLIMATOLOGICAL DATA (WS FORM: F-6) , PAGE 2
STATION: BEAUFORT/SMITH FIELD NC
MONTH: JUNE
YEAR: 2021
LATITUDE: 34 43 N
LONGITUDE: 76 39 W
[TEMPERATURE DATA] [PRECIPITATION DATA] SYMBOLS USED IN COLUMN 16
AVERAGE MONTHLY: 76.8 TOTAL FOR MONTH: 8.32 1 = FOG OR MIST
DPTR FM NORMAL: -0.5 DPTR FM NORMAL: 4.26 2 = FOG REDUCING VISIBILITY
HIGHEST: 86 ON 28 GRTST 24HR 3.17 ON 10-11 TO 1/4 MILE OR LESS
LOWEST: 57 ON 1 3 = THUNDER
SNOW, ICE PELLETS, HAIL 4 = ICE PELLETS
TOTAL MONTH: 0.0 INCH 5 = HAIL
GRTST 24HR 0.0 6 = FREEZING RAIN OR DRIZZLE
GRTST DEPTH: 0 7 = DUSTSTORM OR SANDSTORM:
VSBY 1/2 MILE OR LESS
8 = SMOKE OR HAZE
[NO. OF DAYS WITH] [WEATHER - DAYS WITH] 9 = BLOWING SNOW
X = TORNADO
MAX 32 OR BELOW: 0 0.01 INCH OR MORE: 15
MAX 90 OR ABOVE: 0 0.10 INCH OR MORE: 10
MIN 32 OR BELOW: 0 0.50 INCH OR MORE: 4
MIN 0 OR BELOW: 0 1.00 INCH OR MORE: 3
[HDD (BASE 65) ]
TOTAL THIS MO. 0 CLEAR (SCALE 0-3) 12
DPTR FM NORMAL 0 PTCLDY (SCALE 4-7) 16
TOTAL FM JUL 1 2218 CLOUDY (SCALE 8-10) 2
DPTR FM NORMAL -159
[CDD (BASE 65) ]
TOTAL THIS MO. 361
DPTR FM NORMAL -10 [PRESSURE DATA]
TOTAL FM JAN 1 565 HIGHEST SLP 30.32 ON 29
DPTR FM NORMAL -39 LOWEST SLP 29.69 ON 12
[REMARKS]
#FINAL-06-21#