000
CXUS52 KMHX 010700
CF6MRH
PRELIMINARY LOCAL CLIMATOLOGICAL DATA (WS FORM: F-6)
STATION: BEAUFORT/SMITH FIELD NC
MONTH: NOVEMBER
YEAR: 2020
LATITUDE: 34 43 N
LONGITUDE: 76 39 W
TEMPERATURE IN F: :PCPN: SNOW: WIND :SUNSHINE: SKY :PK WND
================================================================================
1 2 3 4 5 6A 6B 7 8 9 10 11 12 13 14 15 16 17 18
12Z AVG MX 2MIN
DY MAX MIN AVG DEP HDD CDD WTR SNW DPTH SPD SPD DIR MIN PSBL S-S WX SPD DR
================================================================================
1 77 56 67 6 0 2 0.52 0.0 0 11.7 26 200 M M 5 13 33 200
2 59 43 51 -9 14 0 0.00 0.0 0 18.2 36 330 M M 0 46 320
3 65 42 54 -6 11 0 0.00 0.0 0 6.8 14 340 M M 0 17 320
4 71 40 56 -4 9 0 0.00 0.0 0 3.9 9 50 M M 0 11 50
5 77 59 68 8 0 3 T 0.0 0 6.9 12 70 M M 4 1 15 30
6 75 63 69 10 0 4 0.02 0.0 0 7.1 13 30 M M 6 1 17 50
7 78 62 70 11 0 5 0.00 0.0 0 7.4 13 40 M M 1 18 50
8 78 63 71 12 0 6 0.00 0.0 0 8.1 15 50 M M 0 20 60
9 79 64 72 13 0 7 0.09 0.0 0 6.3 14 100 M M 5 1 19 90
10 80 63 72 14 0 7 0.00 0.0 0 7.2 16 120 M M 4 22 110
11 80 72 76 18 0 11 0.00 0.0 0 11.5 17 170 M M 6 24 150
12 78 65 72 14 0 7 2.21 0.0 0 14.8 36 330 M M 10 1 45 330
13 69 52 61 3 4 0 0.01 0.0 0 10.2 20 130 M M 8 1 28 130
14 67 52 60 3 5 0 0.00 0.0 0 5.1 13 50 M M 1 1 16 60
15 74 56 65 8 0 0 0.00 0.0 0 11.2 22 200 M M 7 30 190
16 72 50 61 4 4 0 0.00 0.0 0 10.3 23 330 M M 2 27 320
17 67 47 57 1 8 0 0.00 0.0 0 13.4 28 300 M M 0 33 300
18 51 37 44 -12 21 0 0.00 0.0 0 10.0 22 10 M M 0 30 10
19 60 36 48 -8 17 0 0.00 0.0 0 6.0 16 10 M M 0 19 10
20 71 43 57 1 8 0 0.00 0.0 0 1.9 8 210 M M 0 13 170
21 73 45 59 4 6 0 0.00 0.0 0 2.7 7 300 M M 0 1 10 300
22 70 52 61 6 4 0 0.44 0.0 0 6.8 15 120 M M 8 13 19 120
23 68 47 58 3 7 0 0.14 M 0 10.7 21 330 M M 4 13 26 340
24 56 40 48 -6 17 0 0.00 0.0 0 6.7 16 20 M M 0 21 20
25 68 46 57 3 8 0 0.00 0.0 0 7.3 15 150 M M 4 20 160
26 72 63 68 14 0 3 0.09 0.0 0 11.1 21 200 M M 5 1 27 210
27 70 57 64 10 1 0 1.30 0.0 0 4.0 16 310 M M 4 13 19 300
28 65 48 57 4 8 0 0.01 0.0 0 3.7 12 340 M M 3 1 13 340
29 68 45 57 4 8 0 0.15 0.0 0 7.3 14 130 M M 0 1 22 120
30 72 54 63 10 2 0 3.08 0.0 0 19.9 39 200 M M 7 138 58 220
================================================================================
SM 2110 1562 162 55 8.06 0.0 258.2 M 94
================================================================================
AV 70.3 52.1 8.6 FASTST M M 3 MAX(MPH)
MISC ----> # 39 200 # 58 220
================================================================================
NOTES:
# LAST OF SEVERAL OCCURRENCES
COLUMN 17 PEAK WIND IN M.P.H.
PRELIMINARY LOCAL CLIMATOLOGICAL DATA (WS FORM: F-6) , PAGE 2
STATION: BEAUFORT/SMITH FIELD NC
MONTH: NOVEMBER
YEAR: 2020
LATITUDE: 34 43 N
LONGITUDE: 76 39 W
[TEMPERATURE DATA] [PRECIPITATION DATA] SYMBOLS USED IN COLUMN 16
AVERAGE MONTHLY: 61.2 TOTAL FOR MONTH: 8.06 1 = FOG OR MIST
DPTR FM NORMAL: 4.4 DPTR FM NORMAL: 4.19 2 = FOG REDUCING VISIBILITY
HIGHEST: 80 ON 11,10 GRTST 24HR 3.08 ON 30-30 TO 1/4 MILE OR LESS
LOWEST: 36 ON 19 3 = THUNDER
SNOW, ICE PELLETS, HAIL 4 = ICE PELLETS
TOTAL MONTH: 0.0 INCH 5 = HAIL
GRTST 24HR 0.0 6 = FREEZING RAIN OR DRIZZLE
GRTST DEPTH: 0 7 = DUSTSTORM OR SANDSTORM:
VSBY 1/2 MILE OR LESS
8 = SMOKE OR HAZE
[NO. OF DAYS WITH] [WEATHER - DAYS WITH] 9 = BLOWING SNOW
X = TORNADO
MAX 32 OR BELOW: 0 0.01 INCH OR MORE: 12
MAX 90 OR ABOVE: 0 0.10 INCH OR MORE: 7
MIN 32 OR BELOW: 0 0.50 INCH OR MORE: 4
MIN 0 OR BELOW: 0 1.00 INCH OR MORE: 3
[HDD (BASE 65) ]
TOTAL THIS MO. 162 CLEAR (SCALE 0-3) 14
DPTR FM NORMAL -101 PTCLDY (SCALE 4-7) 13
TOTAL FM JUL 1 177 CLOUDY (SCALE 8-10) 3
DPTR FM NORMAL -175
[CDD (BASE 65) ]
TOTAL THIS MO. 55
DPTR FM NORMAL 38 [PRESSURE DATA]
TOTAL FM JAN 1 2174 HIGHEST SLP M ON M
DPTR FM NORMAL 375 LOWEST SLP 29.53 ON 30
[REMARKS]
#FINAL-11-20#