000
CXUS56 KMTR 011000
CF6MRY
PRELIMINARY LOCAL CLIMATOLOGICAL DATA (WS FORM: F-6)
STATION: MONTEREY AIRPORT
MONTH: FEBRUARY
YEAR: 2020
LATITUDE: 36 34 N
LONGITUDE: 121 51 W
TEMPERATURE IN F: :PCPN: SNOW: WIND :SUNSHINE: SKY :PK WND
================================================================================
1 2 3 4 5 6A 6B 7 8 9 10 11 12 13 14 15 16 17 18
12Z AVG MX 2MIN
DY MAX MIN AVG DEP HDD CDD WTR SNW DPTH SPD SPD DIR MIN PSBL S-S WX SPD DR
================================================================================
1 66 45 56 4 9 0 0.00 0.0 0 4.1 10 320 M M 3 128 13 310
2 57 48 53 1 12 0 0.00 0.0 0 13.8 29 300 M M 6 1 41 310
3 56 36 46 -6 19 0 0.00 0.0 0 8.3 20 300 M M 0 26 310
4 56 34 45 -7 20 0 0.00 0.0 0 6.4 13 120 M M 0 16 110
5 59 37 48 -4 17 0 0.00 0.0 0 3.3 9 340 M M 0 12 350
6 61 41 51 -1 14 0 0.00 0.0 0 3.7 8 110 M M 0 10 340
7 59 41 50 -2 15 0 0.00 0.0 0 3.2 8 300 M M 3 128 11 300
8 57 45 51 -1 14 0 0.00 0.0 0 6.1 15 280 M M 6 18 20 270
9 68 40 54 2 11 0 0.00 0.0 0 7.6 23 40 M M 0 35 30
10 69 40 55 3 10 0 0.00 0.0 0 5.8 15 120 M M 0 18 120
11 72 42 57 4 8 0 0.00 0.0 0 4.6 12 60 M M 0 16 60
12 66 42 54 1 11 0 0.00 0.0 0 5.1 15 250 M M 1 18 260
13 57 49 53 0 12 0 0.00 0.0 0 4.0 12 320 M M 8 18 16 310
14 56 45 51 -2 14 0 0.00 0.0 0 4.3 9 120 M M 5 12 340
15 59 41 50 -3 15 0 0.00 0.0 0 4.3 12 320 M M 0 15 330
16 59 45 52 -1 13 0 0.00 0.0 0 5.4 14 290 M M 3 18 290
17 63 44 54 1 11 0 0.00 0.0 0 4.3 10 110 M M 1 12 110
18 66 44 55 2 10 0 0.00 0.0 0 4.5 12 320 M M 0 8 15 320
19 60 40 50 -3 15 0 0.00 0.0 0 4.3 10 320 M M 2 14 340
20 66 41 54 1 11 0 0.00 0.0 0 4.6 10 330 M M 0 13 340
21 74 45 60 7 5 0 T M 0 3.6 12 240 M M 2 14 60
22 61 50 56 3 9 0 T 0.0 0 6.4 16 250 M M 6 1 20 260
23 57 51 54 1 11 0 T 0.0 0 7.5 15 300 M M 9 18 18 310
24 63 43 53 0 12 0 0.00 0.0 0 4.4 10 340 M M 1 12 330
25 76 45 61 8 4 0 0.00 0.0 0 5.4 13 110 M M 1 17 110
26 79 50 65 12 0 0 0.00 0.0 0 4.6 10 120 M M 0 14 320
27 75 49 62 9 3 0 0.00 0.0 0 3.7 9 120 M M 0 11 130
28 70 51 61 8 4 0 0.00 0.0 0 3.3 8 290 M M 2 18 13 360
29 59 52 56 3 9 0 0.00 0.0 0 10.3 20 270 M M 7 1 27 260
================================================================================
SM 1846 1276 318 0 T 0.0 156.9 M 66
================================================================================
AV 63.7 44.0 5.4 FASTST M M 2 MAX(MPH)
MISC ----> # 29 300 # 41 310
================================================================================
NOTES:
# LAST OF SEVERAL OCCURRENCES
COLUMN 17 PEAK WIND IN M.P.H.
PRELIMINARY LOCAL CLIMATOLOGICAL DATA (WS FORM: F-6) , PAGE 2
STATION: MONTEREY AIRPORT
MONTH: FEBRUARY
YEAR: 2020
LATITUDE: 36 34 N
LONGITUDE: 121 51 W
[TEMPERATURE DATA] [PRECIPITATION DATA] SYMBOLS USED IN COLUMN 16
AVERAGE MONTHLY: 53.8 TOTAL FOR MONTH: T 1 = FOG OR MIST
DPTR FM NORMAL: 1.1 DPTR FM NORMAL: -3.07 2 = FOG REDUCING VISIBILITY
HIGHEST: 79 ON 26 GRTST 24HR T ON 23-23 TO 1/4 MILE OR LESS
LOWEST: 34 ON 4 3 = THUNDER
SNOW, ICE PELLETS, HAIL 4 = ICE PELLETS
TOTAL MONTH: 0.0 INCH 5 = HAIL
GRTST 24HR 0.0 6 = FREEZING RAIN OR DRIZZLE
GRTST DEPTH: 0 7 = DUSTSTORM OR SANDSTORM:
VSBY 1/2 MILE OR LESS
8 = SMOKE OR HAZE
[NO. OF DAYS WITH] [WEATHER - DAYS WITH] 9 = BLOWING SNOW
X = TORNADO
MAX 32 OR BELOW: 0 0.01 INCH OR MORE: 0
MAX 90 OR ABOVE: 0 0.10 INCH OR MORE: 0
MIN 32 OR BELOW: 0 0.50 INCH OR MORE: 0
MIN 0 OR BELOW: 0 1.00 INCH OR MORE: 0
[HDD (BASE 65) ]
TOTAL THIS MO. 318 CLEAR (SCALE 0-3) 22
DPTR FM NORMAL -26 PTCLDY (SCALE 4-7) 6
TOTAL FM JUL 1 1509 CLOUDY (SCALE 8-10) 1
DPTR FM NORMAL -602
[CDD (BASE 65) ]
TOTAL THIS MO. 0
DPTR FM NORMAL 0 [PRESSURE DATA]
TOTAL FM JAN 1 0 HIGHEST SLP M ON M
DPTR FM NORMAL 0 LOWEST SLP 29.93 ON 22
[REMARKS]
#FINAL-02-20#