000
CXUS55 KMSO 091510
CF6MSO
PRELIMINARY LOCAL CLIMATOLOGICAL DATA (WS FORM: F-6)
STATION: MISSOULA MT
MONTH: APRIL
YEAR: 2022
LATITUDE: 46 55 N
LONGITUDE: 114 5 W
TEMPERATURE IN F: :PCPN: SNOW: WIND :SUNSHINE: SKY :PK WND
================================================================================
1 2 3 4 5 6A 6B 7 8 9 10 11 12 13 14 15 16 17 18
12Z AVG MX 2MIN
DY MAX MIN AVG DEP HDD CDD WTR SNW DPTH SPD SPD DIR MIN PSBL S-S WX SPD DR
================================================================================
1 54 29 42 1 23 0 0.00 0.0 0 3.2 14 300 M M 5 20 300
2 52 29 41 0 24 0 T 0.0 0 7.7 29 240 M M 7 38 240
3 58 23 41 -1 24 0 0.00 0.0 0 3.6 22 270 M M 7 128 31 260
4 50 32 41 -1 24 0 0.30 2.3 0 12.0 45 260 M M 9 128 66 250
5 43 31 37 -5 28 0 T 0.1 2 11.5 28 260 M M 9 1 38 270
6 52 29 41 -1 24 0 0.00 0.0 0 4.1 16 270 M M 4 22 290
7 64 24 44 2 21 0 0.00 0.0 0 1.2 7 310 M M 0 8 11 170
8 75 30 53 11 12 0 T 0.0 0 7.5 29 280 M M 4 8 40 270
9 49 30 40 -3 25 0 T T 0 11.9 29 230 M M 7 8 38 250
10 41 26 34 -9 31 0 0.02 0.1 0 4.1 18 280 M M 7 8 25 280
11 39 20 30 -13 35 0 0.00 0.0 0 13.1 35 80 M M 7 49 80
12 36 23 30 -13 35 0 T T 0 11.2 22 110 M M 8 29 80
13 40 20 30 -13 35 0 0.00 0.0 0 12.0 21 110 M M 2 29 120
14 39 23 31 -13 34 0 T T 0 13.3 25 110 M M 9 31 110
15 40 22 31 -13 34 0 T T 0 6.2 16 110 M M 7 22 90
16 39 19 29 -15 36 0 0.13 1.6 0 5.9 23 130 M M 8 12 30 130
17 48 27 38 -6 27 0 0.01 T T 4.7 18 280 M M 7 8 22 280
18 61 24 43 -1 22 0 0.00 0.0 0 5.6 16 120 M M 0 23 140
19 54 38 46 1 19 0 T 0.0 0 12.0 29 270 M M 5 40 250
20 56 34 45 0 20 0 0.04 0.1 T 4.5 20 120 M M 8 18 26 120
21 54 36 45 0 20 0 0.16 0.0 0 10.9 25 120 M M 7 1 30 140
22 56 31 44 -2 21 0 T 0.0 0 7.1 20 10 M M 5 8 26 10
23 56 32 44 -2 21 0 0.03 0.0 0 5.0 23 30 M M 7 29 20
24 62 33 48 2 17 0 0.00 0.0 0 2.5 15 250 M M 4 20 260
25 69 29 49 3 16 0 0.00 0.0 M 4.3 20 260 M M 2 29 190
26 54 38 46 -1 19 0 0.03 0.0 0 7.5 23 280 M M 7 32 270
27 59 26 43 -4 22 0 0.00 0.0 0 5.3 23 280 M M 4 30 290
28 56 30 43 -4 22 0 0.00 0.0 0 7.8 21 350 M M 7 28 360
29 54 34 44 -4 21 0 0.05 0.0 0 7.7 18 240 M M 8 23 340
30 54 28 41 -7 24 0 T 0.0 0 4.7 16 140 M M 6 23 170
================================================================================
SM 1564 850 736 0 0.77 4.2 218.1 M 177
================================================================================
AV 52.1 28.3 7.3 FASTST M M 6 MAX(MPH)
MISC ----> 45 260 66 250
================================================================================
NOTES:
# LAST OF SEVERAL OCCURRENCES
COLUMN 17 PEAK WIND IN M.P.H.
PRELIMINARY LOCAL CLIMATOLOGICAL DATA (WS FORM: F-6) , PAGE 2
STATION: MISSOULA MT
MONTH: APRIL
YEAR: 2022
LATITUDE: 46 55 N
LONGITUDE: 114 5 W
[TEMPERATURE DATA] [PRECIPITATION DATA] SYMBOLS USED IN COLUMN 16
AVERAGE MONTHLY: 40.2 TOTAL FOR MONTH: 0.77 1 = FOG OR MIST
DPTR FM NORMAL: -4.0 DPTR FM NORMAL: -0.59 2 = FOG REDUCING VISIBILITY
HIGHEST: 75 ON 8 GRTST 24HR 0.30 ON 4- 4 TO 1/4 MILE OR LESS
LOWEST: 19 ON 16 3 = THUNDER
SNOW, ICE PELLETS, HAIL 4 = ICE PELLETS
TOTAL MONTH: 4.2 INCHES 5 = HAIL
GRTST 24HR 2.3 ON 4- 4 6 = FREEZING RAIN OR DRIZZLE
GRTST DEPTH: 2 ON 5 7 = DUSTSTORM OR SANDSTORM:
VSBY 1/2 MILE OR LESS
8 = SMOKE OR HAZE
[NO. OF DAYS WITH] [WEATHER - DAYS WITH] 9 = BLOWING SNOW
X = TORNADO
MAX 32 OR BELOW: 0 0.01 INCH OR MORE: 9
MAX 90 OR ABOVE: 0 0.10 INCH OR MORE: 3
MIN 32 OR BELOW: 24 0.50 INCH OR MORE: 0
MIN 0 OR BELOW: 0 1.00 INCH OR MORE: 0
[HDD (BASE 65) ]
TOTAL THIS MO. 736 CLEAR (SCALE 0-3) 4
DPTR FM NORMAL 112 PTCLDY (SCALE 4-7) 21
TOTAL FM JUL 1 6583 CLOUDY (SCALE 8-10) 5
DPTR FM NORMAL -369
[CDD (BASE 65) ]
TOTAL THIS MO. 0
DPTR FM NORMAL 0 [PRESSURE DATA]
TOTAL FM JAN 1 0 HIGHEST SLP 30.66 ON 7
DPTR FM NORMAL 0 LOWEST SLP 29.39 ON 4
[REMARKS]
#FINAL-04-22#