000
CXUS51 KBTV 010700
CF6MSS
PRELIMINARY LOCAL CLIMATOLOGICAL DATA (WS FORM: F-6)
STATION: MASSENA NY
MONTH: JULY
YEAR: 2022
LATITUDE: 44 55 N
LONGITUDE: 74 51 W
TEMPERATURE IN F: :PCPN: SNOW: WIND :SUNSHINE: SKY :PK WND
================================================================================
1 2 3 4 5 6A 6B 7 8 9 10 11 12 13 14 15 16 17 18
12Z AVG MX 2MIN
DY MAX MIN AVG DEP HDD CDD WTR SNW DPTH SPD SPD DIR MIN PSBL S-S WX SPD DR
================================================================================
1 83 66 75 7 0 10 0.00 M M 9.1 18 230 M M 1 26 270
2 79 60 70 1 0 5 0.00 M M 9.6 25 220 M M 1 34 220
3 76 52 64 -5 1 0 0.00 M M 9.1 18 270 M M 2 25 280
4 79 58 69 0 0 4 0.00 M M 5.2 15 270 M M 3 20 280
5 72 59 66 -3 0 1 0.03 M M 3.4 9 90 M M 7 1 12 90
6 76 53 65 -4 0 0 0.01 M M 6.6 16 320 M M 4 1 21 300
7 77 47 62 -7 3 0 0.00 M M 2.9 13 270 M M 1 12 17 280
8 79 57 68 -1 0 3 0.00 M M 7.8 16 320 M M 3 21 290
9 73 49 61 -9 4 0 0.00 M M 3.4 12 40 M M 0 16 270
10 80 46 63 -7 2 0 0.00 M M 7.3 16 220 M M 0 20 240
11 85 55 70 0 0 5 0.00 M M 8.8 24 230 M M 2 30 220
12 82 64 73 3 0 8 0.92 M M 10.4 24 290 M M 8 13 33 230
13 78 58 68 -2 0 3 0.01 M M 5.0 12 280 M M 3 16 280
14 76 55 66 -4 0 1 0.01 M M 4.0 14 340 M M 5 1 17 340
15 80 52 66 -4 0 1 0.00 M M 3.7 12 290 M M 0 1 18 250
16 83 55 69 -1 0 4 0.00 M M 3.8 14 300 M M 0 19 250
17 87 55 71 1 0 6 0.00 0.0 0 2.5 9 230 M M 0 14 230
18 75 62 69 -1 0 4 2.56 M M 3.9 13 50 M M 7 1 15 50
19 85 66 76 6 0 11 0.00 M M 8.9 17 210 M M 4 13 24 210
20 89 69 79 9 0 14 T M M 6.3 14 220 M M 1 1 20 210
21 85 68 77 7 0 12 0.01 M M 13.2 26 220 M M 5 38 210
22 84 63 74 4 0 9 0.00 M M 9.0 18 210 M M 0 1 25 210
23 86 64 75 5 0 10 0.01 M M 10.2 22 210 M M 1 1 27 220
24 86 68 77 7 0 12 0.16 M M 9.0 30 220 M M 4 13 39 210
25 78 62 70 0 0 5 0.10 M M 11.3 28 260 M M 5 1 37 270
26 76 57 67 -3 0 2 0.00 M M 8.1 17 230 M M 3 23 210
27 79 58 69 -1 0 4 0.00 M M 4.4 13 210 M M 1 16 200
28 82 59 71 1 0 6 0.47 M M 6.3 21 260 M M 5 123 27 260
29 78 60 69 -1 0 4 0.00 M M 10.8 22 230 M M 3 28 250
30 75 58 67 -3 0 2 T M M 7.3 16 280 M M 5 20 270
31 79 61 70 1 0 5 0.00 M M 7.3 15 230 M M 2 22 250
================================================================================
SM 2482 1816 10 151 4.29 0.0 218.6 M 86
================================================================================
AV 80.1 58.6 7.1 FASTST M M 3 MAX(MPH)
MISC ----> 30 220 39 210
================================================================================
NOTES:
# LAST OF SEVERAL OCCURRENCES
COLUMN 17 PEAK WIND IN M.P.H.
PRELIMINARY LOCAL CLIMATOLOGICAL DATA (WS FORM: F-6) , PAGE 2
STATION: MASSENA NY
MONTH: JULY
YEAR: 2022
LATITUDE: 44 55 N
LONGITUDE: 74 51 W
[TEMPERATURE DATA] [PRECIPITATION DATA] SYMBOLS USED IN COLUMN 16
AVERAGE MONTHLY: 69.3 TOTAL FOR MONTH: 4.29 1 = FOG OR MIST
DPTR FM NORMAL: -0.2 DPTR FM NORMAL: 0.83 2 = FOG REDUCING VISIBILITY
HIGHEST: 89 ON 20 GRTST 24HR 2.56 ON 18-18 TO 1/4 MILE OR LESS
LOWEST: 46 ON 10 3 = THUNDER
SNOW, ICE PELLETS, HAIL 4 = ICE PELLETS
TOTAL MONTH: 0.0 INCH 5 = HAIL
GRTST 24HR 0.0 6 = FREEZING RAIN OR DRIZZLE
GRTST DEPTH: 0 7 = DUSTSTORM OR SANDSTORM:
VSBY 1/2 MILE OR LESS
8 = SMOKE OR HAZE
[NO. OF DAYS WITH] [WEATHER - DAYS WITH] 9 = BLOWING SNOW
X = TORNADO
MAX 32 OR BELOW: 0 0.01 INCH OR MORE: 11
MAX 90 OR ABOVE: 0 0.10 INCH OR MORE: 5
MIN 32 OR BELOW: 0 0.50 INCH OR MORE: 2
MIN 0 OR BELOW: 0 1.00 INCH OR MORE: 1
[HDD (BASE 65) ]
TOTAL THIS MO. 10 CLEAR (SCALE 0-3) 18
DPTR FM NORMAL -7 PTCLDY (SCALE 4-7) 12
TOTAL FM JUL 1 10 CLOUDY (SCALE 8-10) 1
DPTR FM NORMAL 2
[CDD (BASE 65) ]
TOTAL THIS MO. 151
DPTR FM NORMAL -6 [PRESSURE DATA]
TOTAL FM JAN 1 224 HIGHEST SLP M ON M
DPTR FM NORMAL -29 LOWEST SLP 29.47 ON 21
[REMARKS]
#FINAL-07-22#