000
CXUS51 KBTV 010700
CF6MSS
PRELIMINARY LOCAL CLIMATOLOGICAL DATA (WS FORM: F-6)
STATION: MASSENA NY
MONTH: APRIL
YEAR: 2022
LATITUDE: 44 55 N
LONGITUDE: 74 51 W
TEMPERATURE IN F: :PCPN: SNOW: WIND :SUNSHINE: SKY :PK WND
================================================================================
1 2 3 4 5 6A 6B 7 8 9 10 11 12 13 14 15 16 17 18
12Z AVG MX 2MIN
DY MAX MIN AVG DEP HDD CDD WTR SNW DPTH SPD SPD DIR MIN PSBL S-S WX SPD DR
================================================================================
1 44 32 38 2 27 0 0.05 M M 12.5 23 290 M M 10 18 31 310
2 44 27 36 0 29 0 0.00 M M 7.5 18 290 M M 1 24 310
3 47 27 37 0 28 0 0.02 M M 8.4 20 50 M M 4 29 40
4 51 30 41 4 24 0 T M M 6.5 14 280 M M 7 1 18 270
5 57 32 45 7 20 0 0.00 M M 7.0 14 30 M M 3 18 60
6 61 36 49 11 16 0 0.00 M M 14.5 26 60 M M 1 36 50
7 47 39 43 4 22 0 0.39 M M 8.7 12 50 M M 10 1 M M
8 53 36 45 6 20 0 0.21 M M 7.6 20 230 M M 5 1 26 260
9 50 30 40 0 25 0 0.01 M M 2.7 13 290 M M 8 1 17 310
10 45 34 40 0 25 0 T M M 11.2 26 280 M M 10 32 280
11 60 25 43 2 22 0 0.02 M M 2.6 12 70 M M 3 15 200
12 63 45 54 13 11 0 0.03 M M 9.8 24 280 M M 3 1 35 270
13 53 40 47 5 18 0 0.11 M M 7.2 17 50 M M 8 M M
14 65 40 53 11 12 0 0.11 M M 12.3 25 220 M M 5 1 36 230
15 60 37 49 6 16 0 0.23 M M 17.4 48 220 M M 4 1 63 200
16 48 35 42 -1 23 0 0.31 M M 10.7 21 230 M M 9 1 30 260
17 47 30 39 -5 26 0 0.00 M M 10.1 21 310 M M 7 28 310
18 52 23 38 -6 27 0 0.12 M M 9.7 25 60 M M 2 1 33 160
19 40 33 37 -8 28 0 0.56 M M 11.0 20 240 M M 10 12 30 240
20 48 31 40 -5 25 0 T M M 11.7 25 280 M M 6 35 280
21 60 30 45 -1 20 0 0.04 M M 12.6 28 200 M M 6 1 39 210
22 55 33 44 -2 21 0 T M M 9.6 18 310 M M 5 25 300
23 50 28 39 -8 26 0 0.00 M M 3.3 13 50 M M 4 16 60
24 59 39 49 2 16 0 0.00 M M 15.2 24 60 M M 5 29 50
25 76 44 60 12 5 0 0.09 M M 6.2 24 280 M M 4 1 31 280
26 58 46 52 4 13 0 0.09 M M 10.5 18 210 M M 9 1 25 220
27 46 32 39 -10 26 0 0.17 M M 12.3 21 280 M M 10 12 29 280
28 50 31 41 -8 24 0 0.00 M M 11.8 22 300 M M 1 27 300
29 56 32 44 -6 21 0 0.00 M M 9.1 18 320 M M 0 26 340
30 61 32 47 -3 18 0 0.00 M M 3.8 15 290 M M 0 18 320
================================================================================
SM 1606 1009 634 0 2.56 M 283.5 M 160
================================================================================
AV 53.5 33.6 9.4 FASTST M M 5 MAX(MPH)
MISC ----> 48 220 63 200
================================================================================
NOTES:
# LAST OF SEVERAL OCCURRENCES
COLUMN 17 PEAK WIND IN M.P.H.
PRELIMINARY LOCAL CLIMATOLOGICAL DATA (WS FORM: F-6) , PAGE 2
STATION: MASSENA NY
MONTH: APRIL
YEAR: 2022
LATITUDE: 44 55 N
LONGITUDE: 74 51 W
[TEMPERATURE DATA] [PRECIPITATION DATA] SYMBOLS USED IN COLUMN 16
AVERAGE MONTHLY: 43.6 TOTAL FOR MONTH: 2.56 1 = FOG OR MIST
DPTR FM NORMAL: 0.7 DPTR FM NORMAL: -0.35 2 = FOG REDUCING VISIBILITY
HIGHEST: 76 ON 25 GRTST 24HR 0.56 ON 19-19 TO 1/4 MILE OR LESS
LOWEST: 23 ON 18 3 = THUNDER
SNOW, ICE PELLETS, HAIL 4 = ICE PELLETS
TOTAL MONTH: M 5 = HAIL
GRTST 24HR M ON M 6 = FREEZING RAIN OR DRIZZLE
GRTST DEPTH: M ON M 7 = DUSTSTORM OR SANDSTORM:
VSBY 1/2 MILE OR LESS
8 = SMOKE OR HAZE
[NO. OF DAYS WITH] [WEATHER - DAYS WITH] 9 = BLOWING SNOW
X = TORNADO
MAX 32 OR BELOW: 0 0.01 INCH OR MORE: 17
MAX 90 OR ABOVE: 0 0.10 INCH OR MORE: 9
MIN 32 OR BELOW: 16 0.50 INCH OR MORE: 1
MIN 0 OR BELOW: 0 1.00 INCH OR MORE: 0
[HDD (BASE 65) ]
TOTAL THIS MO. 634 CLEAR (SCALE 0-3) 6
DPTR FM NORMAL -29 PTCLDY (SCALE 4-7) 17
TOTAL FM JUL 1 7487 CLOUDY (SCALE 8-10) 7
DPTR FM NORMAL -115
[CDD (BASE 65) ]
TOTAL THIS MO. 0
DPTR FM NORMAL -1 [PRESSURE DATA]
TOTAL FM JAN 1 0 HIGHEST SLP M ON M
DPTR FM NORMAL -1 LOWEST SLP 29.46 ON 1
[REMARKS]
#FINAL-04-22#