000
CXUS51 KBTV 010700
CF6MSS
PRELIMINARY LOCAL CLIMATOLOGICAL DATA (WS FORM: F-6)
STATION: MASSENA NY
MONTH: SEPTEMBER
YEAR: 2021
LATITUDE: 44 55 N
LONGITUDE: 74 51 W
TEMPERATURE IN F: :PCPN: SNOW: WIND :SUNSHINE: SKY :PK WND
================================================================================
1 2 3 4 5 6A 6B 7 8 9 10 11 12 13 14 15 16 17 18
12Z AVG MX 2MIN
DY MAX MIN AVG DEP HDD CDD WTR SNW DPTH SPD SPD DIR MIN PSBL S-S WX SPD DR
================================================================================
1 71 50 61 -4 4 0 0.00 M M 2.3 10 270 M M 0 1 12 270
2 64 51 58 -6 7 0 T M M 7.4 14 290 M M 6 19 290
3 71 54 63 -1 2 0 0.00 M M 6.0 16 290 M M 7 20 280
4 73 53 63 -1 2 0 0.00 M M 3.6 10 220 M M 3 14 270
5 71 58 65 2 0 0 0.34 M M 5.8 17 210 M M 6 1 22 220
6 68 56 62 -1 3 0 0.66 M M 7.1 18 250 M M 4 13 25 240
7 73 58 66 3 0 1 0.00 M M 5.2 14 240 M M 1 18 240
8 71 59 65 3 0 0 0.13 M M 7.9 17 200 M M 5 1 22 190
9 75 53 64 2 1 0 0.09 M M 4.3 14 220 M M 5 12 18 310
10 68 51 60 -2 5 0 0.00 M M 7.8 18 290 M M 7 25 280
11 74 51 63 2 2 0 0.00 M M 10.1 24 210 M M 4 36 210
12 73 59 66 5 0 1 T M M 9.6 26 210 M M 4 36 210
13 72 51 62 1 3 0 0.00 M M 4.0 12 320 M M 5 1 16 280
14 77 45 61 1 4 0 0.00 M M 5.8 18 190 M M 3 1 27 180
15 78 53 66 6 0 1 0.57 M M 7.2 29 290 M M 5 138 38 290
16 74 46 60 0 5 0 0.00 M M 2.4 9 60 M M 0 1 13 30
17 80 49 65 6 0 0 0.05 M M 2.8 14 200 M M 5 12 18 230
18 72 51 62 3 3 0 0.00 M M 5.5 12 350 M M 4 1 17 320
19 69 43 56 -2 9 0 0.00 M M 1.8 9 40 M M 0 1 12 50
20 75 40 58 0 7 0 0.00 M M 2.2 10 40 M M 0 1 12 60
21 77 51 64 6 1 0 0.00 M M 5.5 18 200 M M 0 23 190
22 78 61 70 13 0 5 0.18 M M 2.7 9 150 M M 8 1 12 140
23 79 62 71 14 0 6 0.48 M M 5.9 21 230 M M 7 1 28 220
24 65 51 58 2 7 0 0.07 M M 7.9 24 220 M M 6 1 30 210
25 72 43 58 2 7 0 0.00 M M 1.6 9 220 M M 0 1 13 220
26 66 47 57 2 8 0 0.02 M M 7.3 23 290 M M 5 31 290
27 61 47 54 -1 11 0 0.47 M M 5.1 17 210 M M 9 12 24 210
28 59 42 51 -3 14 0 0.00 M M 4.2 12 300 M M 5 16 310
29 57 41 49 -5 16 0 0.01 M M 4.3 13 300 M M 8 16 300
30 62 42 52 -2 13 0 0.00 M M 3.8 12 310 M M 4 17 320
================================================================================
SM 2125 1518 134 14 3.07 M 157.1 M 126
================================================================================
AV 70.8 50.6 5.2 FASTST M M 4 MAX(MPH)
MISC ----> 29 290 38 290
================================================================================
NOTES:
# LAST OF SEVERAL OCCURRENCES
COLUMN 17 PEAK WIND IN M.P.H.
PRELIMINARY LOCAL CLIMATOLOGICAL DATA (WS FORM: F-6) , PAGE 2
STATION: MASSENA NY
MONTH: SEPTEMBER
YEAR: 2021
LATITUDE: 44 55 N
LONGITUDE: 74 51 W
[TEMPERATURE DATA] [PRECIPITATION DATA] SYMBOLS USED IN COLUMN 16
AVERAGE MONTHLY: 60.7 TOTAL FOR MONTH: 3.07 1 = FOG OR MIST
DPTR FM NORMAL: 1.2 DPTR FM NORMAL: -0.43 2 = FOG REDUCING VISIBILITY
HIGHEST: 80 ON 17 GRTST 24HR 0.82 ON 5- 6 TO 1/4 MILE OR LESS
LOWEST: 40 ON 20 3 = THUNDER
SNOW, ICE PELLETS, HAIL 4 = ICE PELLETS
TOTAL MONTH: M 5 = HAIL
GRTST 24HR M ON M 6 = FREEZING RAIN OR DRIZZLE
GRTST DEPTH: M ON M 7 = DUSTSTORM OR SANDSTORM:
VSBY 1/2 MILE OR LESS
8 = SMOKE OR HAZE
[NO. OF DAYS WITH] [WEATHER - DAYS WITH] 9 = BLOWING SNOW
X = TORNADO
MAX 32 OR BELOW: 0 0.01 INCH OR MORE: 12
MAX 90 OR ABOVE: 0 0.10 INCH OR MORE: 7
MIN 32 OR BELOW: 0 0.50 INCH OR MORE: 2
MIN 0 OR BELOW: 0 1.00 INCH OR MORE: 0
[HDD (BASE 65) ]
TOTAL THIS MO. 134 CLEAR (SCALE 0-3) 9
DPTR FM NORMAL -65 PTCLDY (SCALE 4-7) 19
TOTAL FM JUL 1 188 CLOUDY (SCALE 8-10) 2
DPTR FM NORMAL -67
[CDD (BASE 65) ]
TOTAL THIS MO. 14
DPTR FM NORMAL -20 [PRESSURE DATA]
TOTAL FM JAN 1 486 HIGHEST SLP M ON M
DPTR FM NORMAL 82 LOWEST SLP 29.65 ON 5
[REMARKS]
#FINAL-09-21#