000
CXUS52 KKEY 012022 CCA
CF6MTH
PRELIMINARY LOCAL CLIMATOLOGICAL DATA (WS FORM: F-6)...CORRECTED
STATION: MARATHON
MONTH: DECEMBER
YEAR: 2022
LATITUDE: 24 43 N
LONGITUDE: 81 5 W
TEMPERATURE IN F: :PCPN: SNOW: WIND :SUNSHINE: SKY :PK WND
================================================================================
1 2 3 4 5 6A 6B 7 8 9 10 11 12 13 14 15 16 17 18
12Z AVG MX 2MIN
DY MAX MIN AVG DEP HDD CDD WTR SNW DPTH SPD SPD DIR MIN PSBL S-S WX SPD DR
================================================================================
1 85 76 81 7 0 16 0.05 0.0 0 12.7 25 50 M M 3 1 34 60
2 84 77 81 7 0 16 T 0.0 0 16.6 23 50 M M 2 33 50
3 84 75 80 6 0 15 0.00 0.0 0 13.6 20 70 M M 4 28 50
4 82 73 78 4 0 13 0.00 0.0 0 9.8 15 30 M M 1 20 40
5 81 72 77 3 0 12 0.00 0.0 0 7.9 12 40 M M 0 18 340
6 83 74 79 5 0 14 0.00 0.0 0 10.0 15 40 M M 1 21 70
7 83 73 78 4 0 13 0.00 0.0 0 10.5 20 50 M M 1 25 40
8 82 74 78 4 0 13 0.00 0.0 0 10.2 16 60 M M 2 21 40
9 82 73 78 4 0 13 0.00 0.0 0 7.0 12 30 M M 0 17 20
10 81 73 77 3 0 12 0.00 0.0 0 6.9 14 30 M M 0 18 40
11 81 70 76 3 0 11 0.00 0.0 0 5.3 10 50 M M 0 15 50
12 78 68 73 0 0 8 0.00 0.0 0 5.4 10 10 M M 0 16 360
13 81 70 76 3 0 11 0.00 0.0 0 6.5 10 50 M M 0 14 50
14 84 74 79 6 0 14 0.00 0.0 0 9.2 14 130 M M 2 24 130
15 84 72 78 5 0 13 0.37 0.0 0 7.6 15 170 M M 3 1 26 160
16 82 74 78 5 0 13 0.30 0.0 0 5.3 14 250 M M 7 13 20 260
17 81 73 77 4 0 12 0.33 0.0 0 5.1 13 50 M M 5 13 17 40
18 82 71 77 4 0 12 0.67 0.0 0 8.4 18 40 M M 6 13 27 30
19 80 70 75 3 0 10 0.00 0.0 0 14.3 20 60 M M 1 28 30
20 81 69 75 3 0 10 1.09 0.0 0 11.3 23 50 M M 6 13 31 60
21 84 69 77 5 0 12 0.00 0.0 0 2.6 13 80 M M 1 20 90
22 84 69 77 5 0 12 0.00 0.0 0 1.9 8 210 M M 0 1 13 250
23 80 68 74 2 0 9 0.03 0.0 0 8.9 20 330 M M 3 31 330
24 68 53 61 -11 4 0 0.00 0.0 0 13.3 22 350 M M 1 35 350
25 56 51 54 -18 11 0 0.01 0.0 0 13.7 18 350 M M 10 29 350
26 58 50 54 -17 11 0 0.34 0.0 0 10.8 16 40 M M 9 1 24 360
27 68 57 63 -8 2 0 0.05 0.0 0 8.0 14 350 M M 6 20 350
28 73 60 67 -4 0 2 0.00 0.0 0 10.4 16 50 M M 0 23 50
29 76 65 71 0 0 6 T 0.0 0 10.6 17 60 M M 2 1 25 50
30 83 67 75 4 0 10 0.00 0.0 0 5.3 9 50 M M 0 14 130
31 85 72 79 8 0 14 0.00 0.0 0 4.7 8 130 M M 0 1 14 140
================================================================================
SM 2456 2132 28 316 3.24 0.0 273.8 M 76
================================================================================
AV 79.2 68.8 8.8 FASTST M M 3 MAX(MPH)
MISC ----> 25 50 35 350
================================================================================
NOTES:
# LAST OF SEVERAL OCCURRENCES
COLUMN 17 PEAK WIND IN M.P.H.
PRELIMINARY LOCAL CLIMATOLOGICAL DATA (WS FORM: F-6) , PAGE 2
STATION: MARATHON
MONTH: DECEMBER
YEAR: 2022
LATITUDE: 24 43 N
LONGITUDE: 81 5 W
[TEMPERATURE DATA] [PRECIPITATION DATA] SYMBOLS USED IN COLUMN 16
AVERAGE MONTHLY: 74.0 TOTAL FOR MONTH: 3.24 1 = FOG OR MIST
DPTR FM NORMAL: 1.3 DPTR FM NORMAL: 1.04 2 = FOG REDUCING VISIBILITY
HIGHEST: 85 ON 31, 1 GRTST 24HR 1.09 ON 20-20 TO 1/4 MILE OR LESS
LOWEST: 50 ON 26 3 = THUNDER
SNOW, ICE PELLETS, HAIL 4 = ICE PELLETS
TOTAL MONTH: 0.0 INCH 5 = HAIL
GRTST 24HR 0.0 6 = FREEZING RAIN OR DRIZZLE
GRTST DEPTH: 0 7 = DUSTSTORM OR SANDSTORM:
VSBY 1/2 MILE OR LESS
8 = SMOKE OR HAZE
[NO. OF DAYS WITH] [WEATHER - DAYS WITH] 9 = BLOWING SNOW
X = TORNADO
MAX 32 OR BELOW: 0 0.01 INCH OR MORE: 10
MAX 90 OR ABOVE: 0 0.10 INCH OR MORE: 6
MIN 32 OR BELOW: 0 0.50 INCH OR MORE: 2
MIN 0 OR BELOW: 0 1.00 INCH OR MORE: 1
[HDD (BASE 65) ]
TOTAL THIS MO. 28 CLEAR (SCALE 0-3) 23
DPTR FM NORMAL 11 PTCLDY (SCALE 4-7) 6
TOTAL FM JUL 1 28 CLOUDY (SCALE 8-10) 2
DPTR FM NORMAL 10
[CDD (BASE 65) ]
TOTAL THIS MO. 316
DPTR FM NORMAL 60 [PRESSURE DATA]
TOTAL FM JAN 1 5798 HIGHEST SLP M ON M
DPTR FM NORMAL 671 LOWEST SLP 29.89 ON 17
[REMARKS]
#FINAL-12-22#
CORRECTED ALIGNMENT OF SNOW, ICE PELLETS, HAIL TABLE
CORRECTED AVERAGE SKY COVER (COLUMN 15)
CORRECTED SKY COVER TABLE
ROSS