000
CXUS52 KKEY 012032 CCA
CF6MTH
PRELIMINARY LOCAL CLIMATOLOGICAL DATA (WS FORM: F-6)...CORRECTED
STATION: MARATHON
MONTH: FEBRUARY
YEAR: 2022
LATITUDE: 24 43 N
LONGITUDE: 81 5 W
TEMPERATURE IN F: :PCPN: SNOW: WIND :SUNSHINE: SKY :PK WND
================================================================================
1 2 3 4 5 6A 6B 7 8 9 10 11 12 13 14 15 16 17 18
12Z AVG MX 2MIN
DY MAX MIN AVG DEP HDD CDD WTR SNW DPTH SPD SPD DIR MIN PSBL S-S WX SPD DR
================================================================================
1 75 60 68 -3 0 3 0.00 0.0 0 11.3 17 80 M M 4 27 80
2 80 69 75 4 0 10 0.00 0.0 0 10.2 18 80 M M 3 29 90
3 81 72 77 6 0 12 0.00 0.0 0 10.7 14 120 M M 1 26 110
4 83 73 78 7 0 13 0.00 0.0 0 8.8 15 120 M M 2 25 130
5 83 71 77 6 0 12 0.00 0.0 0 5.2 10 130 M M 0 17 130
6 79 67 73 2 0 8 0.00 0.0 0 8.2 12 40 M M 3 1 15 30
7 76 68 72 0 0 7 T 0.0 0 5.3 10 20 M M 4 1 15 350
8 82 68 75 3 0 10 0.00 0.0 0 5.6 18 30 M M 2 25 50
9 71 66 69 -3 0 4 T 0.0 0 10.4 18 360 M M 7 28 360
10 76 62 69 -3 0 4 0.00 0.0 0 9.8 15 10 M M 2 22 10
11 79 66 73 1 0 8 0.00 0.0 0 5.7 9 130 M M 3 15 130
12 80 70 75 3 0 10 T 0.0 0 6.3 12 20 M M 2 15 30
13 76 64 70 -2 0 5 0.79 0.0 0 10.6 24 330 M M 4 1 40 340
14 69 58 64 -8 1 0 0.00 0.0 0 15.2 21 350 M M 0 33 350
15 77 60 69 -3 0 4 0.00 0.0 0 14.0 22 60 M M 4 31 60
16 79 70 75 2 0 10 0.01 0.0 0 13.2 18 70 M M 9 1 31 80
17 83 71 77 4 0 12 0.00 0.0 0 9.6 15 120 M M 2 26 100
18 84 72 78 5 0 13 0.00 0.0 0 4.6 12 140 M M 1 8 19 140
19 80 70 75 2 0 10 0.00 0.0 0 5.5 13 330 M M 5 12 22 300
20 82 70 76 3 0 11 0.00 0.0 0 13.6 22 60 M M 6 29 60
21 81 73 77 4 0 12 0.00 0.0 0 10.0 16 80 M M 2 23 70
22 83 74 79 6 0 14 0.00 0.0 0 9.0 15 80 M M 3 8 22 100
23 83 74 79 6 0 14 0.00 0.0 0 10.2 17 60 M M 2 25 90
24 84 73 79 6 0 14 0.00 0.0 0 M M M M M M M M
25 84 73 79 6 0 14 0.00 0.0 0 9.0 15 70 M M 2 22 70
26 85 73 79 6 0 14 0.00 0.0 0 9.8 15 60 M M 3 21 100
27 85 73 79 6 0 14 0.13 0.0 0 7.8 14 120 M M 4 1 23 110
28 79 72 76 3 0 11 0.00 0.0 0 6.9 13 290 M M 2 18 320
================================================================================
SM 2239 1932 1 273 0.93 0.0 246.5 M 82
================================================================================
AV 80.0 69.0 9.1 FASTST M M 3 MAX(MPH)
MISC ----> 24 330 40 340
================================================================================
NOTES:
# LAST OF SEVERAL OCCURRENCES
COLUMN 17 PEAK WIND IN M.P.H.
PRELIMINARY LOCAL CLIMATOLOGICAL DATA (WS FORM: F-6) , PAGE 2
STATION: MARATHON
MONTH: FEBRUARY
YEAR: 2022
LATITUDE: 24 43 N
LONGITUDE: 81 5 W
[TEMPERATURE DATA] [PRECIPITATION DATA] SYMBOLS USED IN COLUMN 16
AVERAGE MONTHLY: 74.5 TOTAL FOR MONTH: 0.93 1 = FOG OR MIST
DPTR FM NORMAL: 2.2 DPTR FM NORMAL: -0.77 2 = FOG REDUCING VISIBILITY
HIGHEST: 85 ON 27,26 GRTST 24HR 0.79 ON 12-13 TO 1/4 MILE OR LESS
LOWEST: 58 ON 14 3 = THUNDER
SNOW, ICE PELLETS, HAIL 4 = ICE PELLETS
TOTAL MONTH: 0.0 INCH 5 = HAIL
GRTST 24HR 0.0 6 = FREEZING RAIN OR DRIZZLE
GRTST DEPTH: 0 7 = DUSTSTORM OR SANDSTORM:
VSBY 1/2 MILE OR LESS
8 = SMOKE OR HAZE
[NO. OF DAYS WITH] [WEATHER - DAYS WITH] 9 = BLOWING SNOW
X = TORNADO
MAX 32 OR BELOW: 0 0.01 INCH OR MORE: 3
MAX 90 OR ABOVE: 0 0.10 INCH OR MORE: 2
MIN 32 OR BELOW: 0 0.50 INCH OR MORE: 1
MIN 0 OR BELOW: 0 1.00 INCH OR MORE: 0
[HDD (BASE 65) ]
TOTAL THIS MO. 1 CLEAR (SCALE 0-3) 18
DPTR FM NORMAL -14 PTCLDY (SCALE 4-7) 8
TOTAL FM JUL 1 30 CLOUDY (SCALE 8-10) 1
DPTR FM NORMAL -36
[CDD (BASE 65) ]
TOTAL THIS MO. 273
DPTR FM NORMAL 55 [PRESSURE DATA]
TOTAL FM JAN 1 476 HIGHEST SLP M ON M
DPTR FM NORMAL 70 LOWEST SLP 29.93 ON 9
[REMARKS]
#FINAL-02-22#
CORRECTED ALIGNMENT OF SNOW, ICE PELLETS, HAIL TABLE.
CORRECTED SKY COVER TABLE.
CORRECTED HDD DEPARTURE FROM NORMAL SINCE JUL 1.
CORRECTED CDD DEPARTURE FROM NORMAL SINCE JAN 1.
ROSS