000
CXUS55 KBOI 011002
CF6MUO
PRELIMINARY LOCAL CLIMATOLOGICAL DATA (WS FORM: F-6)
STATION: MOUNTAIN HOME AFB
MONTH: FEBRUARY
YEAR: 2021
LATITUDE: 43 2 N
LONGITUDE: 115 52 W
TEMPERATURE IN F: :PCPN: SNOW: WIND :SUNSHINE: SKY :PK WND
================================================================================
1 2 3 4 5 6A 6B 7 8 9 10 11 12 13 14 15 16 17 18
12Z AVG MX 2MIN
DY MAX MIN AVG DEP HDD CDD WTR SNW DPTH SPD SPD DIR MIN PSBL S-S WX SPD DR
================================================================================
1 51 34 43 11 22 0 0.00 M M 14.9 31 110 M M 4 43 110
2 58 34 46 14 19 0 0.01 M M 15.5 22 120 M M 7 32 120
3 43 26 35 2 30 0 T M M 7.7 15 310 M M 7 23 320
4 43 21 32 -1 33 0 0.00 M M 8.0 16 320 M M 5 21 320
5 50 29 40 7 25 0 T M M 9.6 32 320 M M 6 40 320
6 54 24 39 6 26 0 0.00 M M 6.9 17 340 M M 2 M M
7 48 25 37 4 28 0 0.00 M M 9.0 24 320 M M 1 30 330
8 42 20 31 -2 34 0 0.00 M M 7.6 13 300 M M 2 18 300
9 48 22 35 1 30 0 0.00 M M 6.1 12 330 M M 6 M M
10 50 16 33 -1 32 0 0.00 M M 5.5 12 10 M M 0 18 320
11 42 22 32 -2 33 0 0.10 M M 4.6 10 280 M M 8 1 M M
12 34 27 31 -3 34 0 0.03 M M 8.6 14 310 M M 10 1 M M
13 31 19 25 -9 40 0 0.06 M 1 13.0 25 320 M M 9 128 30 310
14 31 11 21 -14 44 0 T M M 9.2 21 100 M M 7 18 M M
15 38 28 33 -2 32 0 T M M 13.4 25 110 M M 9 168 30 100
16 39 31 35 0 30 0 T M M 14.2 28 330 M M 8 35 290
17 38 25 32 -3 33 0 T M M 12.8 24 320 M M 3 32 310
18 36 18 27 -9 38 0 0.01 M M 9.2 23 110 M M 3 1 32 110
19 32 30 31 -5 34 0 0.01 M 1 17.3 24 110 M M 8 1 32 100
20 M M M M M M 0.00 M M M M M M M M M M
21 43 24 34 -2 31 0 0.00 M M 6.4 17 340 M M 6 20 340
22 53 29 41 4 24 0 T M M 6.0 9 30 M M 3 M M
23 47 26 37 0 28 0 T M M 13.6 32 320 M M 2 47 310
24 41 23 32 -5 33 0 T M M 13.1 27 310 M M 5 18 35 310
25 39 17 28 -10 37 0 0.00 M M 8.6 16 100 M M 5 M M
26 42 25 34 -4 31 0 0.01 M M 8.6 29 280 M M 6 1 44 270
27 40 23 32 -6 33 0 T M M 12.2 25 320 M M 5 32 340
28 43 17 30 -8 35 0 0.00 M M 6.2 13 10 M M 3 M M
================================================================================
SM 1156 646 849 0 0.23 M 267.8 M 140
================================================================================
AV 42.8 23.9 9.9 FASTST M M 5 MAX(MPH)
MISC ----> 32 320 47 310
================================================================================
NOTES:
# LAST OF SEVERAL OCCURRENCES
COLUMN 17 PEAK WIND IN M.P.H.
PRELIMINARY LOCAL CLIMATOLOGICAL DATA (WS FORM: F-6) , PAGE 2
STATION: MOUNTAIN HOME AFB
MONTH: FEBRUARY
YEAR: 2021
LATITUDE: 43 2 N
LONGITUDE: 115 52 W
[TEMPERATURE DATA] [PRECIPITATION DATA] SYMBOLS USED IN COLUMN 16
AVERAGE MONTHLY: 33.4 TOTAL FOR MONTH: 0.23 1 = FOG OR MIST
DPTR FM NORMAL: -1.6 DPTR FM NORMAL: -0.63 2 = FOG REDUCING VISIBILITY
HIGHEST: 58 ON 2 GRTST 24HR 0.10 ON 11-11 TO 1/4 MILE OR LESS
LOWEST: 11 ON 14 3 = THUNDER
SNOW, ICE PELLETS, HAIL 4 = ICE PELLETS
TOTAL MONTH: M 5 = HAIL
GRTST 24HR M ON M 6 = FREEZING RAIN OR DRIZZLE
GRTST DEPTH: 1 ON 19,13 7 = DUSTSTORM OR SANDSTORM:
VSBY 1/2 MILE OR LESS
8 = SMOKE OR HAZE
[NO. OF DAYS WITH] [WEATHER - DAYS WITH] 9 = BLOWING SNOW
X = TORNADO
MAX 32 OR BELOW: 3 0.01 INCH OR MORE: 7
MAX 90 OR ABOVE: 0 0.10 INCH OR MORE: 1
MIN 32 OR BELOW: 25 0.50 INCH OR MORE: 0
MIN 0 OR BELOW: 0 1.00 INCH OR MORE: 0
[HDD (BASE 65) ]
TOTAL THIS MO. 849 CLEAR (SCALE 0-3) 9
DPTR FM NORMAL 7 PTCLDY (SCALE 4-7) 14
TOTAL FM JUL 1 4039 CLOUDY (SCALE 8-10) 5
DPTR FM NORMAL -297
[CDD (BASE 65) ]
TOTAL THIS MO. 0
DPTR FM NORMAL 0 [PRESSURE DATA]
TOTAL FM JAN 1 0 HIGHEST SLP M ON M
DPTR FM NORMAL 0 LOWEST SLP M ON M
[REMARKS]
#FINAL-02-21#