000
CXUS54 KLZK 011130
CF6MWT
PRELIMINARY LOCAL CLIMATOLOGICAL DATA (WS FORM: F-6)
STATION: MOUNT IDA
MONTH: JUNE
YEAR: 2021
LATITUDE: 34 32 N
LONGITUDE: 93 35 W
TEMPERATURE IN F: :PCPN: SNOW: WIND :SUNSHINE: SKY :PK WND
================================================================================
1 2 3 4 5 6A 6B 7 8 9 10 11 12 13 14 15 16 17 18
12Z AVG MX 2MIN
DY MAX MIN AVG DEP HDD CDD WTR SNW DPTH SPD SPD DIR MIN PSBL S-S WX SPD DR
================================================================================
1 77 64 71 -3 0 6 1.56 0.0 0 1.0 4 99 M M 10 1 M M
2 77 61 69 -5 0 4 T 0.0 0 1.9 9 300 M M 7 1 14 310
3 84 58 71 -3 0 6 0.00 0.0 0 0.3 7 20 M M 2 1 11 310
4 83 59 71 -4 0 6 0.00 0.0 0 1.1 8 140 M M 2 1 12 130
5 74 63 69 -6 0 4 0.18 0.0 0 1.9 9 130 M M 8 12 14 140
6 82 68 75 0 0 10 0.30 0.0 0 2.9 7 320 M M 6 1 M M
7 77 67 72 -4 0 7 1.27 0.0 M 4.0 9 130 M M 8 12 18 99
8 80 69 75 -1 0 10 0.59 0.0 M 0.7 6 140 M M 6 1 8 150
9 86 70 78 2 0 13 T 0.0 M 1.1 6 99 M M 7 1 M M
10 91 71 81 5 0 16 0.00 0.0 0 1.6 8 230 M M 3 1 14 280
11 93 73 83 7 0 18 0.00 0.0 0 2.2 9 220 M M 4 1 14 220
12 93 72 83 6 0 18 0.00 0.0 0 0.9 7 160 M M 1 1 14 260
13 94 72 83 6 0 18 0.00 0.0 0 0.7 8 10 M M 1 1 13 90
14 94 66 80 3 0 15 0.00 0.0 M 1.1 7 140 M M 0 1 10 160
15 94 67 81 4 0 16 0.00 0.0 0 0.8 7 140 M M 0 1 10 120
16 94 69 82 4 0 17 0.00 0.0 M 0.5 6 140 M M 1 1 10 150
17 93 72 83 5 0 18 0.00 0.0 M 0.9 9 140 M M 1 1 12 140
18 91 68 80 2 0 15 0.00 0.0 M 1.7 9 140 M M 0 1 14 150
19 91 64 78 0 0 13 0.00 0.0 M 1.0 7 160 M M 1 1 12 150
20 92 67 80 2 0 15 0.00 0.0 0 2.7 10 180 M M 0 1 20 200
21 88 62 75 -3 0 10 0.34 0.0 0 2.6 13 320 M M 5 1 23 320
22 83 54 69 -10 0 4 0.00 0.0 0 1.9 9 140 M M 0 1 15 140
23 85 55 70 -9 0 5 0.00 0.0 0 1.4 9 130 M M 4 14 150
24 93 76 85 6 0 20 0.00 0.0 0 3.9 10 230 M M 4 19 150
25 93 80 87 8 0 22 0.00 0.0 0 4.9 8 220 M M 4 17 99
26 91 78 85 6 0 20 0.01 0.0 0 5.2 12 140 M M 2 20 220
27 90 74 82 2 0 17 0.03 0.0 0 2.4 7 99 M M 4 M M
28 89 72 81 1 0 16 0.00 0.0 0 3.1 10 140 M M 3 20 140
29 91 69 80 0 0 15 M 0.0 M 1.6 7 140 M M 3 M M
30 91 71 81 1 0 16 M 0.0 M 0.6 6 99 M M 1 M M
================================================================================
SM 2634 2031 0 390 4.28 0.0 56.5 M 98
================================================================================
AV 87.8 67.7 1.9 FASTST M M 3 MAX(MPH)
MISC ----> 13 320 23 320
================================================================================
NOTES:
# LAST OF SEVERAL OCCURRENCES
COLUMN 17 PEAK WIND IN M.P.H.
PRELIMINARY LOCAL CLIMATOLOGICAL DATA (WS FORM: F-6) , PAGE 2
STATION: MOUNT IDA
MONTH: JUNE
YEAR: 2021
LATITUDE: 34 32 N
LONGITUDE: 93 35 W
[TEMPERATURE DATA] [PRECIPITATION DATA] SYMBOLS USED IN COLUMN 16
AVERAGE MONTHLY: 77.8 TOTAL FOR MONTH: 4.28 1 = FOG OR MIST
DPTR FM NORMAL: 0.6 DPTR FM NORMAL: -0.49 2 = FOG REDUCING VISIBILITY
HIGHEST: 94 ON 16,15 GRTST 24HR 1.67 ON 7- 7 TO 1/4 MILE OR LESS
LOWEST: 54 ON 22 3 = THUNDER
SNOW, ICE PELLETS, HAIL 4 = ICE PELLETS
TOTAL MONTH: 0.0 INCH 5 = HAIL
GRTST 24HR 0.0 6 = FREEZING RAIN OR DRIZZLE
GRTST DEPTH: 0 7 = DUSTSTORM OR SANDSTORM:
VSBY 1/2 MILE OR LESS
8 = SMOKE OR HAZE
[NO. OF DAYS WITH] [WEATHER - DAYS WITH] 9 = BLOWING SNOW
X = TORNADO
MAX 32 OR BELOW: 0 0.01 INCH OR MORE: 8
MAX 90 OR ABOVE: 17 0.10 INCH OR MORE: 6
MIN 32 OR BELOW: 0 0.50 INCH OR MORE: 3
MIN 0 OR BELOW: 0 1.00 INCH OR MORE: 2
[HDD (BASE 65) ]
TOTAL THIS MO. 0 CLEAR (SCALE 0-3) 15
DPTR FM NORMAL 0 PTCLDY (SCALE 4-7) 14
TOTAL FM JUL 1 3155 CLOUDY (SCALE 8-10) 1
DPTR FM NORMAL 71
[CDD (BASE 65) ]
TOTAL THIS MO. 390
DPTR FM NORMAL 22 [PRESSURE DATA]
TOTAL FM JAN 1 557 HIGHEST SLP 30.11 ON 29
DPTR FM NORMAL -51 LOWEST SLP 29.71 ON 20
[REMARKS]
#FINAL-06-21#