000
CXUS56 KSGX 011045
CF6MYF
PRELIMINARY LOCAL CLIMATOLOGICAL DATA (WS FORM: F-6)
STATION: SAN DIEGO/MONTGOMERY FLD CA
MONTH: AUGUST
YEAR: 2022
LATITUDE: 32 49 N
LONGITUDE: 117 9 W
TEMPERATURE IN F: :PCPN: SNOW: WIND :SUNSHINE: SKY :PK WND
================================================================================
1 2 3 4 5 6A 6B 7 8 9 10 11 12 13 14 15 16 17 18
12Z AVG MX 2MIN
DY MAX MIN AVG DEP HDD CDD WTR SNW DPTH SPD SPD DIR MIN PSBL S-S WX SPD DR
================================================================================
1 85 69 77 4 0 12 0.00 M M 6.4 13 230 M M 1 17 270
2 84 69 77 4 0 12 0.00 M M 7.0 14 300 M M 0 18 270
3 83 68 76 3 0 11 0.00 M M 6.4 14 240 M M 1 18 250
4 83 67 75 2 0 10 0.00 M M 5.3 13 250 M M 2 16 240
5 83 68 76 3 0 11 0.00 M M 7.4 14 290 M M 1 1 25 290
6 82 67 75 2 0 10 0.00 M M 7.8 15 310 M M 2 19 310
7 87 66 77 4 0 12 0.00 M M 4.9 10 240 M M 0 14 250
8 85 67 76 3 0 11 0.01 M M 3.9 13 200 M M 1 18 16 240
9 88 70 79 6 0 14 0.00 M M 4.5 14 250 M M 0 18 220
10 90 70 80 6 0 15 0.00 M M 5.1 14 240 M M 0 17 240
11 90 67 79 5 0 14 0.00 M M 5.8 16 280 M M 1 128 20 310
12 90 67 79 5 0 14 0.00 M M 4.2 13 240 M M 0 1 16 300
13 84 70 77 3 0 12 0.00 M M 5.3 12 240 M M 0 15 240
14 84 68 76 2 0 11 0.00 M M 4.0 10 220 M M 0 1 16 240
15 83 69 76 2 0 11 0.00 M M 4.0 13 230 M M 3 18 18 230
16 85 66 76 2 0 11 0.00 M M 5.0 13 240 M M 1 128 16 230
17 85 67 76 2 0 11 0.00 M M 4.8 13 240 M M 1 18 16 250
18 85 67 76 2 0 11 0.00 M M 5.9 14 270 M M 3 18 290
19 78 67 73 -1 0 8 0.00 M M 5.2 14 240 M M 3 17 220
20 77 66 72 -2 0 7 0.00 M M 6.2 13 190 M M 6 18 18 190
21 77 66 72 -2 0 7 0.00 M M 5.6 12 240 M M 6 8 16 250
22 81 66 74 0 0 9 0.00 M M 5.1 13 290 M M 4 18 290
23 79 66 73 -1 0 8 0.00 M M 4.6 14 250 M M 5 18 16 250
24 81 68 75 1 0 10 0.00 M M 4.9 14 260 M M 3 18 240
25 82 68 75 1 0 10 0.00 M M 4.6 10 240 M M 0 14 240
26 85 68 77 3 0 12 0.00 M M 5.5 13 280 M M 1 16 310
27 79 68 74 0 0 9 0.00 M M 5.3 14 220 M M 4 17 290
28 77 68 73 -1 0 8 0.00 M M 4.9 14 230 M M 4 18 250
29 79 68 74 0 0 9 0.00 M M 6.5 16 260 M M 3 20 260
30 85 67 76 2 0 11 0.00 M M 7.7 14 330 M M 0 18 300
31 92 68 80 6 0 15 0.00 M M 6.0 17 290 M M 0 21 290
================================================================================
SM 2588 2096 0 336 0.01 M 169.8 M 56
================================================================================
AV 83.5 67.6 5.5 FASTST M M 2 MAX(MPH)
MISC ----> 17 290 25 290
================================================================================
NOTES:
# LAST OF SEVERAL OCCURRENCES
COLUMN 17 PEAK WIND IN M.P.H.
PRELIMINARY LOCAL CLIMATOLOGICAL DATA (WS FORM: F-6) , PAGE 2
STATION: SAN DIEGO/MONTGOMERY FLD CA
MONTH: AUGUST
YEAR: 2022
LATITUDE: 32 49 N
LONGITUDE: 117 9 W
[TEMPERATURE DATA] [PRECIPITATION DATA] SYMBOLS USED IN COLUMN 16
AVERAGE MONTHLY: 75.5 TOTAL FOR MONTH: 0.01 1 = FOG OR MIST
DPTR FM NORMAL: 1.8 DPTR FM NORMAL: 0.00 2 = FOG REDUCING VISIBILITY
HIGHEST: 92 ON 31 GRTST 24HR 0.01 ON 8- 8 TO 1/4 MILE OR LESS
LOWEST: 66 ON 21,20 3 = THUNDER
SNOW, ICE PELLETS, HAIL 4 = ICE PELLETS
TOTAL MONTH: M 5 = HAIL
GRTST 24HR M ON M 6 = FREEZING RAIN OR DRIZZLE
GRTST DEPTH: M ON M 7 = DUSTSTORM OR SANDSTORM:
VSBY 1/2 MILE OR LESS
8 = SMOKE OR HAZE
[NO. OF DAYS WITH] [WEATHER - DAYS WITH] 9 = BLOWING SNOW
X = TORNADO
MAX 32 OR BELOW: 0 0.01 INCH OR MORE: 1
MAX 90 OR ABOVE: 4 0.10 INCH OR MORE: 0
MIN 32 OR BELOW: 0 0.50 INCH OR MORE: 0
MIN 0 OR BELOW: 0 1.00 INCH OR MORE: 0
[HDD (BASE 65) ]
TOTAL THIS MO. 0 CLEAR (SCALE 0-3) 23
DPTR FM NORMAL 0 PTCLDY (SCALE 4-7) 8
TOTAL FM JUL 1 0 CLOUDY (SCALE 8-10) 0
DPTR FM NORMAL -1
[CDD (BASE 65) ]
TOTAL THIS MO. 336
DPTR FM NORMAL 68 [PRESSURE DATA]
TOTAL FM JAN 1 872 HIGHEST SLP 30.06 ON 21
DPTR FM NORMAL 226 LOWEST SLP 29.74 ON 31
[REMARKS]
#FINAL-08-22#