000
CXUS55 KBOI 011002
CF6MYL
PRELIMINARY LOCAL CLIMATOLOGICAL DATA (WS FORM: F-6)
STATION: MCCALL ID
MONTH: DECEMBER
YEAR: 2022
LATITUDE: 44 52 N
LONGITUDE: 116 6 W
TEMPERATURE IN F: :PCPN: SNOW: WIND :SUNSHINE: SKY :PK WND
================================================================================
1 2 3 4 5 6A 6B 7 8 9 10 11 12 13 14 15 16 17 18
12Z AVG MX 2MIN
DY MAX MIN AVG DEP HDD CDD WTR SNW DPTH SPD SPD DIR MIN PSBL S-S WX SPD DR
================================================================================
1 32 12 22 -3 43 0 0.79 M M 6.6 16 250 M M M 24 160
2 21 2 12 -12 53 0 0.07 M M 2.5 10 170 M M M 14 140
3 16 -6 5 -19 60 0 0.00 M M 1.0 6 50 M M M 9 260
4 30 2 16 -8 49 0 0.18 M M 1.2 9 130 M M M 13 170
5 32 20 26 2 39 0 0.01 M M 1.5 9 200 M M M 12 200
6 31 24 28 5 37 0 0.00 M M 1.5 13 200 M M M 16 190
7 30 17 24 1 41 0 0.00 M M 0.6 6 230 M M M 7 240
8 30 19 25 2 40 0 0.04 M M 4.2 15 180 M M 8 20 180
9 28 17 23 0 42 0 0.26 M M 6.7 17 190 M M 8 23 170
10 35 25 30 8 35 0 0.43 M M 9.7 17 160 M M 10 8 25 150
11 37 29 33 11 32 0 0.41 M M 2.0 9 150 M M 10 18 14 150
12 37 30 34 12 31 0 0.00 M M 7.8 17 350 M M 8 29 360
13 33 19 26 4 39 0 0.00 M M 4.4 13 20 M M 6 8 23 10
14 28 19 24 2 41 0 0.11 M M 1.9 9 320 M M 8 18 15 330
15 26 4 15 -7 50 0 0.00 M M 3.0 12 20 M M 2 8 15 20
16 18 -3 8 -13 57 0 0.00 M M 1.5 8 320 M M 8 8 11 330
17 17 7 12 -9 53 0 T M M 2.1 8 190 M M 9 8 10 180
18 16 -1 8 -13 57 0 0.00 M M 0.7 6 60 M M 5 6 220
19 24 -3 11 -10 54 0 0.04 M M 1.0 9 180 M M 7 8 12 170
20 30 22 26 5 39 0 0.19 M M 7.1 24 190 M M 10 8 32 180
21 30 -1 15 -6 50 0 0.06 M M 8.2 17 310 M M 4 24 190
22 9 -17 -4 -25 69 0 0.00 M M 1.0 7 10 M M 2 10 40
23 22 8 15 -6 50 0 0.31 M M 0.0 3 250 M M 10 8 5 240
24 37 21 29 8 36 0 0.20 M M 0.8 15 140 M M 10 8 20 150
25 40 33 37 16 28 0 T M M 0.9 10 150 M M 10 8 14 170
26 43 34 39 18 26 0 0.01 M M 3.1 14 160 M M 9 8 22 160
27 46 33 40 19 25 0 1.16 M M 13.4 33 200 M M 10 47 200
28 33 21 27 6 38 0 0.02 M M 4.7 16 180 M M 9 24 210
29 29 20 25 4 40 0 T M M 4.3 14 170 M M 9 23 150
30 35 27 31 10 34 0 0.59 M M 5.6 15 180 M M 10 8 20 170
31 34 16 25 4 40 0 0.04 M M 1.8 8 40 M M 7 8 10 40
================================================================================
SM 909 450 1328 0 4.92 M 110.8 M 189
================================================================================
AV 29.3 14.5 3.6 FASTST M M 8 MAX(MPH)
MISC ----> 33 200 47 200
================================================================================
NOTES:
# LAST OF SEVERAL OCCURRENCES
COLUMN 17 PEAK WIND IN M.P.H.
PRELIMINARY LOCAL CLIMATOLOGICAL DATA (WS FORM: F-6) , PAGE 2
STATION: MCCALL ID
MONTH: DECEMBER
YEAR: 2022
LATITUDE: 44 52 N
LONGITUDE: 116 6 W
[TEMPERATURE DATA] [PRECIPITATION DATA] SYMBOLS USED IN COLUMN 16
AVERAGE MONTHLY: 21.9 TOTAL FOR MONTH: 4.92 1 = FOG OR MIST
DPTR FM NORMAL: -0.1 DPTR FM NORMAL: 2.09 2 = FOG REDUCING VISIBILITY
HIGHEST: 46 ON 27 GRTST 24HR 1.16 ON 27-27 TO 1/4 MILE OR LESS
LOWEST: -17 ON 22 3 = THUNDER
SNOW, ICE PELLETS, HAIL 4 = ICE PELLETS
TOTAL MONTH: M 5 = HAIL
GRTST 24HR M ON M 6 = FREEZING RAIN OR DRIZZLE
GRTST DEPTH: M ON M 7 = DUSTSTORM OR SANDSTORM:
VSBY 1/2 MILE OR LESS
8 = SMOKE OR HAZE
[NO. OF DAYS WITH] [WEATHER - DAYS WITH] 9 = BLOWING SNOW
X = TORNADO
MAX 32 OR BELOW: 20 0.01 INCH OR MORE: 19
MAX 90 OR ABOVE: 0 0.10 INCH OR MORE: 11
MIN 32 OR BELOW: 28 0.50 INCH OR MORE: 3
MIN 0 OR BELOW: 6 1.00 INCH OR MORE: 1
[HDD (BASE 65) ]
TOTAL THIS MO. 1328 CLEAR (SCALE 0-3) 2
DPTR FM NORMAL -5 PTCLDY (SCALE 4-7) 8
TOTAL FM JUL 1 3248 CLOUDY (SCALE 8-10) 21
DPTR FM NORMAL -328
[CDD (BASE 65) ]
TOTAL THIS MO. 0
DPTR FM NORMAL 0 [PRESSURE DATA]
TOTAL FM JAN 1 342 HIGHEST SLP 30.58 ON 22
DPTR FM NORMAL 231 LOWEST SLP 29.31 ON 27
[REMARKS]
#FINAL-12-22#