000
CXUS56 KSTO 051716
CF6MYV
PRELIMINARY LOCAL CLIMATOLOGICAL DATA (WS FORM: F-6)
STATION: MARYSVILLE
MONTH: JANUARY
YEAR: 2024
LATITUDE: 39 6 N
LONGITUDE: 121-34 E
TEMPERATURE IN F: :PCPN: SNOW: WIND :SUNSHINE: SKY :PK WND
================================================================================
1 2 3 4 5 6A 6B 7 8 9 10 11 12 13 14 15 16 17 18
12Z AVG MX 2MIN
DY MAX MIN AVG DEP HDD CDD WTR SNW DPTH SPD SPD DIR MIN PSBL S-S WX SPD DR
================================================================================
1 61 43 52 6 13 0 0.00 M M 3.7 8 30 M M 3 12 12 20
2 54 41 48 2 17 0 0.29 M M 9.1 22 110 M M 6 1 26 130
3 58 41 50 4 15 0 0.02 M M 6.5 16 150 M M 5 21 160
4 60 37 49 3 16 0 0.00 M M 3.7 10 340 M M 1 12 12 330
5 61 38 50 4 15 0 0.00 M M 8.0 22 330 M M 1 1 25 340
6 50 35 43 -3 22 0 0.07 M M 7.7 25 170 M M 4 12 32 170
7 54 32 43 -3 22 0 0.00 M M 5.3 15 320 M M 1 12 18 320
8 53 33 43 -3 22 0 0.00 M M 3.9 10 340 M M 4 13 350
9 50 46 48 2 17 0 0.04 M M 9.8 24 160 M M 10 1 30 150
10 56 42 49 3 16 0 0.01 0.0 M 15.3 30 160 M M 9 1 38 160
11 54 36 45 -1 20 0 0.00 0.0 M 5.8 21 320 M M 0 26 320
12 50 33 42 -4 23 0 0.00 M M 4.4 15 150 M M 5 18 140
13 50 45 48 2 17 0 0.34 M M 14.7 30 160 M M 10 1 38 150
14 55 49 52 5 13 0 0.00 M M 6.5 22 150 M M 10 18 26 160
15 58 41 50 3 15 0 0.00 M M 2.0 7 330 M M 3 12 9 330
16 53 41 47 0 18 0 0.39 M M 2.3 8 160 M M 10 12 10 130
17 62 44 53 6 12 0 T M M 9.2 20 180 M M 5 18 32 300
18 58 41 50 3 15 0 0.00 M M 3.3 10 230 M M 0 1 14 220
19 60 45 53 6 12 0 0.03 M M 3.0 10 260 M M 3 1 13 270
20 62 54 58 11 7 0 0.55 M M 12.1 21 180 M M 10 1 27 150
21 61 53 57 10 8 0 1.30 M M 12.7 22 160 M M 10 1 30 170
22 58 53 56 9 9 0 1.36 M M 4.9 15 150 M M 10 1 19 150
23 63 53 58 11 7 0 0.00 M M 4.4 10 320 M M 6 1 13 330
24 57 53 55 8 10 0 0.34 M M 10.9 20 160 M M 10 1 23 170
25 62 49 56 9 9 0 0.00 0.0 M 4.7 15 160 M M 4 18 160
26 60 50 55 7 10 0 0.00 0.0 M 1.8 8 320 M M 7 10 320
27 63 48 56 8 9 0 0.00 0.0 M 3.0 9 290 M M 0 12 290
28 73 51 62 14 3 0 0.00 M M 3.2 9 130 M M 0 12 30
29 71 47 59 11 6 0 0.00 M M 2.7 8 240 M M 0 1 10 250
30 70 50 60 12 5 0 T M M 4.3 14 100 M M 0 18 19 110
31 61 53 57 9 8 0 0.54 M M 11.7 35 160 M M 5 47 160
================================================================================
SM 1818 1377 411 0 5.28 0.0 200.6 M 152
================================================================================
AV 58.6 44.4 6.5 FASTST M M 5 MAX(MPH)
MISC ----> 35 160 47 160
================================================================================
NOTES:
# LAST OF SEVERAL OCCURRENCES
COLUMN 17 PEAK WIND IN M.P.H.
PRELIMINARY LOCAL CLIMATOLOGICAL DATA (WS FORM: F-6) , PAGE 2
STATION: MARYSVILLE
MONTH: JANUARY
YEAR: 2024
LATITUDE: 39 6 N
LONGITUDE: 121-34 E
[TEMPERATURE DATA] [PRECIPITATION DATA] SYMBOLS USED IN COLUMN 16
AVERAGE MONTHLY: 51.5 TOTAL FOR MONTH: 5.28 1 = FOG OR MIST
DPTR FM NORMAL: 4.7 DPTR FM NORMAL: 1.47 2 = FOG REDUCING VISIBILITY
HIGHEST: 73 ON 28 GRTST 24HR 2.00 ON 21-22 TO 1/4 MILE OR LESS
LOWEST: 32 ON 7 3 = THUNDER
SNOW, ICE PELLETS, HAIL 4 = ICE PELLETS
TOTAL MONTH: 0.0 INCH 5 = HAIL
GRTST 24HR 0.0 6 = FREEZING RAIN OR DRIZZLE
GRTST DEPTH: M ON M 7 = DUSTSTORM OR SANDSTORM:
VSBY 1/2 MILE OR LESS
8 = SMOKE OR HAZE
[NO. OF DAYS WITH] [WEATHER - DAYS WITH] 9 = BLOWING SNOW
X = TORNADO
MAX 32 OR BELOW: 0 0.01 INCH OR MORE: 13
MAX 90 OR ABOVE: 0 0.10 INCH OR MORE: 8
MIN 32 OR BELOW: 1 0.50 INCH OR MORE: 4
MIN 0 OR BELOW: 0 1.00 INCH OR MORE: 2
[HDD (BASE 65) ]
TOTAL THIS MO. 411 CLEAR (SCALE 0-3) 10
DPTR FM NORMAL -152 PTCLDY (SCALE 4-7) 12
TOTAL FM JUL 1 1188 CLOUDY (SCALE 8-10) 9
DPTR FM NORMAL -408
[CDD (BASE 65) ]
TOTAL THIS MO. 0
DPTR FM NORMAL 0 [PRESSURE DATA]
TOTAL FM JAN 1 0 HIGHEST SLP 30.40 ON 8
DPTR FM NORMAL 0 LOWEST SLP 29.62 ON 31
[REMARKS]
#FINAL-01-24#