000
CXUS56 KSTO 020954
CF6MYV
PRELIMINARY LOCAL CLIMATOLOGICAL DATA (WS FORM: F-6)
STATION: MARYSVILLE
MONTH: JULY
YEAR: 2023
LATITUDE: 39 6 N
LONGITUDE: 121-34 E
TEMPERATURE IN F: :PCPN: SNOW: WIND :SUNSHINE: SKY :PK WND
================================================================================
1 2 3 4 5 6A 6B 7 8 9 10 11 12 13 14 15 16 17 18
12Z AVG MX 2MIN
DY MAX MIN AVG DEP HDD CDD WTR SNW DPTH SPD SPD DIR MIN PSBL S-S WX SPD DR
================================================================================
1 109 69 89 12 0 24 0.00 M M 3.6 9 270 M M 0 12 280
2 110 67 89 11 0 24 0.00 M M 4.5 10 200 M M 0 12 200
3 102 68 85 7 0 20 0.00 M M 9.6 16 160 M M 0 22 150
4 95 61 78 0 0 13 0.00 M M 8.9 15 190 M M 0 20 180
5 92 60 76 -2 0 11 0.00 M M 10.0 16 160 M M 0 21 150
6 90 56 73 -5 0 8 0.00 M M 9.1 16 170 M M 0 20 170
7 89 56 73 -5 0 8 0.00 M M 9.4 16 190 M M 0 23 170
8 90 58 74 -4 0 9 0.00 M M 9.1 17 160 M M 0 24 150
9 85 55 70 -8 0 5 0.00 M M 11.5 18 170 M M 0 31 160
10 92 53 73 -5 0 8 0.00 M M 4.5 10 140 M M 0 13 240
11 97 57 77 -1 0 12 0.00 M M 3.9 10 230 M M 0 14 230
12 98 65 82 3 0 17 0.00 M M 7.6 14 180 M M 0 19 180
13 98 59 79 0 0 14 0.00 M M 3.8 9 210 M M 0 14 270
14 105 62 84 5 0 19 0.00 M M 4.5 10 210 M M 0 13 320
15 107 68 88 9 0 23 0.00 M M 3.8 9 260 M M 0 14 240
16 109 68 89 10 0 24 0.00 M M 5.8 14 180 M M 0 18 140
17 102 77 90 11 0 25 0.00 M M 8.9 16 150 M M 0 20 150
18 99 70 85 6 0 20 0.00 M M 10.2 15 190 M M 0 21 160
19 97 60 79 0 0 14 0.00 M M 5.3 12 150 M M 0 15 160
20 103 58 81 2 0 16 0.00 M M 3.3 9 210 M M 0 8 12 290
21 106 61 84 5 0 19 0.00 M M 3.7 10 270 M M 0 13 270
22 107 65 86 7 0 21 0.00 M M 4.1 10 190 M M 0 14 230
23 103 71 87 8 0 22 0.00 M M 7.5 15 160 M M 0 19 170
24 97 64 81 2 0 16 0.00 M M 9.8 15 150 M M 0 20 160
25 98 59 79 0 0 14 0.00 M M 3.8 9 240 M M 0 13 180
26 98 62 80 1 0 15 0.00 M M 7.5 16 170 M M 0 21 210
27 94 62 78 -1 0 13 0.00 M M 9.3 15 160 M M 0 19 190
28 95 59 77 -2 0 12 0.00 M M 6.9 12 140 M M 0 15 140
29 97 62 80 2 0 15 0.00 M M 8.1 14 150 M M 0 18 140
30 98 58 78 0 0 13 0.00 M M 6.1 14 150 M M 0 19 150
31 97 60 79 1 0 14 0.00 M M 5.4 12 150 M M 0 17 180
================================================================================
SM 3059 1930 0 488 0.00 M 209.5 M 0
================================================================================
AV 98.7 62.3 6.8 FASTST M M 0 MAX(MPH)
MISC ----> 18 170 31 160
================================================================================
NOTES:
# LAST OF SEVERAL OCCURRENCES
COLUMN 17 PEAK WIND IN M.P.H.
PRELIMINARY LOCAL CLIMATOLOGICAL DATA (WS FORM: F-6) , PAGE 2
STATION: MARYSVILLE
MONTH: JULY
YEAR: 2023
LATITUDE: 39 6 N
LONGITUDE: 121-34 E
[TEMPERATURE DATA] [PRECIPITATION DATA] SYMBOLS USED IN COLUMN 16
AVERAGE MONTHLY: 80.5 TOTAL FOR MONTH: 0.00 1 = FOG OR MIST
DPTR FM NORMAL: 2.0 DPTR FM NORMAL: 0.00 2 = FOG REDUCING VISIBILITY
HIGHEST: 110 ON 2 GRTST 24HR 0.00 ON 9- 9 TO 1/4 MILE OR LESS
LOWEST: 53 ON 10 3 = THUNDER
SNOW, ICE PELLETS, HAIL 4 = ICE PELLETS
TOTAL MONTH: M 5 = HAIL
GRTST 24HR M ON M 6 = FREEZING RAIN OR DRIZZLE
GRTST DEPTH: M ON M 7 = DUSTSTORM OR SANDSTORM:
VSBY 1/2 MILE OR LESS
8 = SMOKE OR HAZE
[NO. OF DAYS WITH] [WEATHER - DAYS WITH] 9 = BLOWING SNOW
X = TORNADO
MAX 32 OR BELOW: 0 0.01 INCH OR MORE: 0
MAX 90 OR ABOVE: 29 0.10 INCH OR MORE: 0
MIN 32 OR BELOW: 0 0.50 INCH OR MORE: 0
MIN 0 OR BELOW: 0 1.00 INCH OR MORE: 0
[HDD (BASE 65) ]
TOTAL THIS MO. 0 CLEAR (SCALE 0-3) 31
DPTR FM NORMAL 0 PTCLDY (SCALE 4-7) 0
TOTAL FM JUL 1 0 CLOUDY (SCALE 8-10) 0
DPTR FM NORMAL 0
[CDD (BASE 65) ]
TOTAL THIS MO. 488
DPTR FM NORMAL 71 [PRESSURE DATA]
TOTAL FM JAN 1 881 HIGHEST SLP 30.03 ON 25
DPTR FM NORMAL 52 LOWEST SLP 29.71 ON 16
[REMARKS]
#FINAL-07-23#