000
CXUS51 KOKX 010910
CF6NYC
PRELIMINARY LOCAL CLIMATOLOGICAL DATA (WS FORM: F-6)
STATION: CENTRAL PARK NY
MONTH: SEPTEMBER
YEAR: 2023
LATITUDE: 40 46 N
LONGITUDE: 73 58 W
TEMPERATURE IN F: :PCPN: SNOW: WIND :SUNSHINE: SKY :PK WND
================================================================================
1 2 3 4 5 6A 6B 7 8 9 10 11 12 13 14 15 16 17 18
12Z AVG MX 2MIN
DY MAX MIN AVG DEP HDD CDD WTR SNW DPTH SPD SPD DIR MIN PSBL S-S WX SPD DR
================================================================================
1 76 61 69 -5 0 4 0.00 0.0 0 4.4 13 60 M M 0 18 20
2 79 62 71 -3 0 6 0.00 0.0 0 2.2 9 220 M M 0 14 230
3 88 68 78 5 0 13 0.00 0.0 0 4.1 10 240 M M 1 16 280
4 89 73 81 8 0 16 T 0.0 0 1.8 14 60 M M 1 18 60
5 92 75 84 11 0 19 0.00 0.0 0 2.8 9 60 M M 1 8 13 50
6 93 77 85 13 0 20 0.00 0.0 0 2.4 8 50 M M 0 11 260
7 93 76 85 13 0 20 T 0.0 0 1.9 10 300 M M 0 19 300
8 90 71 81 9 0 16 0.10 0.0 0 1.7 12 290 M M 4 138 17 280
9 84 70 77 5 0 12 0.02 0.0 0 1.2 15 70 M M 7 138 25 60
10 77 69 73 2 0 8 1.80 0.0 0 2.5 12 70 M M 6 1238 20 30
11 82 69 76 5 0 11 1.66 0.0 0 2.9 10 210 M M 7 123 15 220
12 82 68 75 4 0 10 0.00 0.0 0 0.8 7 230 M M 3 1 11 210
13 79 70 75 5 0 10 0.22 0.0 0 2.6 10 220 M M 5 1 16 210
14 77 63 70 0 0 5 0.00 0.0 0 5.4 12 290 M M 2 19 350
15 69 58 64 -6 1 0 0.00 0.0 0 6.3 14 50 M M 0 21 40
16 75 60 68 -1 0 3 0.00 0.0 0 6.3 15 300 M M 0 22 310
17 77 59 68 -1 0 3 0.21 0.0 0 2.2 8 120 M M 3 1 13 190
18 68 60 64 -5 1 0 1.34 0.0 0 3.4 12 290 M M 9 12 17 290
19 72 58 65 -3 0 0 0.00 0.0 0 4.5 13 290 M M 1 20 270
20 74 58 66 -2 0 1 0.00 0.0 0 2.6 10 300 M M 0 15 250
21 71 57 64 -3 1 0 0.00 0.0 0 3.3 9 50 M M 0 14 40
22 71 59 65 -2 0 0 0.00 0.0 0 6.9 17 70 M M 2 26 50
23 63 57 60 -7 5 0 0.96 0.0 0 11.7 20 60 M M 9 1 33 60
24 66 62 64 -2 1 0 1.25 0.0 0 11.8 20 60 M M 10 1 31 60
25 66 57 62 -4 3 0 0.59 0.0 0 9.6 23 60 M M 10 18 37 40
26 60 54 57 -9 8 0 0.20 0.0 0 6.6 14 60 M M 9 1 20 30
27 64 50 57 -8 8 0 0.00 0.0 0 6.9 18 60 M M 5 26 50
28 65 56 61 -4 4 0 0.38 0.0 0 6.4 14 60 M M 9 1 21 40
29 63 59 61 -3 4 0 5.48 0.0 0 8.1 17 80 M M 10 123 29 60
30 66 57 62 -2 3 0 0.04 0.0 0 5.1 13 30 M M 9 18 18 20
================================================================================
SM 2271 1893 39 177 14.25 0.0 138.4 M 123
================================================================================
AV 75.7 63.1 4.6 FASTST M M 4 MAX(MPH)
MISC ----> 23 60 37 40
================================================================================
NOTES:
# LAST OF SEVERAL OCCURRENCES
COLUMN 17 PEAK WIND IN M.P.H.
PRELIMINARY LOCAL CLIMATOLOGICAL DATA (WS FORM: F-6) , PAGE 2
STATION: CENTRAL PARK NY
MONTH: SEPTEMBER
YEAR: 2023
LATITUDE: 40 46 N
LONGITUDE: 73 58 W
[TEMPERATURE DATA] [PRECIPITATION DATA] SYMBOLS USED IN COLUMN 16
AVERAGE MONTHLY: 69.4 TOTAL FOR MONTH: 14.25 1 = FOG OR MIST
DPTR FM NORMAL: 0.2 DPTR FM NORMAL: 9.94 2 = FOG REDUCING VISIBILITY
HIGHEST: 93 ON 7, 6 GRTST 24HR 5.85 ON 28-29 TO 1/4 MILE OR LESS
LOWEST: 50 ON 27 3 = THUNDER
SNOW, ICE PELLETS, HAIL 4 = ICE PELLETS
TOTAL MONTH: 0.0 INCH 5 = HAIL
GRTST 24HR 0.0 6 = FREEZING RAIN OR DRIZZLE
GRTST DEPTH: 0 7 = DUSTSTORM OR SANDSTORM:
VSBY 1/2 MILE OR LESS
8 = SMOKE OR HAZE
[NO. OF DAYS WITH] [WEATHER - DAYS WITH] 9 = BLOWING SNOW
X = TORNADO
MAX 32 OR BELOW: 0 0.01 INCH OR MORE: 14
MAX 90 OR ABOVE: 4 0.10 INCH OR MORE: 12
MIN 32 OR BELOW: 0 0.50 INCH OR MORE: 7
MIN 0 OR BELOW: 0 1.00 INCH OR MORE: 5
[HDD (BASE 65) ]
TOTAL THIS MO. 39 CLEAR (SCALE 0-3) 16
DPTR FM NORMAL 7 PTCLDY (SCALE 4-7) 6
TOTAL FM JUL 1 39 CLOUDY (SCALE 8-10) 8
DPTR FM NORMAL 9
[CDD (BASE 65) ]
TOTAL THIS MO. 177
DPTR FM NORMAL 18 [PRESSURE DATA]
TOTAL FM JAN 1 1195 HIGHEST SLP M ON M
DPTR FM NORMAL -4 LOWEST SLP 29.70 ON 18
[REMARKS]
#FINAL-09-23#