000
CXUS56 KMTR 010838
CLMOAK
CLIMATE REPORT
NATIONAL WEATHER SERVICE SAN FRANCISCO BAY AREA
138 AM PDT WED NOV 01 2023
...................................
...THE OAKLAND AIRPORT CLIMATE SUMMARY FOR THE MONTH OF OCTOBER 2023...
CLIMATE NORMAL PERIOD: 1991 TO 2020
CLIMATE RECORD PERIOD: 1948 TO 2023
WEATHER OBSERVED NORMAL DEPART LAST YEAR`S
VALUE DATE(S) VALUE FROM VALUE DATE(S)
NORMAL
................................................................
TEMPERATURE (F)
RECORD
HIGH 98 MM
LOW 40 10/30/2023
10/30/2023
HIGHEST 91 10/06 87 10/19
LOWEST 40R 10/30 42 10/29
10/31
AVG. MAXIMUM 73.6 71.5 2.1 69.4
AVG. MINIMUM 52.3 51.2 1.1 51.5
MEAN 63.0 60.5
DAYS MAX >= 90 2 0
DAYS MAX <= 32 0 0
DAYS MIN <= 32 0 0
DAYS MIN <= 0 0 0
PRECIPITATION (INCHES)
RECORD
MAXIMUM 8.56 1962
MINIMUM 0.00 2022
TOTALS 0.11 0.88 -0.77 0.00
DAILY AVG. 0.00 0.03 -0.03 0.00
DAYS >= .01 1 0
DAYS >= .10 1 0
DAYS >= .50 0 0
DAYS >= 1.00 0 0
GREATEST
24 HR. TOTAL 0.11 10/22 TO 10/22 0.00 09/30 TO 09/30
DEGREE DAYS
HEATING TOTAL 98 133 -35 132
SINCE 7/1 192 300 -108 MM
COOLING TOTAL 45 20 25 8
SINCE 1/1 172 175 -3 MM
................................................................
WIND (MPH)
AVERAGE WIND SPEED 6.3
RESULTANT WIND SPEED/DIRECTION 4/290
HIGHEST WIND SPEED/DIRECTION 33/290 DATE 10/10
HIGHEST GUST SPEED/DIRECTION 42/280 DATE 10/10
SKY COVER
POSSIBLE SUNSHINE (PERCENT) MM
AVERAGE SKY COVER 0.34
NUMBER OF DAYS FAIR 17
NUMBER OF DAYS PC 12
NUMBER OF DAYS CLOUDY 2
AVERAGE RH (PERCENT) 70
WEATHER CONDITIONS. NUMBER OF DAYS WITH
THUNDERSTORM 0 MIXED PRECIP 0
HEAVY RAIN 0 RAIN 1
LIGHT RAIN 4 FREEZING RAIN 0
LT FREEZING RAIN 0 HAIL 0
HEAVY SNOW 0 SNOW 0
LIGHT SNOW 0 SLEET 0
FOG 10 FOG W/VIS <= 1/4 MILE 1
HAZE 2
- INDICATES NEGATIVE NUMBERS.
R INDICATES RECORD WAS SET OR TIED.
MM INDICATES DATA IS MISSING.
T INDICATES TRACE AMOUNT.
$$