000
CXUS54 KMAF 011509
CF6ODO
PRELIMINARY LOCAL CLIMATOLOGICAL DATA (WS FORM: F-6)
STATION: ODESSA SCHLEYMEYER
MONTH: NOVEMBER
YEAR: 2022
LATITUDE: 31 55 N
LONGITUDE: 102 23 W
TEMPERATURE IN F: :PCPN: SNOW: WIND :SUNSHINE: SKY :PK WND
================================================================================
1 2 3 4 5 6A 6B 7 8 9 10 11 12 13 14 15 16 17 18
12Z AVG MX 2MIN
DY MAX MIN AVG DEP HDD CDD WTR SNW DPTH SPD SPD DIR MIN PSBL S-S WX SPD DR
================================================================================
1 73 50 62 3 3 0 0.00 M M 8.0 15 160 M M 2 1 20 170
2 76 56 66 7 0 1 0.00 M M 15.2 21 190 M M 3 28 190
3 79 61 70 12 0 5 0.00 M M 16.3 26 170 M M 5 36 190
4 69 44 57 -1 8 0 0.00 M M 17.3 37 280 M M 1 18 50 280
5 74 38 56 -2 9 0 0.00 M M 10.9 23 250 M M 0 31 250
6 82 48 65 8 0 0 0.00 M M 5.8 15 230 M M 0 8 18 220
7 79 50 65 8 0 0 T M M 10.5 20 180 M M 3 8 25 160
8 77 64 71 15 0 6 0.00 M M 16.6 25 160 M M 6 33 150
9 M M M M M M 0.00 M M 16.7 26 180 M M 4 36 170
10 78 58 68 12 0 3 0.00 M M 8.9 24 190 M M 1 8 34 190
11 60 32 46 -9 19 0 0.00 M M 13.0 22 40 M M 2 29 40
12 54 27 41 -14 24 0 0.00 M M 7.5 15 140 M M 0 21 160
13 54 34 44 -10 21 0 0.00 M M 14.0 24 180 M M 0 31 190
14 56 32 44 -10 21 0 0.00 M M 12.6 26 330 M M 1 35 340
15 49 26 38 -16 27 0 M M M 7.1 10 10 M M 0 18 100
16 50 37 44 -9 21 0 0.00 M M 8.6 15 100 M M 8 22 30
17 55 31 43 -10 22 0 0.00 M M 6.9 17 210 M M 2 22 220
18 44 31 38 -14 27 0 0.00 M M 12.2 22 70 M M 3 1 28 60
19 40 30 35 -17 30 0 0.00 M M 8.0 16 50 M M 10 1 21 60
20 42 29 36 -16 29 0 0.00 M M 6.5 12 180 M M 8 1 15 190
21 58 30 44 -7 21 0 0.00 M M 3.6 13 220 M M 3 128 16 220
22 63 30 47 -4 18 0 0.00 M M 6.9 15 170 M M 2 12 19 160
23 63 46 55 4 10 0 0.00 M M 8.3 14 170 M M 7 12 18 180
24 58 37 48 -2 17 0 0.02 M M 13.6 23 350 M M 7 128 31 340
25 44 33 39 -11 26 0 0.76 M M 12.7 22 50 M M 10 1 35 20
26 54 33 44 -6 21 0 0.05 M M 10.1 23 270 M M 5 1 29 280
27 61 38 50 1 15 0 0.00 M M 5.8 14 330 M M 0 19 280
28 70 36 53 4 12 0 0.00 M M 11.4 24 240 M M 0 32 240
29 73 39 56 7 9 0 0.00 M M 14.3 35 260 M M 0 49 260
30 46 28 37 -11 28 0 0.00 M M 10.2 21 60 M M 0 28 50
================================================================================
SM 1781 1128 438 15 0.83 M 319.5 M 93
================================================================================
AV 61.4 38.9 10.7 FASTST M M 3 MAX(MPH)
MISC ----> 37 280 50 280
================================================================================
NOTES:
# LAST OF SEVERAL OCCURRENCES
COLUMN 17 PEAK WIND IN M.P.H.
PRELIMINARY LOCAL CLIMATOLOGICAL DATA (WS FORM: F-6) , PAGE 2
STATION: ODESSA SCHLEYMEYER
MONTH: NOVEMBER
YEAR: 2022
LATITUDE: 31 55 N
LONGITUDE: 102 23 W
[TEMPERATURE DATA] [PRECIPITATION DATA] SYMBOLS USED IN COLUMN 16
AVERAGE MONTHLY: 50.2 TOTAL FOR MONTH: 0.83 1 = FOG OR MIST
DPTR FM NORMAL: -3.4 DPTR FM NORMAL: 0.11 2 = FOG REDUCING VISIBILITY
HIGHEST: 82 ON 6 GRTST 24HR 0.77 ON 24-25 TO 1/4 MILE OR LESS
LOWEST: 26 ON 15 3 = THUNDER
SNOW, ICE PELLETS, HAIL 4 = ICE PELLETS
TOTAL MONTH: M 5 = HAIL
GRTST 24HR M ON M 6 = FREEZING RAIN OR DRIZZLE
GRTST DEPTH: M ON M 7 = DUSTSTORM OR SANDSTORM:
VSBY 1/2 MILE OR LESS
8 = SMOKE OR HAZE
[NO. OF DAYS WITH] [WEATHER - DAYS WITH] 9 = BLOWING SNOW
X = TORNADO
MAX 32 OR BELOW: 0 0.01 INCH OR MORE: 3
MAX 90 OR ABOVE: 0 0.10 INCH OR MORE: 1
MIN 32 OR BELOW: 11 0.50 INCH OR MORE: 1
MIN 0 OR BELOW: 0 1.00 INCH OR MORE: 0
[HDD (BASE 65) ]
TOTAL THIS MO. 438 CLEAR (SCALE 0-3) 18
DPTR FM NORMAL 86 PTCLDY (SCALE 4-7) 8
TOTAL FM JUL 1 525 CLOUDY (SCALE 8-10) 4
DPTR FM NORMAL 72
[CDD (BASE 65) ]
TOTAL THIS MO. 15
DPTR FM NORMAL 5 [PRESSURE DATA]
TOTAL FM JAN 1 3129 HIGHEST SLP 30.47 ON 16
DPTR FM NORMAL 651 LOWEST SLP 29.65 ON 29
[REMARKS]
#FINAL-11-22#