000
CXUS54 KMAF 012022
CF6ODO
PRELIMINARY LOCAL CLIMATOLOGICAL DATA (WS FORM: F-6)
STATION: ODESSA SCHLEYMEYER
MONTH: AUGUST
YEAR: 2022
LATITUDE: 31 55 N
LONGITUDE: 102 23 W
TEMPERATURE IN F: :PCPN: SNOW: WIND :SUNSHINE: SKY :PK WND
================================================================================
1 2 3 4 5 6A 6B 7 8 9 10 11 12 13 14 15 16 17 18
12Z AVG MX 2MIN
DY MAX MIN AVG DEP HDD CDD WTR SNW DPTH SPD SPD DIR MIN PSBL S-S WX SPD DR
================================================================================
1 100 77 89 5 0 24 0.00 M M 13.8 21 160 M M 0 28 140
2 100 77 89 5 0 24 0.00 M M 13.2 21 180 M M 0 26 160
3 105 79 92 8 0 27 0.00 M M 11.7 20 170 M M 0 24 190
4 102 81 92 8 0 27 0.00 M M 8.8 20 130 M M 0 28 120
5 100 81 91 7 0 26 0.00 M M 10.8 20 140 M M 0 25 150
6 97 77 87 3 0 22 0.00 M M 12.5 24 170 M M 1 32 150
7 96 75 86 2 0 21 0.00 M M 13.1 22 160 M M 0 27 160
8 97 76 87 3 0 22 0.00 M M 11.7 21 140 M M 1 26 150
9 97 77 87 3 0 22 0.00 M M 9.9 30 70 M M 1 8 38 80
10 95 79 87 3 0 22 T M M 9.9 22 50 M M 1 3 26 70
11 97 77 87 3 0 22 0.00 M M 7.9 29 180 M M 1 36 160
12 98 70 84 1 0 19 0.00 M M 8.2 20 100 M M 1 30 90
13 97 75 86 3 0 21 0.00 M M 7.5 16 110 M M 2 21 150
14 99 75 87 4 0 22 0.00 M M 8.1 18 140 M M 1 23 110
15 91 74 83 0 0 18 0.00 M M 12.6 24 150 M M 1 30 140
16 88 72 80 -3 0 15 0.19 M M 8.4 23 150 M M 2 3 29 160
17 93 69 81 -2 0 16 0.22 M M 9.6 29 200 M M 3 3 35 210
18 89 69 79 -3 0 14 T M M 9.9 20 60 M M 2 3 23 60
19 92 70 81 -1 0 16 0.99 M M 6.0 29 120 M M 4 38 35 120
20 90 68 79 -3 0 14 0.71 M M 9.8 33 260 M M 3 13 45 270
21 87 70 79 -3 0 14 0.18 M M 7.0 17 20 M M 5 138 21 10
22 80 70 75 -7 0 10 T M M 11.0 23 50 M M 7 27 50
23 84 69 77 -4 0 12 0.00 M M 8.4 16 110 M M 4 25 110
24 88 68 78 -3 0 13 0.00 M M 7.9 17 40 M M 2 25 50
25 89 72 81 0 0 16 0.00 M M 7.9 15 90 M M 4 22 80
26 92 70 81 0 0 16 0.00 M M 5.0 14 130 M M 4 17 130
27 94 74 84 4 0 19 0.00 M M 10.7 21 190 M M 2 27 190
28 98 68 83 3 0 18 0.39 M M 11.8 37 350 M M 1 13 48 340
29 98 66 82 2 0 17 0.50 M M 11.6 37 350 M M 2 138 48 350
30 75 67 71 -9 0 6 0.29 M M 8.9 21 40 M M 8 1 26 100
31 79 68 74 -5 0 9 0.21 M M 7.0 17 160 M M 6 1 20 170
================================================================================
SM 2887 2260 0 564 3.68 M 300.6 M 69
================================================================================
AV 93.1 72.9 9.7 FASTST M M 2 MAX(MPH)
MISC ----> 37 350 48 340
================================================================================
NOTES:
# LAST OF SEVERAL OCCURRENCES
COLUMN 17 PEAK WIND IN M.P.H.
PRELIMINARY LOCAL CLIMATOLOGICAL DATA (WS FORM: F-6) , PAGE 2
STATION: ODESSA SCHLEYMEYER
MONTH: AUGUST
YEAR: 2022
LATITUDE: 31 55 N
LONGITUDE: 102 23 W
[TEMPERATURE DATA] [PRECIPITATION DATA] SYMBOLS USED IN COLUMN 16
AVERAGE MONTHLY: 83.0 TOTAL FOR MONTH: 3.68 1 = FOG OR MIST
DPTR FM NORMAL: 0.6 DPTR FM NORMAL: 2.20 2 = FOG REDUCING VISIBILITY
HIGHEST: 105 ON 3 GRTST 24HR 0.99 ON 19-19 TO 1/4 MILE OR LESS
LOWEST: 66 ON 29 3 = THUNDER
SNOW, ICE PELLETS, HAIL 4 = ICE PELLETS
TOTAL MONTH: 0.0 INCH 5 = HAIL
GRTST 24HR M ON M 6 = FREEZING RAIN OR DRIZZLE
GRTST DEPTH: 0 7 = DUSTSTORM OR SANDSTORM:
VSBY 1/2 MILE OR LESS
8 = SMOKE OR HAZE
[NO. OF DAYS WITH] [WEATHER - DAYS WITH] 9 = BLOWING SNOW
X = TORNADO
MAX 32 OR BELOW: 0 0.01 INCH OR MORE: 9
MAX 90 OR ABOVE: 22 0.10 INCH OR MORE: 9
MIN 32 OR BELOW: 0 0.50 INCH OR MORE: 3
MIN 0 OR BELOW: 0 1.00 INCH OR MORE: 0
[HDD (BASE 65) ]
TOTAL THIS MO. 0 CLEAR (SCALE 0-3) 21
DPTR FM NORMAL 0 PTCLDY (SCALE 4-7) 9
TOTAL FM JUL 1 0 CLOUDY (SCALE 8-10) 1
DPTR FM NORMAL 0
[CDD (BASE 65) ]
TOTAL THIS MO. 564
DPTR FM NORMAL 25 [PRESSURE DATA]
TOTAL FM JAN 1 2649 HIGHEST SLP 30.09 ON 10
DPTR FM NORMAL 599 LOWEST SLP 29.61 ON 28
[REMARKS]
#FINAL-08-22#