000
CXHW52 PHFO 011250
CF6OGG
PRELIMINARY LOCAL CLIMATOLOGICAL DATA (WS FORM: F-6)
STATION: KAHULUI HI
MONTH: JULY
YEAR: 2022
LATITUDE: 20 53 N
LONGITUDE: 156 26 W
TEMPERATURE IN F: :PCPN: SNOW: WIND :SUNSHINE: SKY :PK WND
================================================================================
1 2 3 4 5 6A 6B 7 8 9 10 11 12 13 14 15 16 17 18
12Z AVG MX 2MIN
DY MAX MIN AVG DEP HDD CDD WTR SNW DPTH SPD SPD DIR MIN PSBL S-S WX SPD DR
================================================================================
1 89 75 82 2 0 17 0.01 M M 18.7 30 60 M M 3 38 70
2 89 76 83 3 0 18 T M M 20.7 35 40 M M 3 44 40
3 87 74 81 1 0 16 0.00 M M 21.9 32 60 M M 3 45 50
4 88 74 81 1 0 16 T M M 20.1 30 40 M M 3 8 41 70
5 90 73 82 2 0 17 0.00 M M 18.5 30 60 M M 3 8 40 70
6 89 74 82 2 0 17 T M M 17.9 30 30 M M 3 8 36 30
7 91 71 81 1 0 16 0.00 M M 17.0 31 40 M M 3 37 40
8 88 73 81 1 0 16 0.01 M M 19.0 36 30 M M 4 8 40 30
9 89 75 82 2 0 17 T M M 19.9 33 60 M M 3 8 43 60
10 88 74 81 1 0 16 0.00 M M 19.2 30 60 M M 3 40 80
11 89 75 82 2 0 17 0.00 M M 17.9 35 40 M M 3 41 50
12 87 70 79 -1 0 14 0.01 M M 16.3 30 40 M M 4 8 36 70
13 88 75 82 2 0 17 0.02 M M 17.5 32 60 M M 5 18 46 80
14 89 74 82 2 0 17 T M M 18.5 32 50 M M 3 18 40 30
15 89 73 81 1 0 16 0.00 M M 18.4 32 40 M M 4 8 40 50
16 87 73 80 0 0 15 T M M 21.4 32 80 M M 3 44 70
17 91 72 82 2 0 17 0.00 M M 21.1 36 70 M M 1 48 70
18 89 71 80 -1 0 15 0.02 M M 19.0 31 40 M M 3 1 39 50
19 88 70 79 -2 0 14 T M M 18.1 33 40 M M 4 1 40 40
20 88 68 78 -3 0 13 T M M 17.2 30 60 M M 3 18 40 60
21 89 70 80 -1 0 15 T M M 16.1 29 40 M M 5 1 40 50
22 91 74 83 2 0 18 0.00 M M 18.0 29 50 M M 2 38 70
23 90 75 83 2 0 18 0.00 M M 15.6 26 40 M M 3 34 50
24 90 71 81 0 0 16 0.00 M M 15.5 30 40 M M 2 36 40
25 90 75 83 2 0 18 0.00 M M 16.5 30 40 M M 4 39 30
26 90 74 82 1 0 17 0.01 M M 17.6 31 60 M M 4 18 40 60
27 90 76 83 2 0 18 0.00 M M 17.8 28 30 M M 2 8 33 30
28 89 69 79 -2 0 14 0.00 M M 12.7 23 40 M M 2 8 26 40
29 92 67 80 -1 0 15 0.00 M M 10.3 23 30 M M 1 27 30
30 94 70 82 1 0 17 0.00 M M 14.5 28 70 M M 2 8 38 60
31 90 75 83 2 0 18 0.01 M M 16.2 26 30 M M 3 37 40
================================================================================
SM 2768 2256 0 505 0.09 M 549.1 M 94
================================================================================
AV 89.3 72.8 17.7 FASTST M M 3 MAX(MPH)
MISC ----> # 36 30 48 70
================================================================================
NOTES:
# LAST OF SEVERAL OCCURRENCES
COLUMN 17 PEAK WIND IN M.P.H.
PRELIMINARY LOCAL CLIMATOLOGICAL DATA (WS FORM: F-6) , PAGE 2
STATION: KAHULUI HI
MONTH: JULY
YEAR: 2022
LATITUDE: 20 53 N
LONGITUDE: 156 26 W
[TEMPERATURE DATA] [PRECIPITATION DATA] SYMBOLS USED IN COLUMN 16
AVERAGE MONTHLY: 81.0 TOTAL FOR MONTH: 0.09 1 = FOG OR MIST
DPTR FM NORMAL: 0.5 DPTR FM NORMAL: -0.44 2 = FOG REDUCING VISIBILITY
HIGHEST: 94 ON 30 GRTST 24HR 0.03 ON 12-13 TO 1/4 MILE OR LESS
LOWEST: 67 ON 29 3 = THUNDER
SNOW, ICE PELLETS, HAIL 4 = ICE PELLETS
TOTAL MONTH: M 5 = HAIL
GRTST 24HR M ON M 6 = FREEZING RAIN OR DRIZZLE
GRTST DEPTH: M ON M 7 = DUSTSTORM OR SANDSTORM:
VSBY 1/2 MILE OR LESS
8 = SMOKE OR HAZE
[NO. OF DAYS WITH] [WEATHER - DAYS WITH] 9 = BLOWING SNOW
X = TORNADO
MAX 32 OR BELOW: 0 0.01 INCH OR MORE: 7
MAX 90 OR ABOVE: 12 0.10 INCH OR MORE: 0
MIN 32 OR BELOW: 0 0.50 INCH OR MORE: 0
MIN 0 OR BELOW: 0 1.00 INCH OR MORE: 0
[HDD (BASE 65) ]
TOTAL THIS MO. 0 CLEAR (SCALE 0-3) 14
DPTR FM NORMAL 0 PTCLDY (SCALE 4-7) 17
TOTAL FM JUL 1 0 CLOUDY (SCALE 8-10) 0
DPTR FM NORMAL 0
[CDD (BASE 65) ]
TOTAL THIS MO. 505
DPTR FM NORMAL 25 [PRESSURE DATA]
TOTAL FM JAN 1 2582 HIGHEST SLP 30.15 ON 10
DPTR FM NORMAL 234 LOWEST SLP 29.96 ON 26
[REMARKS]
#FINAL-07-22#