000
CXHW52 PHFO 011250
CF6OGG
PRELIMINARY LOCAL CLIMATOLOGICAL DATA (WS FORM: F-6)
STATION: KAHULUI HI
MONTH: JANUARY
YEAR: 2024
LATITUDE: 20 53 N
LONGITUDE: 156 26 W
TEMPERATURE IN F: :PCPN: SNOW: WIND :SUNSHINE: SKY :PK WND
================================================================================
1 2 3 4 5 6A 6B 7 8 9 10 11 12 13 14 15 16 17 18
12Z AVG MX 2MIN
DY MAX MIN AVG DEP HDD CDD WTR SNW DPTH SPD SPD DIR MIN PSBL S-S WX SPD DR
================================================================================
1 84 59 72 -1 0 7 0.00 M M 12.9 26 50 M M 2 8 35 50
2 84 67 76 3 0 11 0.00 M M 11.0 22 70 M M 2 34 50
3 85 61 73 0 0 8 0.00 M M 7.6 22 80 M M 3 30 50
4 86 63 75 2 0 10 0.00 M M 5.2 17 80 M M 3 23 90
5 86 64 75 2 0 10 0.00 M M 5.9 16 360 M M 2 21 30
6 87 62 75 2 0 10 0.00 M M 6.5 20 70 M M 1 24 70
7 85 63 74 1 0 9 0.01 M M 7.5 22 200 M M 3 28 210
8 80 73 77 4 0 12 0.06 M M 22.2 36 200 M M 6 45 200
9 78 67 73 0 0 8 2.08 M M 17.0 41 190 M M 9 1 53 180
10 81 69 75 2 0 10 0.04 M M 11.4 25 190 M M 4 1 31 190
11 79 66 73 0 0 8 0.07 M M 15.7 33 200 M M 6 18 38 200
12 77 61 69 -4 0 4 0.03 M M 10.0 24 330 M M 5 1 29 320
13 77 61 69 -4 0 4 0.01 M M 9.2 17 320 M M 5 22 310
14 80 55 68 -5 0 3 0.00 M M 5.1 15 190 M M 1 23 180
15 80 60 70 -3 0 5 0.01 M M 12.1 28 200 M M 2 1 34 210
16 81 71 76 3 0 11 1.88 M M 22.8 37 210 M M 8 1 46 210
17 80 65 73 0 0 8 0.23 M M 15.8 26 210 M M 5 1 33 210
18 82 62 72 -1 0 7 0.00 M M 6.1 18 200 M M 1 24 190
19 82 58 70 -3 0 5 0.00 M M 7.7 17 210 M M 0 21 190
20 82 64 73 0 0 8 0.00 M M 6.9 13 180 M M 3 17 190
21 83 68 76 3 0 11 0.00 M M 5.0 14 210 M M 6 16 210
22 83 67 75 2 0 10 0.00 M M 11.3 24 210 M M 2 29 200
23 82 68 75 2 0 10 T M M 9.8 16 230 M M 3 16 230
24 84 73 79 6 0 14 0.00 M M 22.9 40 200 M M 3 51 190
25 78 70 74 1 0 9 0.01 M M 12.7 22 190 M M 6 1 30 190
26 81 68 75 2 0 10 0.02 M M 11.2 21 200 M M 4 1 28 200
27 81 69 75 2 0 10 0.00 M M 16.9 25 200 M M 3 35 190
28 82 72 77 4 0 12 T M M 19.6 30 190 M M 4 42 200
29 82 70 76 3 0 11 0.40 M M 20.7 31 190 M M 7 1 42 200
30 80 67 74 1 0 9 0.22 M M 9.6 25 180 M M 7 1 33 190
31 85 64 75 2 0 10 0.00 M M 5.9 16 320 M M 4 23 320
================================================================================
SM 2537 2027 0 274 5.07 M 364.2 M 120
================================================================================
AV 81.8 65.4 11.7 FASTST M M 4 MAX(MPH)
MISC ----> 41 190 53 180
================================================================================
NOTES:
# LAST OF SEVERAL OCCURRENCES
COLUMN 17 PEAK WIND IN M.P.H.
PRELIMINARY LOCAL CLIMATOLOGICAL DATA (WS FORM: F-6) , PAGE 2
STATION: KAHULUI HI
MONTH: JANUARY
YEAR: 2024
LATITUDE: 20 53 N
LONGITUDE: 156 26 W
[TEMPERATURE DATA] [PRECIPITATION DATA] SYMBOLS USED IN COLUMN 16
AVERAGE MONTHLY: 73.6 TOTAL FOR MONTH: 5.07 1 = FOG OR MIST
DPTR FM NORMAL: 0.7 DPTR FM NORMAL: 2.65 2 = FOG REDUCING VISIBILITY
HIGHEST: 87 ON 6 GRTST 24HR 2.64 ON 8- 9 TO 1/4 MILE OR LESS
LOWEST: 55 ON 14 3 = THUNDER
SNOW, ICE PELLETS, HAIL 4 = ICE PELLETS
TOTAL MONTH: M 5 = HAIL
GRTST 24HR M ON M 6 = FREEZING RAIN OR DRIZZLE
GRTST DEPTH: M ON M 7 = DUSTSTORM OR SANDSTORM:
VSBY 1/2 MILE OR LESS
8 = SMOKE OR HAZE
[NO. OF DAYS WITH] [WEATHER - DAYS WITH] 9 = BLOWING SNOW
X = TORNADO
MAX 32 OR BELOW: 0 0.01 INCH OR MORE: 14
MAX 90 OR ABOVE: 0 0.10 INCH OR MORE: 5
MIN 32 OR BELOW: 0 0.50 INCH OR MORE: 2
MIN 0 OR BELOW: 0 1.00 INCH OR MORE: 2
[HDD (BASE 65) ]
TOTAL THIS MO. 0 CLEAR (SCALE 0-3) 15
DPTR FM NORMAL 0 PTCLDY (SCALE 4-7) 15
TOTAL FM JUL 1 0 CLOUDY (SCALE 8-10) 1
DPTR FM NORMAL 0
[CDD (BASE 65) ]
TOTAL THIS MO. 274
DPTR FM NORMAL 29 [PRESSURE DATA]
TOTAL FM JAN 1 274 HIGHEST SLP 30.21 ON 2
DPTR FM NORMAL 29 LOWEST SLP 29.69 ON 16
[REMARKS]
#FINAL-01-24#