000
CXUS53 KEAX 012211 RRA
CLMOJC
CLIMATE REPORT
NATIONAL WEATHER SERVICE KANSAS CITY/PLEASANT HILL MO
503 PM CDT MON APR 01 2024
...................................
...THE JOHNSON COUNTY EXECUTIVE KS CLIMATE SUMMARY FOR THE MONTH OF MARCH 2024...
CLIMATE NORMAL PERIOD: 1991 TO 2020
CLIMATE RECORD PERIOD: 9999 TO 9999
WEATHER OBSERVED NORMAL DEPART LAST YEAR`S
VALUE DATE(S) VALUE FROM VALUE DATE(S)
NORMAL
................................................................
TEMPERATURE (F)
HIGHEST 80 03/03 77 3 79 03/31
LOWEST 22 03/27 16 6 15 03/19
AVG. MAXIMUM 61.4 55.1 6.3 52.8
AVG. MINIMUM 38.1 35.1 3.0 33.4
MEAN 49.7 45.1 4.6 43.1
DAYS MAX >= 90 0 0.0 0.0 0
DAYS MAX <= 32 0 1.1 -1.1 1
DAYS MIN <= 32 9 11.9 -2.9 11
DAYS MIN <= 0 0 0.1 -0.1 0
PRECIPITATION (INCHES)
TOTALS 1.24 2.27 -1.03 2.71
DAILY AVG. 0.04 0.07 -0.03 0.09
DAYS >= .01 6 9.1 -3.1 11
DAYS >= .10 3 4.7 -1.7 7
DAYS >= .50 1 1.3 -0.3 2
DAYS >= 1.00 0 0.5 -0.5 0
GREATEST
24 HR. TOTAL 0.83 03/07 TO 03/07
DEGREE DAYS
HEATING TOTAL 473 620 -147 669
SINCE 7/1 3801 4494 -693 MM
COOLING TOTAL 5 3 2 0
SINCE 1/1 5 3 2 MM
................................................................
WIND (MPH)
AVERAGE WIND SPEED 10.3
HIGHEST WIND SPEED/DIRECTION 30/210 DATE 03/03
HIGHEST GUST SPEED/DIRECTION 43/210 DATE 03/03
SKY COVER
POSSIBLE SUNSHINE (PERCENT) MM
AVERAGE SKY COVER 0.31
NUMBER OF DAYS FAIR 19
NUMBER OF DAYS PC 9
NUMBER OF DAYS CLOUDY 3
AVERAGE RH (PERCENT) 60
WEATHER CONDITIONS. NUMBER OF DAYS WITH
THUNDERSTORM 5 MIXED PRECIP 0
HEAVY RAIN 2 RAIN 4
LIGHT RAIN 7 FREEZING RAIN 0
LT FREEZING RAIN 0 HAIL 0
HEAVY SNOW 0 SNOW 0
LIGHT SNOW 0 SLEET 0
FOG 6 FOG W/VIS <= 1/4 MILE 2
HAZE 3
- INDICATES NEGATIVE NUMBERS.
R INDICATES RECORD WAS SET OR TIED.
MM INDICATES DATA IS MISSING.
T INDICATES TRACE AMOUNT.
$$