000
CXUS53 KEAX 031015 RRA
CLSOJC
CLIMATE REPORT
NATIONAL WEATHER SERVICE KANSAS CITY/PLEASANT HILL MO
409 AM CST FRI MAR 03 2023
...................................
...THE JOHNSON COUNTY EXECUTIVE KS CLIMATE SUMMARY FOR THE SEASON, FROM
12/1/2022 TO 2/28/2023...
CLIMATE NORMAL PERIOD: 1991 TO 2020
CLIMATE RECORD PERIOD: 9999 TO 9999
WEATHER OBSERVED NORMAL DEPART LAST YEAR`S
VALUE DATE(S) VALUE FROM VALUE DATE(S)
NORMAL
................................................................
TEMPERATURE (F)
HIGHEST 69 02/06 68 1 74 12/15
LOWEST -6 12/22 2 -8 3 01/02
12/23
01/21
AVG. MAXIMUM 45.5 41.6 3.9 47.1
AVG. MINIMUM 25.7 24.0 1.7 24.3
MEAN 35.6 32.8 2.8 35.7
DAYS MAX >= 90 0 0.0 0.0 0
DAYS MAX <= 32 11 22.0 -11.0 14
DAYS MIN <= 32 68 72.4 -4.4 66
DAYS MIN <= 0 2 2.3 -0.3 0
PRECIPITATION (INCHES)
TOTALS 5.12 3.89 1.23 0.85
DAILY AVG. 0.06 0.04 0.02 0.01
DAYS >= .01 22 16.5 5.5 8
DAYS >= .10 12 7.7 4.3 2
DAYS >= .50 4 2.5 1.5 0
DAYS >= 1.00 0 0.7 -0.7 0
GREATEST
24 HR. TOTAL 1.25 02/08 TO 02/09
DEGREE DAYS
HEATING TOTAL 2628 2906 -278 2608
COOLING TOTAL 0 0 0 0
................................................................
WIND (MPH)
AVERAGE WIND SPEED 9.0
HIGHEST WIND SPEED/DIRECTION 35/170 DATE 02/06
HIGHEST GUST SPEED/DIRECTION 50/170 DATE 02/06
SKY COVER
POSSIBLE SUNSHINE (PERCENT) MM
AVERAGE SKY COVER 0.41
NUMBER OF DAYS FAIR 43
NUMBER OF DAYS PC 22
NUMBER OF DAYS CLOUDY 25
AVERAGE RH (PERCENT) 67
WEATHER CONDITIONS. NUMBER OF DAYS WITH
THUNDERSTORM 5 MIXED PRECIP 1
HEAVY RAIN 4 RAIN 10
LIGHT RAIN 17 FREEZING RAIN 2
LT FREEZING RAIN 4 HAIL 0
HEAVY SNOW 0 SNOW 1
LIGHT SNOW 14 SLEET 1
FOG 36 FOG W/VIS <= 1/4 MILE 7
HAZE 8
- INDICATES NEGATIVE NUMBERS.
R INDICATES RECORD WAS SET OR TIED.
MM INDICATES DATA IS MISSING.
T INDICATES TRACE AMOUNT.
$$