000
CXUS56 KSGX 011045
CF6OKB
PRELIMINARY LOCAL CLIMATOLOGICAL DATA (WS FORM: F-6)
STATION: OCEANSIDE AIRPORT CA
MONTH: AUGUST
YEAR: 2022
LATITUDE: 33 13 N
LONGITUDE: 117 21 W
TEMPERATURE IN F: :PCPN: SNOW: WIND :SUNSHINE: SKY :PK WND
================================================================================
1 2 3 4 5 6A 6B 7 8 9 10 11 12 13 14 15 16 17 18
12Z AVG MX 2MIN
DY MAX MIN AVG DEP HDD CDD WTR SNW DPTH SPD SPD DIR MIN PSBL S-S WX SPD DR
================================================================================
1 83 68 76 6 0 11 0.00 M M 6.2 15 250 M M 1 1 20 250
2 80 65 73 3 0 8 0.00 M M 5.7 16 260 M M 0 1 21 250
3 79 66 73 3 0 8 0.00 M M 5.0 15 250 M M 2 1 19 250
4 82 68 75 5 0 10 0.00 M M 4.2 15 250 M M 3 8 18 240
5 83 65 74 4 0 9 0.00 M M 6.0 17 250 M M 0 18 21 250
6 78 60 69 -1 0 4 0.00 M M 6.1 20 270 M M 0 18 23 260
7 81 59 70 0 0 5 0.00 M M 4.6 13 260 M M 0 18 240
8 83 64 74 4 0 9 0.00 M M 4.6 12 250 M M 2 18 16 240
9 85 65 75 5 0 10 0.00 M M 4.9 14 250 M M 0 1 17 240
10 87 65 76 6 0 11 0.00 M M 5.3 15 270 M M 0 20 250
11 83 63 73 3 0 8 0.00 M M 5.5 18 260 M M 0 1 24 260
12 81 60 71 1 0 6 0.00 M M 4.9 14 260 M M 0 18 260
13 83 67 75 5 0 10 0.00 M M 4.8 13 260 M M 1 18 17 260
14 83 65 74 4 0 9 0.00 M M 4.2 13 250 M M 0 18 17 270
15 80 64 72 2 0 7 0.00 M M 4.1 13 260 M M 3 18 18 250
16 80 64 72 2 0 7 0.00 M M 4.9 14 240 M M 3 18 17 240
17 81 65 73 3 0 8 0.00 M M 4.7 15 250 M M 4 18 19 250
18 80 66 73 3 0 8 0.00 M M 4.7 16 250 M M 4 8 20 250
19 79 64 72 2 0 7 0.00 M M 4.8 13 250 M M 4 18 17 250
20 79 68 74 4 0 9 0.00 M M 6.6 13 230 M M 8 18 250
21 78 63 71 1 0 6 0.00 M M 4.3 13 250 M M 7 8 19 270
22 80 62 71 1 0 6 0.00 M M 5.1 16 250 M M 6 21 250
23 78 64 71 1 0 6 0.00 M M 3.7 13 240 M M 4 18 17 240
24 79 65 72 2 0 7 0.00 M M 4.7 14 230 M M 5 8 19 240
25 80 65 73 3 0 8 0.00 M M 4.3 13 260 M M 3 17 250
26 80 70 75 5 0 10 0.00 M M 5.5 14 240 M M 5 18 250
27 79 69 74 4 0 9 0.00 M M 5.6 14 220 M M 7 19 220
28 78 69 74 4 0 9 0.00 M M 5.8 15 250 M M 6 21 240
29 80 65 73 3 0 8 0.00 M M 5.9 17 250 M M 4 23 240
30 81 63 72 2 0 7 0.00 M M 5.1 17 250 M M 0 1 21 260
31 84 61 73 3 0 8 0.00 M M 5.0 17 260 M M 0 18 24 260
================================================================================
SM 2507 2007 0 248 0.00 M 156.8 M 82
================================================================================
AV 80.9 64.7 5.1 FASTST M M 3 MAX(MPH)
MISC ----> 20 270 # 24 260
================================================================================
NOTES:
# LAST OF SEVERAL OCCURRENCES
COLUMN 17 PEAK WIND IN M.P.H.
PRELIMINARY LOCAL CLIMATOLOGICAL DATA (WS FORM: F-6) , PAGE 2
STATION: OCEANSIDE AIRPORT CA
MONTH: AUGUST
YEAR: 2022
LATITUDE: 33 13 N
LONGITUDE: 117 21 W
[TEMPERATURE DATA] [PRECIPITATION DATA] SYMBOLS USED IN COLUMN 16
AVERAGE MONTHLY: 72.8 TOTAL FOR MONTH: 0.00 1 = FOG OR MIST
DPTR FM NORMAL: 2.6 DPTR FM NORMAL: -0.04 2 = FOG REDUCING VISIBILITY
HIGHEST: 87 ON 10 GRTST 24HR 0.00 ON 2- 2 TO 1/4 MILE OR LESS
LOWEST: 59 ON 7 3 = THUNDER
SNOW, ICE PELLETS, HAIL 4 = ICE PELLETS
TOTAL MONTH: M 5 = HAIL
GRTST 24HR M ON M 6 = FREEZING RAIN OR DRIZZLE
GRTST DEPTH: M ON M 7 = DUSTSTORM OR SANDSTORM:
VSBY 1/2 MILE OR LESS
8 = SMOKE OR HAZE
[NO. OF DAYS WITH] [WEATHER - DAYS WITH] 9 = BLOWING SNOW
X = TORNADO
MAX 32 OR BELOW: 0 0.01 INCH OR MORE: 0
MAX 90 OR ABOVE: 0 0.10 INCH OR MORE: 0
MIN 32 OR BELOW: 0 0.50 INCH OR MORE: 0
MIN 0 OR BELOW: 0 1.00 INCH OR MORE: 0
[HDD (BASE 65) ]
TOTAL THIS MO. 0 CLEAR (SCALE 0-3) 16
DPTR FM NORMAL -1 PTCLDY (SCALE 4-7) 14
TOTAL FM JUL 1 0 CLOUDY (SCALE 8-10) 1
DPTR FM NORMAL -2
[CDD (BASE 65) ]
TOTAL THIS MO. 248
DPTR FM NORMAL 86 [PRESSURE DATA]
TOTAL FM JAN 1 520 HIGHEST SLP 30.05 ON 21
DPTR FM NORMAL 169 LOWEST SLP 29.73 ON 31
[REMARKS]
#FINAL-08-22#