000
CXUS54 KOUN 011221
CF6OKC
PRELIMINARY LOCAL CLIMATOLOGICAL DATA (WS FORM: F-6)
STATION: OKLAHOMA CITY
MONTH: MARCH
YEAR: 2022
LATITUDE: 35 24 N
LONGITUDE: 97 36 W
TEMPERATURE IN F: :PCPN: SNOW: WIND :SUNSHINE: SKY :PK WND
================================================================================
1 2 3 4 5 6A 6B 7 8 9 10 11 12 13 14 15 16 17 18
12Z AVG MX 2MIN
DY MAX MIN AVG DEP HDD CDD WTR SNW DPTH SPD SPD DIR MIN PSBL S-S WX SPD DR
================================================================================
1 74 34 54 8 11 0 0.00 0.0 0 7.5 14 230 M M 2 19 220
2 76 35 56 9 9 0 0.00 0.0 0 6.2 15 230 M M 2 20 230
3 79 37 58 11 7 0 0.00 0.0 0 8.5 16 160 M M 2 23 180
4 75 45 60 13 5 0 0.00 0.0 0 14.6 26 170 M M 6 34 170
5 80 46 63 15 2 0 0.00 0.0 0 19.8 32 220 M M 3 45 220
6 46 30 38 -10 27 0 0.03 0.0 0 18.3 28 330 M M 8 1 33 330
7 40 25 33 -15 32 0 0.00 0.0 0 15.4 26 350 M M 5 33 350
8 44 27 36 -13 29 0 0.00 0.0 0 5.5 14 40 M M 7 17 40
9 55 20 38 -11 27 0 0.00 0.0 0 5.8 16 120 M M 2 19 120
10 49 26 38 -11 27 0 0.00 0.0 0 15.8 31 340 M M 6 36 340
11 35 22 29 -21 36 0 0.21 3.0 1 14.4 29 360 M M 8 1 34 10
12 55 17 36 -14 29 0 0.00 0.0 1 8.8 24 210 M M 0 29 220
13 67 33 50 0 15 0 0.00 0.0 0 18.8 32 180 M M 2 39 180
14 66 45 56 5 9 0 0.00 0.0 0 18.3 31 190 M M 5 40 190
15 66 42 54 3 11 0 0.00 0.0 0 10.4 25 350 M M 3 30 340
16 79 37 58 7 7 0 0.00 0.0 0 15.0 29 180 M M 3 36 180
17 73 47 60 8 5 0 0.12 0.0 0 16.7 30 330 M M 8 135 35 330
18 59 38 49 -3 16 0 T 0.0 0 20.7 37 330 M M 7 3 45 350
19 72 33 53 1 12 0 0.00 0.0 0 8.9 21 230 M M 1 27 230
20 80 40 60 7 5 0 0.00 0.0 0 16.9 32 180 M M 4 43 190
21 61 50 56 3 9 0 1.61 0.0 0 12.8 25 160 M M 9 123 33 160
22 53 39 46 -7 19 0 T 0.0 0 19.6 33 320 M M 10 1 41 310
23 53 34 44 -10 21 0 0.00 0.0 0 18.2 36 320 M M 4 44 310
24 61 31 46 -8 19 0 0.00 0.0 0 8.6 24 340 M M 3 29 330
25 68 31 50 -4 15 0 0.00 0.0 0 7.7 21 10 M M 1 26 20
26 72 39 56 2 9 0 0.00 0.0 0 8.8 17 80 M M 1 23 110
27 76 48 62 7 3 0 0.00 0.0 0 14.2 20 90 M M 4 25 80
28 83 47 65 10 0 0 0.00 0.0 0 14.4 23 190 M M 3 29 190
29 78 58 68 13 0 3 T 0.0 0 22.0 35 160 M M 8 3 47 180
30 62 38 50 -5 15 0 T 0.0 0 19.0 37 350 M M 7 45 360
31 57 32 45 -11 20 0 0.00 0.0 0 9.1 18 320 M M 3 24 330
================================================================================
SM 1994 1126 451 3 1.97 3.0 420.7 M 137
================================================================================
AV 64.3 36.3 13.6 FASTST M M 4 MAX(MPH)
MISC ----> # 37 350 47 180
================================================================================
NOTES:
# LAST OF SEVERAL OCCURRENCES
COLUMN 17 PEAK WIND IN M.P.H.
PRELIMINARY LOCAL CLIMATOLOGICAL DATA (WS FORM: F-6) , PAGE 2
STATION: OKLAHOMA CITY
MONTH: MARCH
YEAR: 2022
LATITUDE: 35 24 N
LONGITUDE: 97 36 W
[TEMPERATURE DATA] [PRECIPITATION DATA] SYMBOLS USED IN COLUMN 16
AVERAGE MONTHLY: 50.3 TOTAL FOR MONTH: 1.97 1 = FOG OR MIST
DPTR FM NORMAL: -0.9 DPTR FM NORMAL: -0.58 2 = FOG REDUCING VISIBILITY
HIGHEST: 83 ON 28 GRTST 24HR 1.61 ON 21-21 TO 1/4 MILE OR LESS
LOWEST: 17 ON 12 3 = THUNDER
SNOW, ICE PELLETS, HAIL 4 = ICE PELLETS
TOTAL MONTH: 3.0 INCHES 5 = HAIL
GRTST 24HR 3.0 ON 11-11 6 = FREEZING RAIN OR DRIZZLE
GRTST DEPTH: 1 ON 12,11 7 = DUSTSTORM OR SANDSTORM:
VSBY 1/2 MILE OR LESS
8 = SMOKE OR HAZE
[NO. OF DAYS WITH] [WEATHER - DAYS WITH] 9 = BLOWING SNOW
X = TORNADO
MAX 32 OR BELOW: 0 0.01 INCH OR MORE: 4
MAX 90 OR ABOVE: 0 0.10 INCH OR MORE: 3
MIN 32 OR BELOW: 10 0.50 INCH OR MORE: 1
MIN 0 OR BELOW: 0 1.00 INCH OR MORE: 1
[HDD (BASE 65) ]
TOTAL THIS MO. 451 CLEAR (SCALE 0-3) 12
DPTR FM NORMAL 14 PTCLDY (SCALE 4-7) 17
TOTAL FM JUL 1 2966 CLOUDY (SCALE 8-10) 2
DPTR FM NORMAL -390
[CDD (BASE 65) ]
TOTAL THIS MO. 3
DPTR FM NORMAL -6 [PRESSURE DATA]
TOTAL FM JAN 1 3 HIGHEST SLP 30.44 ON 12
DPTR FM NORMAL -7 LOWEST SLP 29.34 ON 30
[REMARKS]
#FINAL-03-22#