000
CXUS53 KOAX 010930
CF6OMA
PRELIMINARY LOCAL CLIMATOLOGICAL DATA (WS FORM: F-6)
STATION: OMAHA NE
MONTH: MAY
YEAR: 2023
LATITUDE: 41 17 N
LONGITUDE: 95 54 W
TEMPERATURE IN F: :PCPN: SNOW: WIND :SUNSHINE: SKY :PK WND
================================================================================
1 2 3 4 5 6A 6B 7 8 9 10 11 12 13 14 15 16 17 18
12Z AVG MX 2MIN
DY MAX MIN AVG DEP HDD CDD WTR SNW DPTH SPD SPD DIR MIN PSBL S-S WX SPD DR
================================================================================
1 64 39 52 -6 13 0 0.00 0.0 0 16.8 30 320 M M 1 40 340
2 67 34 51 -7 14 0 0.00 0.0 0 13.8 29 330 M M 0 39 330
3 74 34 54 -5 11 0 0.00 0.0 0 3.7 8 120 M M 1 16 30
4 84 47 66 7 0 1 0.00 0.0 0 11.1 25 180 M M 2 36 180
5 63 57 60 1 5 0 0.03 0.0 0 8.1 18 150 M M 10 18 24 200
6 76 56 66 6 0 1 T 0.0 0 6.5 17 80 M M 8 18 21 80
7 87 51 69 9 0 4 T 0.0 0 8.7 23 70 M M 8 123 36 20
8 84 54 69 9 0 4 T 0.0 0 7.7 23 110 M M 3 3 29 110
9 77 61 69 8 0 4 0.00 0.0 0 12.3 21 130 M M 7 29 120
10 84 59 72 11 0 7 0.00 0.0 0 9.4 20 140 M M 7 26 140
11 82 65 74 12 0 9 0.11 0.0 0 12.7 26 120 M M 7 1 38 110
12 83 66 75 13 0 10 T 0.0 0 13.3 31 130 M M 9 138 40 120
13 82 61 72 10 0 7 0.00 0.0 0 6.8 16 150 M M 7 3 23 230
14 77 56 67 4 0 2 0.00 0.0 0 9.3 21 30 M M 10 18 26 30
15 60 53 57 -6 8 0 T 0.0 0 7.4 15 40 M M 10 1 21 40
16 80 57 69 5 0 4 T 0.0 0 4.1 15 330 M M 6 8 22 300
17 83 51 67 3 0 2 0.00 0.0 0 3.6 12 100 M M 1 17 10
18 84 56 70 6 0 5 0.00 0.0 0 8.1 20 330 M M 5 8 24 330
19 68 45 57 -8 8 0 0.00 0.0 0 15.0 25 340 M M 5 8 34 360
20 73 39 56 -9 9 0 0.00 0.0 0 4.2 10 180 M M 0 15 180
21 80 50 65 -1 0 0 0.00 0.0 0 8.0 15 140 M M 5 24 150
22 81 55 68 2 0 3 0.00 0.0 0 8.8 17 170 M M 2 27 180
23 83 59 71 5 0 6 0.00 0.0 0 5.7 15 170 M M 3 23 150
24 86 53 70 3 0 5 0.03 0.0 0 5.8 17 170 M M 2 3 28 120
25 84 64 74 7 0 9 T 0.0 0 9.8 22 220 M M 7 28 220
26 83 57 70 2 0 5 0.00 0.0 0 12.5 20 130 M M 2 25 140
27 83 51 67 -1 0 2 0.00 0.0 0 10.4 21 140 M M 2 31 160
28 85 52 69 1 0 4 0.00 0.0 0 8.4 17 140 M M 3 23 150
29 88 64 76 7 0 11 T 0.0 0 13.8 23 150 M M 6 31 160
30 91 66 79 10 0 14 0.00 0.0 0 11.9 25 160 M M 7 32 160
31 88 65 77 8 0 12 0.00 0.0 0 12.0 20 160 M M 7 26 170
================================================================================
SM 2464 1677 68 131 0.17 0.0 289.7 M 153
================================================================================
AV 79.5 54.1 9.3 FASTST M M 5 MAX(MPH)
MISC ----> 31 130 # 40 340
================================================================================
NOTES:
# LAST OF SEVERAL OCCURRENCES
COLUMN 17 PEAK WIND IN M.P.H.
PRELIMINARY LOCAL CLIMATOLOGICAL DATA (WS FORM: F-6) , PAGE 2
STATION: OMAHA NE
MONTH: MAY
YEAR: 2023
LATITUDE: 41 17 N
LONGITUDE: 95 54 W
[TEMPERATURE DATA] [PRECIPITATION DATA] SYMBOLS USED IN COLUMN 16
AVERAGE MONTHLY: 66.8 TOTAL FOR MONTH: 0.17 1 = FOG OR MIST
DPTR FM NORMAL: 3.2 DPTR FM NORMAL: -4.49 2 = FOG REDUCING VISIBILITY
HIGHEST: 91 ON 30 GRTST 24HR 0.11 ON 11-11 TO 1/4 MILE OR LESS
LOWEST: 34 ON 3, 2 3 = THUNDER
SNOW, ICE PELLETS, HAIL 4 = ICE PELLETS
TOTAL MONTH: 0.0 INCH 5 = HAIL
GRTST 24HR 0.0 6 = FREEZING RAIN OR DRIZZLE
GRTST DEPTH: 0 7 = DUSTSTORM OR SANDSTORM:
VSBY 1/2 MILE OR LESS
8 = SMOKE OR HAZE
[NO. OF DAYS WITH] [WEATHER - DAYS WITH] 9 = BLOWING SNOW
X = TORNADO
MAX 32 OR BELOW: 0 0.01 INCH OR MORE: 3
MAX 90 OR ABOVE: 1 0.10 INCH OR MORE: 1
MIN 32 OR BELOW: 0 0.50 INCH OR MORE: 0
MIN 0 OR BELOW: 0 1.00 INCH OR MORE: 0
[HDD (BASE 65) ]
TOTAL THIS MO. 68 CLEAR (SCALE 0-3) 13
DPTR FM NORMAL -64 PTCLDY (SCALE 4-7) 13
TOTAL FM JUL 1 5936 CLOUDY (SCALE 8-10) 5
DPTR FM NORMAL 114
[CDD (BASE 65) ]
TOTAL THIS MO. 131
DPTR FM NORMAL 41 [PRESSURE DATA]
TOTAL FM JAN 1 152 HIGHEST SLP 30.35 ON 15
DPTR FM NORMAL 46 LOWEST SLP 29.67 ON 7
[REMARKS]
#FINAL-05-23#