000
CXUS56 KOTX 011010
CF6OMK
PRELIMINARY LOCAL CLIMATOLOGICAL DATA (WS FORM: F-6)
STATION: OMAK WA AIRPORT
MONTH: FEBRUARY
YEAR: 2024
LATITUDE: 48 27 N
LONGITUDE: 119 31 W
TEMPERATURE IN F: :PCPN: SNOW: WIND :SUNSHINE: SKY :PK WND
================================================================================
1 2 3 4 5 6A 6B 7 8 9 10 11 12 13 14 15 16 17 18
12Z AVG MX 2MIN
DY MAX MIN AVG DEP HDD CDD WTR SNW DPTH SPD SPD DIR MIN PSBL S-S WX SPD DR
================================================================================
1 47 40 44 14 21 0 0.12 M M 1.8 7 100 M M 10 12 23 160
2 51 40 46 16 19 0 0.00 M M 2.7 8 150 M M 9 12 10 150
3 48 36 42 12 23 0 0.00 M M 4.9 12 340 M M 6 12 14 20
4 45 36 41 11 24 0 0.01 M M 11.6 16 360 M M 9 21 350
5 37 34 36 6 29 0 0.09 M M 11.7 17 350 M M 10 1 22 350
6 39 34 37 7 28 0 0.10 M M 6.6 12 360 M M 10 1 14 350
7 46 36 41 10 24 0 0.00 M M 9.3 15 350 M M 9 1 18 340
8 49 37 43 12 22 0 0.00 M M 7.0 12 360 M M 9 16 330
9 45 27 36 5 29 0 0.00 M M 11.5 25 10 M M 2 30 10
10 41 24 33 2 32 0 0.00 M M 2.3 8 290 M M 5 8 290
11 36 32 34 3 31 0 0.16 M M 1.3 7 180 M M 10 12 11 100
12 51 30 41 9 24 0 T M M 7.5 22 10 M M 5 1 26 20
13 47 27 37 5 28 0 0.00 M M 12.2 25 10 M M 0 32 30
14 41 26 34 2 31 0 0.00 M M 13.5 23 360 M M 4 28 360
15 36 28 32 0 33 0 T M M 14.1 25 10 M M 9 31 10
16 41 20 31 -2 34 0 0.00 M M 7.3 16 20 M M 0 22 360
17 40 17 29 -4 36 0 0.00 M M 3.7 10 30 M M 2 12 30
18 43 32 38 5 27 0 T M M 3.4 12 170 M M 10 16 200
19 43 34 39 6 26 0 0.06 M M 3.9 15 10 M M 10 12 18 350
20 45 37 41 7 24 0 0.00 M M 5.5 14 160 M M 10 12 16 160
21 44 39 42 8 23 0 0.01 M M 1.3 6 170 M M 10 1 7 180
22 50 35 43 9 22 0 0.00 M M 2.3 7 200 M M 9 18 10 210
23 50 38 44 9 21 0 0.00 M M 6.4 18 170 M M 7 24 150
24 58 32 45 10 20 0 0.00 M M 9.0 18 150 M M 3 26 140
25 62 38 50 15 15 0 0.00 M M 13.0 28 150 M M 4 35 150
26 48 23 36 0 29 0 0.00 M M 6.9 30 300 M M 1 42 290
27 41 24 33 -3 32 0 0.00 M M 11.2 24 10 M M 5 34 10
28 56 38 47 11 18 0 0.00 M M 14.8 30 160 M M 10 42 150
29 53 38 46 9 19 0 0.00 M M 13.9 25 170 M M 6 37 180
================================================================================
SM 1333 932 744 0 0.55 M 220.6 M 194
================================================================================
AV 46.0 32.1 7.6 FASTST M M 7 MAX(MPH)
MISC ----> # 30 300 # 42 290
================================================================================
NOTES:
# LAST OF SEVERAL OCCURRENCES
COLUMN 17 PEAK WIND IN M.P.H.
PRELIMINARY LOCAL CLIMATOLOGICAL DATA (WS FORM: F-6) , PAGE 2
STATION: OMAK WA AIRPORT
MONTH: FEBRUARY
YEAR: 2024
LATITUDE: 48 27 N
LONGITUDE: 119 31 W
[TEMPERATURE DATA] [PRECIPITATION DATA] SYMBOLS USED IN COLUMN 16
AVERAGE MONTHLY: 39.1 TOTAL FOR MONTH: 0.55 1 = FOG OR MIST
DPTR FM NORMAL: 6.6 DPTR FM NORMAL: -0.36 2 = FOG REDUCING VISIBILITY
HIGHEST: 62 ON 25 GRTST 24HR 0.38 ON 31- 1 TO 1/4 MILE OR LESS
LOWEST: 17 ON 17 3 = THUNDER
SNOW, ICE PELLETS, HAIL 4 = ICE PELLETS
TOTAL MONTH: M 5 = HAIL
GRTST 24HR M ON M 6 = FREEZING RAIN OR DRIZZLE
GRTST DEPTH: M ON M 7 = DUSTSTORM OR SANDSTORM:
VSBY 1/2 MILE OR LESS
8 = SMOKE OR HAZE
[NO. OF DAYS WITH] [WEATHER - DAYS WITH] 9 = BLOWING SNOW
X = TORNADO
MAX 32 OR BELOW: 0 0.01 INCH OR MORE: 7
MAX 90 OR ABOVE: 0 0.10 INCH OR MORE: 3
MIN 32 OR BELOW: 13 0.50 INCH OR MORE: 0
MIN 0 OR BELOW: 0 1.00 INCH OR MORE: 0
[HDD (BASE 65) ]
TOTAL THIS MO. 744 CLEAR (SCALE 0-3) 5
DPTR FM NORMAL -166 PTCLDY (SCALE 4-7) 9
TOTAL FM JUL 1 4153 CLOUDY (SCALE 8-10) 15
DPTR FM NORMAL -613
[CDD (BASE 65) ]
TOTAL THIS MO. 0
DPTR FM NORMAL 0 [PRESSURE DATA]
TOTAL FM JAN 1 0 HIGHEST SLP M ON M
DPTR FM NORMAL 0 LOWEST SLP 29.24 ON 29
[REMARKS]
#FINAL-02-24#