000
CXUS51 KAKQ 061303
CF6ORF
PRELIMINARY LOCAL CLIMATOLOGICAL DATA (WS FORM: F-6)
STATION: NORFOLK VA
MONTH: FEBRUARY
YEAR: 2021
LATITUDE: 36 54 N
LONGITUDE: 76 12 W
TEMPERATURE IN F: :PCPN: SNOW: WIND :SUNSHINE: SKY :PK WND
================================================================================
1 2 3 4 5 6A 6B 7 8 9 10 11 12 13 14 15 16 17 18
12Z AVG MX 2MIN
DY MAX MIN AVG DEP HDD CDD WTR SNW DPTH SPD SPD DIR MIN PSBL S-S WX SPD DR
================================================================================
1 41 34 38 -3 27 0 0.01 0.1 0 7.8 16 340 M M 10 1 23 340
2 39 34 37 -4 28 0 0.06 T 0 9.1 17 320 M M 10 1 28 330
3 44 31 38 -3 27 0 T T 0 6.8 16 310 M M 8 26 330
4 53 32 43 2 22 0 0.00 0.0 0 5.4 12 190 M M 0 17 200
5 50 43 47 6 18 0 0.11 0.0 0 12.0 24 220 M M 6 28 220
6 56 33 45 4 20 0 T 0.0 0 4.6 13 170 M M 2 18 170
7 46 33 40 -2 25 0 0.77 0.0 0 9.9 25 70 M M 8 1 30 70
8 42 34 38 -4 27 0 0.00 0.0 0 8.8 17 20 M M 2 21 10
9 57 40 49 7 16 0 0.01 0.0 0 5.4 14 40 M M 7 1 19 20
10 45 39 42 0 23 0 0.00 0.0 0 9.8 17 20 M M 9 8 22 20
11 43 36 40 -2 25 0 0.45 0.0 0 13.3 24 30 M M 10 1 30 40
12 37 35 36 -6 29 0 0.43 T 0 16.1 25 30 M M 10 1 30 30
13 40 36 38 -4 27 0 0.89 0.0 0 15.7 25 30 M M 10 1 31 350
14 40 35 38 -4 27 0 0.59 0.0 0 15.3 23 10 M M 10 1 30 350
15 46 38 42 -1 23 0 0.02 0.0 0 10.0 18 360 M M 10 1 25 20
16 69 40 55 12 10 0 0.56 0.0 0 13.3 28 220 M M 5 13 36 210
17 40 33 37 -6 28 0 0.00 0.0 0 12.7 22 360 M M 4 29 360
18 42 35 39 -4 26 0 0.91 T 0 17.3 29 10 M M 10 13 34 60
19 39 36 38 -5 27 0 0.59 0.0 0 12.3 20 360 M M 9 1 28 350
20 41 32 37 -6 28 0 0.00 0.0 0 10.1 20 350 M M 1 31 350
21 39 30 35 -9 30 0 0.00 0.0 0 8.9 21 350 M M 0 31 350
22 64 30 47 3 18 0 0.49 0.0 0 11.1 38 200 M M 5 1 51 180
23 65 35 50 6 15 0 0.00 0.0 0 7.5 21 230 M M 0 1 27 220
24 70 34 52 8 13 0 0.00 0.0 0 9.3 21 210 M M 0 29 190
25 60 38 49 5 16 0 0.00 0.0 0 8.9 17 20 M M 1 23 20
26 49 39 44 -1 21 0 0.25 0.0 0 8.6 18 70 M M 9 1 23 90
27 62 47 55 10 10 0 0.30 0.0 0 9.2 21 240 M M 8 1 28 240
28 69 49 59 14 6 0 0.00 0.0 0 6.7 20 140 M M 8 24 140
================================================================================
SM 1388 1011 612 0 6.44 0.1 285.9 M 172
================================================================================
AV 49.6 36.1 10.2 FASTST M M 6 MAX(MPH)
MISC ----> 38 200 51 180
================================================================================
NOTES:
# LAST OF SEVERAL OCCURRENCES
COLUMN 17 PEAK WIND IN M.P.H.
PRELIMINARY LOCAL CLIMATOLOGICAL DATA (WS FORM: F-6) , PAGE 2
STATION: NORFOLK VA
MONTH: FEBRUARY
YEAR: 2021
LATITUDE: 36 54 N
LONGITUDE: 76 12 W
[TEMPERATURE DATA] [PRECIPITATION DATA] SYMBOLS USED IN COLUMN 16
AVERAGE MONTHLY: 42.8 TOTAL FOR MONTH: 6.44 1 = FOG OR MIST
DPTR FM NORMAL: 0.2 DPTR FM NORMAL: 3.32 2 = FOG REDUCING VISIBILITY
HIGHEST: 70 ON 24 GRTST 24HR 1.13 ON 18-19 TO 1/4 MILE OR LESS
LOWEST: 30 ON 22,21 3 = THUNDER
SNOW, ICE PELLETS, HAIL 4 = ICE PELLETS
TOTAL MONTH: 0.4 INCH 5 = HAIL
GRTST 24HR 0.1 ON 1- 1 6 = FREEZING RAIN OR DRIZZLE
GRTST DEPTH: 0 7 = DUSTSTORM OR SANDSTORM:
VSBY 1/2 MILE OR LESS
8 = SMOKE OR HAZE
[NO. OF DAYS WITH] [WEATHER - DAYS WITH] 9 = BLOWING SNOW
X = TORNADO
MAX 32 OR BELOW: 0 0.01 INCH OR MORE: 16
MAX 90 OR ABOVE: 0 0.10 INCH OR MORE: 12
MIN 32 OR BELOW: 5 0.50 INCH OR MORE: 6
MIN 0 OR BELOW: 0 1.00 INCH OR MORE: 0
[HDD (BASE 65) ]
TOTAL THIS MO. 612 CLEAR (SCALE 0-3) 8
DPTR FM NORMAL -15 PTCLDY (SCALE 4-7) 8
TOTAL FM JUL 1 2122 CLOUDY (SCALE 8-10) 12
DPTR FM NORMAL -446
[CDD (BASE 65) ]
TOTAL THIS MO. 0
DPTR FM NORMAL -1 [PRESSURE DATA]
TOTAL FM JAN 1 0 HIGHEST SLP 30.63 ON 21
DPTR FM NORMAL 0 LOWEST SLP 29.52 ON 2
[REMARKS]
#FINAL-02-21#