410
CXUS53 KGRB 181210
CF6OSH
PRELIMINARY LOCAL CLIMATOLOGICAL DATA (WS FORM: F-6)
STATION: OSHKOSH WI
MONTH: JULY
YEAR: 2020
LATITUDE: 44 0 N
LONGITUDE: 88 34 W
TEMPERATURE IN F: :PCPN: SNOW: WIND :SUNSHINE: SKY :PK WND
================================================================================
1 2 3 4 5 6A 6B 7 8 9 10 11 12 13 14 15 16 17 18
12Z AVG MX 2MIN
DY MAX MIN AVG DEP HDD CDD WTR SNW DPTH SPD SPD DIR MIN PSBL S-S WX SPD DR
================================================================================
1 86 66 76 6 0 11 0.00 0.0 0 5.0 14 110 M M 0 19 120
2 88 63 76 6 0 11 0.00 0.0 0 1.7 9 350 M M 0 12 360
3 90 68 79 8 0 14 0.00 0.0 0 3.2 20 80 M M 1 27 80
4 88 67 78 7 0 13 0.00 0.0 0 3.7 9 70 M M 0 1 14 60
5 90 67 79 8 0 14 0.00 0.0 0 3.7 13 300 M M 0 1 18 300
6 90 70 80 9 0 15 0.07 0.0 0 4.5 22 310 M M 2 32 320
7 89 67 78 7 0 13 0.93 0.0 0 4.6 31 180 M M 2 1 41 180
8 88 63 76 5 0 11 0.00 0.0 0 5.8 14 180 M M 1 1 19 160
9 87 68 78 7 0 13 1.53 0.0 0 7.8 31 190 M M 4 12 41 180
10 82 67 75 4 0 10 0.57 0.0 0 9.4 18 350 M M 5 1 26 300
11 84 65 75 4 0 10 0.00 0.0 0 6.9 20 30 M M 2 27 20
12 77 61 69 -2 0 4 0.00 0.0 0 6.5 17 360 M M 4 27 330
13 80 58 69 -2 0 4 0.00 0.0 0 5.9 15 150 M M 0 22 80
14 83 63 73 2 0 8 0.06 0.0 0 11.0 22 180 M M 2 30 180
15 72 65 69 -2 0 4 1.07 0.0 0 7.3 20 10 M M 10 18 24 10
16 80 62 71 0 0 6 0.00 0.0 0 5.0 10 360 M M 4 1 13 360
17 86 64 75 4 0 10 0.00 0.0 0 6.4 13 200 M M 1 18 200
18 85 69 77 6 0 12 T 0.0 0 10.9 22 200 M M 2 1 33 210
19 83 68 76 5 0 11 0.34 0.0 0 9.9 26 280 M M 2 1 46 280
20 78 60 69 -2 0 4 0.00 0.0 0 5.3 13 100 M M 0 16 110
21 78 59 69 -2 0 4 0.21 0.0 0 7.9 16 140 M M 3 1 22 120
22 77 63 70 -1 0 5 0.04 0.0 0 7.3 14 290 M M 5 1 22 300
23 77 62 70 -1 0 5 T 0.0 0 6.4 13 10 M M 5 18 17 70
24 82 56 69 -2 0 4 0.00 0.0 0 3.8 10 200 M M 0 15 70
25 88 66 77 6 0 12 0.00 0.0 0 9.2 16 200 M M 0 24 190
26 90 74 82 11 0 17 0.30 0.0 0 8.6 22 200 M M 3 18 29 220
27 82 68 75 4 0 10 0.00 0.0 0 8.8 17 300 M M 2 27 320
28 81 63 72 1 0 7 0.37 0.0 0 5.5 20 310 M M 5 1 27 300
29 83 66 75 4 0 10 0.00 0.0 0 5.0 12 310 M M 2 17 300
30 78 65 72 1 0 7 0.00 0.0 0 7.8 15 60 M M 2 21 20
31 78 61 70 -1 0 5 0.00 0.0 0 5.3 12 80 M M 0 8 17 70
================================================================================
SM 2580 2004 0 284 5.49 0.0 200.1 M 69
================================================================================
AV 83.2 64.7 6.5 FASTST M M 2 MAX(MPH)
MISC ----> # 31 180 # 46 280
================================================================================
NOTES:
# LAST OF SEVERAL OCCURRENCES
COLUMN 17 PEAK WIND IN M.P.H.
PRELIMINARY LOCAL CLIMATOLOGICAL DATA (WS FORM: F-6) , PAGE 2
STATION: OSHKOSH WI
MONTH: JULY
YEAR: 2020
LATITUDE: 44 0 N
LONGITUDE: 88 34 W
[TEMPERATURE DATA] [PRECIPITATION DATA] SYMBOLS USED IN COLUMN 16
AVERAGE MONTHLY: 73.9 TOTAL FOR MONTH: 5.49 1 = FOG OR MIST
DPTR FM NORMAL: 2.9 DPTR FM NORMAL: 1.84 2 = FOG REDUCING VISIBILITY
HIGHEST: 90 ON 26, 6 GRTST 24HR 1.53 ON 9- 9 TO 1/4 MILE OR LESS
LOWEST: 56 ON 24 3 = THUNDER
SNOW, ICE PELLETS, HAIL 4 = ICE PELLETS
TOTAL MONTH: 0.0 INCH 5 = HAIL
GRTST 24HR 0.0 6 = FREEZING RAIN OR DRIZZLE
GRTST DEPTH: 0 7 = DUSTSTORM OR SANDSTORM:
VSBY 1/2 MILE OR LESS
8 = SMOKE OR HAZE
[NO. OF DAYS WITH] [WEATHER - DAYS WITH] 9 = BLOWING SNOW
X = TORNADO
MAX 32 OR BELOW: 0 0.01 INCH OR MORE: 11
MAX 90 OR ABOVE: 4 0.10 INCH OR MORE: 8
MIN 32 OR BELOW: 0 0.50 INCH OR MORE: 4
MIN 0 OR BELOW: 0 1.00 INCH OR MORE: 2
[HDD (BASE 65) ]
TOTAL THIS MO. 0 CLEAR (SCALE 0-3) 23
DPTR FM NORMAL -11 PTCLDY (SCALE 4-7) 7
TOTAL FM JUL 1 0 CLOUDY (SCALE 8-10) 1
DPTR FM NORMAL -11
[CDD (BASE 65) ]
TOTAL THIS MO. 284
DPTR FM NORMAL 89 [PRESSURE DATA]
TOTAL FM JAN 1 474 HIGHEST SLP 30.17 ON 24
DPTR FM NORMAL 141 LOWEST SLP 29.61 ON 19
[REMARKS]
#FINAL-07-20#