000
CXUS56 KMFR 011000
CF6OTH
PRELIMINARY LOCAL CLIMATOLOGICAL DATA (WS FORM: F-6)
STATION: NORTH BEND OR
MONTH: AUGUST
YEAR: 2020
LATITUDE: 43 25 N
LONGITUDE: 124 15 W
TEMPERATURE IN F: :PCPN: SNOW: WIND :SUNSHINE: SKY :PK WND
================================================================================
1 2 3 4 5 6A 6B 7 8 9 10 11 12 13 14 15 16 17 18
12Z AVG MX 2MIN
DY MAX MIN AVG DEP HDD CDD WTR SNW DPTH SPD SPD DIR MIN PSBL S-S WX SPD DR
================================================================================
1 70 55 63 4 2 0 0.00 M M 7.0 17 340 M M 3 21 10
2 71 53 62 3 3 0 0.00 M M 4.6 13 310 M M 5 12 15 300
3 71 58 65 6 0 0 0.00 M M 8.8 18 350 M M 5 22 360
4 67 57 62 3 3 0 0.00 M M 10.4 23 360 M M 8 1 26 350
5 68 58 63 4 2 0 0.01 M M 6.5 13 340 M M 9 1 M M
6 70 55 63 4 2 0 0.02 M M 9.2 20 350 M M 5 1 25 350
7 69 49 59 0 6 0 0.00 M M 11.7 31 350 M M 0 18 36 360
8 68 53 61 2 4 0 0.00 M M 15.8 33 360 M M 1 41 360
9 66 53 60 1 5 0 0.00 M M 16.1 30 360 M M 0 18 38 350
10 66 51 59 0 6 0 0.00 M M 15.1 33 360 M M 1 18 41 360
11 67 50 59 0 6 0 0.00 M M 9.4 24 350 M M 2 12 30 350
12 67 50 59 0 6 0 0.00 M M 9.8 25 360 M M 4 12 31 10
13 67 48 58 -1 7 0 0.00 M M 12.2 28 360 M M 1 12 35 360
14 72 46 59 0 6 0 0.00 M M 11.7 30 350 M M 0 1 36 350
15 85 51 68 9 0 3 0.00 M M 4.3 16 270 M M 0 1 17 270
16 75 56 66 7 0 1 0.00 M M 6.8 16 280 M M 3 1 17 280
17 67 57 62 3 3 0 0.00 M M 7.2 16 340 M M 7 1 18 330
18 72 53 63 4 2 0 0.00 M M 6.8 18 340 M M 6 12 23 350
19 66 54 60 1 5 0 0.00 M M 5.0 14 280 M M 8 12 15 280
20 76 58 67 8 0 2 0.00 M M 9.6 22 240 M M 7 1 28 250
21 74 59 67 8 0 2 0.04 M M 7.0 18 240 M M 10 1 25 250
22 69 55 62 3 3 0 0.00 M M 12.4 26 360 M M 2 1 31 350
23 67 52 60 1 5 0 0.00 M M 10.1 26 350 M M 3 12 33 350
24 68 53 61 2 4 0 0.00 M M 12.9 32 360 M M 3 1 38 10
25 66 51 59 0 6 0 0.00 M M 13.3 25 350 0 0 0 35 360
26 64 52 58 -1 7 0 0.00 M M 14.5 30 350 0 0 0 44 360
27 67 49 58 -1 7 0 0.00 M M 13.8 29 360 M M 2 12 40 360
28 67 53 60 1 5 0 0.00 M M 15.7 30 360 M M 5 1 38 360
29 65 55 60 1 5 0 0.00 M M 18.5 31 10 0 0 0 43 20
30 66 49 58 -1 7 0 0.00 M M 13.5 29 360 0 0 0 38 360
31 68 52 60 1 5 0 0.00 M M 11.9 28 350 0 0 0 38 10
================================================================================
SM 2141 1645 122 8 0.07 M 331.6 0 100
================================================================================
AV 69.1 53.1 10.7 FASTST 0 0 3 MAX(MPH)
MISC ----> # 33 360 # 44 360
================================================================================
NOTES:
# LAST OF SEVERAL OCCURRENCES
COLUMN 17 PEAK WIND IN M.P.H.
PRELIMINARY LOCAL CLIMATOLOGICAL DATA (WS FORM: F-6) , PAGE 2
STATION: NORTH BEND OR
MONTH: AUGUST
YEAR: 2020
LATITUDE: 43 25 N
LONGITUDE: 124 15 W
[TEMPERATURE DATA] [PRECIPITATION DATA] SYMBOLS USED IN COLUMN 16
AVERAGE MONTHLY: 61.1 TOTAL FOR MONTH: 0.07 1 = FOG OR MIST
DPTR FM NORMAL: 2.0 DPTR FM NORMAL: -0.55 2 = FOG REDUCING VISIBILITY
HIGHEST: 85 ON 15 GRTST 24HR 0.04 ON 21-21 TO 1/4 MILE OR LESS
LOWEST: 46 ON 14 3 = THUNDER
SNOW, ICE PELLETS, HAIL 4 = ICE PELLETS
TOTAL MONTH: M 5 = HAIL
GRTST 24HR M ON M 6 = FREEZING RAIN OR DRIZZLE
GRTST DEPTH: M ON M 7 = DUSTSTORM OR SANDSTORM:
VSBY 1/2 MILE OR LESS
8 = SMOKE OR HAZE
[NO. OF DAYS WITH] [WEATHER - DAYS WITH] 9 = BLOWING SNOW
X = TORNADO
MAX 32 OR BELOW: 0 0.01 INCH OR MORE: 3
MAX 90 OR ABOVE: 0 0.10 INCH OR MORE: 0
MIN 32 OR BELOW: 0 0.50 INCH OR MORE: 0
MIN 0 OR BELOW: 0 1.00 INCH OR MORE: 0
[HDD (BASE 65) ]
TOTAL THIS MO. 122 CLEAR (SCALE 0-3) 19
DPTR FM NORMAL -60 PTCLDY (SCALE 4-7) 9
TOTAL FM JUL 1 285 CLOUDY (SCALE 8-10) 3
DPTR FM NORMAL -94
[CDD (BASE 65) ]
TOTAL THIS MO. 8
DPTR FM NORMAL 7 [PRESSURE DATA]
TOTAL FM JAN 1 8 HIGHEST SLP 30.22 ON 9
DPTR FM NORMAL 7 LOWEST SLP 29.85 ON 15
[REMARKS]
#FINAL-08-20#