000
CXUS53 KDMX 102303
CF6OTM
PRELIMINARY LOCAL CLIMATOLOGICAL DATA (WS FORM: F-6)
STATION: OTTUMWA IA
MONTH: JULY
YEAR: 2023
LATITUDE: 41 6 N
LONGITUDE: 92 27 W
TEMPERATURE IN F: :PCPN: SNOW: WIND :SUNSHINE: SKY :PK WND
================================================================================
1 2 3 4 5 6A 6B 7 8 9 10 11 12 13 14 15 16 17 18
12Z AVG MX 2MIN
DY MAX MIN AVG DEP HDD CDD WTR SNW DPTH SPD SPD DIR MIN PSBL S-S WX SPD DR
================================================================================
1 79 68 74 0 0 9 0.31 0.0 0 6.9 21 70 M M 7 13 27 70
2 86 66 76 1 0 11 0.53 0.0 0 7.9 16 350 M M 7 1 21 330
3 88 64 76 1 0 11 0.00 0.0 0 2.7 8 280 M M 1 1 14 240
4 92 66 79 4 0 14 0.00 0.0 0 4.6 13 160 M M 0 1 17 170
5 84 64 74 -1 0 9 0.00 0.0 0 10.1 20 340 M M 3 1 25 330
6 76 54 65 -10 0 0 0.00 0.0 0 9.1 17 340 M M 0 22 310
7 71 51 61 -14 4 0 0.63 0.0 0 5.5 15 130 M M 5 138 20 120
8 76 58 67 -8 0 2 0.00 0.0 0 7.2 17 340 M M 5 24 290
9 79 56 68 -7 0 3 0.00 0.0 0 5.5 13 290 M M 1 19 70
10 84 54 69 -6 0 4 0.00 0.0 0 7.1 15 240 M M 0 21 230
11 89 63 76 1 0 11 T 0.0 0 4.6 13 70 M M 2 16 210
12 84 63 74 -1 0 9 0.28 0.0 0 8.8 22 290 M M 2 13 37 230
13 84 62 73 -2 0 8 0.00 0.0 0 4.6 13 310 M M 2 1 18 340
14 89 62 76 1 0 11 0.02 0.0 0 6.9 23 320 M M 2 32 320
15 82 65 74 -1 0 9 0.00 0.0 0 7.7 16 290 M M 3 18 20 300
16 81 63 72 -3 0 7 0.00 0.0 0 6.8 15 300 M M 8 18 23 280
17 76 56 66 -9 0 1 0.35 0.0 0 4.6 14 340 M M 5 138 16 360
18 78 54 66 -9 0 1 0.00 0.0 0 5.8 12 80 M M 0 20 100
19 83 55 69 -6 0 4 0.00 0.0 0 4.3 13 130 M M 0 1 17 130
20 82 63 73 -2 0 8 0.00 0.0 0 9.9 22 330 M M 1 1 28 310
21 80 56 68 -7 0 3 0.00 0.0 0 5.2 12 330 M M 1 15 340
22 86 54 70 -5 0 5 0.00 0.0 0 5.6 13 260 M M 1 13 22 220
23 87 62 75 0 0 10 0.00 0.0 0 4.7 10 330 M M 1 15 310
24 90 59 75 0 0 10 0.00 0.0 0 4.6 10 100 M M 0 18 15 100
25 90 65 78 3 0 13 T 0.0 0 7.1 15 140 M M 1 1 21 140
26 94 72 83 8 0 18 0.03 0.0 0 8.1 16 200 M M 1 13 27 220
27 95 67 81 6 0 16 T 0.0 0 5.3 14 40 M M 2 12 17 30
28 97 72 85 10 0 20 0.38 0.0 0 8.8 24 20 M M 1 138 32 10
29 84 66 75 0 0 10 0.00 0.0 0 7.5 15 30 M M 1 21 30
30 86 63 75 0 0 10 0.00 0.0 0 5.1 9 20 M M 0 14 90
31 82 63 73 -2 0 8 0.00 0.0 0 5.8 13 100 M M 2 17 110
================================================================================
SM 2614 1906 4 255 2.53 0.0 198.4 M 65
================================================================================
AV 84.3 61.5 6.4 FASTST M M 2 MAX(MPH)
MISC ----> 24 20 37 230
================================================================================
NOTES:
# LAST OF SEVERAL OCCURRENCES
COLUMN 17 PEAK WIND IN M.P.H.
PRELIMINARY LOCAL CLIMATOLOGICAL DATA (WS FORM: F-6) , PAGE 2
STATION: OTTUMWA IA
MONTH: JULY
YEAR: 2023
LATITUDE: 41 6 N
LONGITUDE: 92 27 W
[TEMPERATURE DATA] [PRECIPITATION DATA] SYMBOLS USED IN COLUMN 16
AVERAGE MONTHLY: 72.9 TOTAL FOR MONTH: 2.53 1 = FOG OR MIST
DPTR FM NORMAL: -2.2 DPTR FM NORMAL: -1.34 2 = FOG REDUCING VISIBILITY
HIGHEST: 97 ON 28 GRTST 24HR 0.63 ON 7- 7 TO 1/4 MILE OR LESS
LOWEST: 51 ON 7 3 = THUNDER
SNOW, ICE PELLETS, HAIL 4 = ICE PELLETS
TOTAL MONTH: 0.0 INCH 5 = HAIL
GRTST 24HR 0.0 6 = FREEZING RAIN OR DRIZZLE
GRTST DEPTH: 0 7 = DUSTSTORM OR SANDSTORM:
VSBY 1/2 MILE OR LESS
8 = SMOKE OR HAZE
[NO. OF DAYS WITH] [WEATHER - DAYS WITH] 9 = BLOWING SNOW
X = TORNADO
MAX 32 OR BELOW: 0 0.01 INCH OR MORE: 8
MAX 90 OR ABOVE: 6 0.10 INCH OR MORE: 6
MIN 32 OR BELOW: 0 0.50 INCH OR MORE: 2
MIN 0 OR BELOW: 0 1.00 INCH OR MORE: 0
[HDD (BASE 65) ]
TOTAL THIS MO. 4 CLEAR (SCALE 0-3) 24
DPTR FM NORMAL 2 PTCLDY (SCALE 4-7) 7
TOTAL FM JUL 1 4 CLOUDY (SCALE 8-10) 0
DPTR FM NORMAL 4
[CDD (BASE 65) ]
TOTAL THIS MO. 255
DPTR FM NORMAL -60 [PRESSURE DATA]
TOTAL FM JAN 1 541 HIGHEST SLP 30.16 ON 30
DPTR FM NORMAL -67 LOWEST SLP 29.67 ON 12
[REMARKS]
#FINAL-07-23#