000
CXUS53 KDMX 011046
CF6OTM
PRELIMINARY LOCAL CLIMATOLOGICAL DATA (WS FORM: F-6)
STATION: OTTUMWA IA
MONTH: JULY
YEAR: 2021
LATITUDE: 41 6 N
LONGITUDE: 92 27 W
TEMPERATURE IN F: :PCPN: SNOW: WIND :SUNSHINE: SKY :PK WND
================================================================================
1 2 3 4 5 6A 6B 7 8 9 10 11 12 13 14 15 16 17 18
12Z AVG MX 2MIN
DY MAX MIN AVG DEP HDD CDD WTR SNW DPTH SPD SPD DIR MIN PSBL S-S WX SPD DR
================================================================================
1 85 66 76 2 0 11 0.00 0.0 0 6.9 15 40 M M 1 22 30
2 83 64 74 -1 0 9 0.00 0.0 0 4.5 14 60 M M 2 1 17 40
3 84 62 73 -2 0 8 0.00 0.0 0 4.0 7 200 M M 0 1 11 220
4 85 65 75 0 0 10 0.00 0.0 0 6.8 9 190 M M 0 M M
5 88 69 79 4 0 14 0.00 0.0 0 7.8 14 230 M M M 19 210
6 87 70 79 4 0 14 0.00 0.0 0 6.8 13 230 M M 1 20 190
7 82 67 75 0 0 10 0.07 0.0 0 7.4 17 320 M M 6 13 22 310
8 77 62 70 -5 0 5 0.00 0.0 0 5.9 15 340 M M 6 1 19 350
9 79 63 71 -4 0 6 0.38 0.0 0 10.2 25 70 M M 5 13 35 20
10 76 66 71 -4 0 6 1.52 0.0 0 8.9 17 350 M M 8 13 23 340
11 69 63 66 -9 0 1 0.26 0.0 0 10.5 20 30 M M 9 1 31 30
12 72 62 67 -8 0 2 0.04 0.0 0 5.6 14 70 M M 10 1 21 60
13 81 64 73 -2 0 8 0.00 0.0 0 4.6 12 220 M M 5 12 16 200
14 87 69 78 3 0 13 0.67 0.0 0 10.4 30 310 M M 2 13 40 300
15 78 66 72 -3 0 7 1.18 0.0 0 5.3 20 180 M M 7 13 28 180
16 81 63 72 -3 0 7 0.00 0.0 0 5.8 12 60 M M 2 1 16 100
17 80 60 70 -5 0 5 0.00 0.0 0 3.6 12 80 M M 0 12 16 80
18 82 62 72 -3 0 7 0.00 0.0 0 6.5 13 50 M M 2 18 60
19 85 66 76 1 0 11 0.00 0.0 0 5.1 10 40 M M 1 15 60
20 84 65 75 0 0 10 0.00 0.0 0 4.0 13 350 M M 1 1 18 330
21 86 64 75 0 0 10 0.00 0.0 0 4.1 8 150 M M 1 1 11 230
22 85 69 77 2 0 12 0.00 0.0 0 6.2 12 200 M M 1 1 17 180
23 88 70 79 4 0 14 0.00 0.0 0 6.8 13 190 M M 0 18 18 200
24 91 72 82 7 0 17 0.01 0.0 0 7.0 17 240 M M 2 23 240
25 86 64 75 0 0 10 0.00 0.0 0 3.7 8 290 M M 0 18 11 20
26 88 61 75 0 0 10 0.00 0.0 0 3.0 9 170 M M 1 12 14 180
27 88 65 77 2 0 12 0.00 0.0 0 5.3 13 230 M M 0 21 220
28 94 72 83 8 0 18 0.00 0.0 0 5.9 12 210 M M 0 14 240
29 90 73 82 7 0 17 0.00 0.0 0 8.3 14 20 M M 3 18 22 290
30 78 65 72 -3 0 7 0.20 0.0 0 8.1 15 90 M M 5 18 18 100
31 78 64 71 -4 0 6 2.20 0.0 0 7.3 17 90 M M 7 13 23 70
================================================================================
SM 2577 2033 0 297 6.53 0.0 196.3 M 88
================================================================================
AV 83.1 65.6 6.3 FASTST M M 3 MAX(MPH)
MISC ----> 30 310 40 300
================================================================================
NOTES:
# LAST OF SEVERAL OCCURRENCES
COLUMN 17 PEAK WIND IN M.P.H.
PRELIMINARY LOCAL CLIMATOLOGICAL DATA (WS FORM: F-6) , PAGE 2
STATION: OTTUMWA IA
MONTH: JULY
YEAR: 2021
LATITUDE: 41 6 N
LONGITUDE: 92 27 W
[TEMPERATURE DATA] [PRECIPITATION DATA] SYMBOLS USED IN COLUMN 16
AVERAGE MONTHLY: 74.4 TOTAL FOR MONTH: 6.53 1 = FOG OR MIST
DPTR FM NORMAL: -0.7 DPTR FM NORMAL: 2.66 2 = FOG REDUCING VISIBILITY
HIGHEST: 94 ON 28 GRTST 24HR 2.40 ON 30-31 TO 1/4 MILE OR LESS
LOWEST: 60 ON 17 3 = THUNDER
SNOW, ICE PELLETS, HAIL 4 = ICE PELLETS
TOTAL MONTH: 0.0 INCH 5 = HAIL
GRTST 24HR 0.0 6 = FREEZING RAIN OR DRIZZLE
GRTST DEPTH: 0 7 = DUSTSTORM OR SANDSTORM:
VSBY 1/2 MILE OR LESS
8 = SMOKE OR HAZE
[NO. OF DAYS WITH] [WEATHER - DAYS WITH] 9 = BLOWING SNOW
X = TORNADO
MAX 32 OR BELOW: 0 0.01 INCH OR MORE: 10
MAX 90 OR ABOVE: 3 0.10 INCH OR MORE: 7
MIN 32 OR BELOW: 0 0.50 INCH OR MORE: 4
MIN 0 OR BELOW: 0 1.00 INCH OR MORE: 3
[HDD (BASE 65) ]
TOTAL THIS MO. 0 CLEAR (SCALE 0-3) 20
DPTR FM NORMAL -2 PTCLDY (SCALE 4-7) 8
TOTAL FM JUL 1 0 CLOUDY (SCALE 8-10) 3
DPTR FM NORMAL 0
[CDD (BASE 65) ]
TOTAL THIS MO. 297
DPTR FM NORMAL -18 [PRESSURE DATA]
TOTAL FM JAN 1 659 HIGHEST SLP 30.21 ON 18
DPTR FM NORMAL 51 LOWEST SLP 29.83 ON 10
[REMARKS]
#FINAL-07-21#