000
CXUS53 KDMX 010920
CF6OTM
PRELIMINARY LOCAL CLIMATOLOGICAL DATA (WS FORM: F-6)
STATION: OTTUMWA IA
MONTH: MARCH
YEAR: 2020
LATITUDE: 41 6 N
LONGITUDE: 92 27 W
TEMPERATURE IN F: :PCPN: SNOW: WIND :SUNSHINE: SKY :PK WND
================================================================================
1 2 3 4 5 6A 6B 7 8 9 10 11 12 13 14 15 16 17 18
12Z AVG MX 2MIN
DY MAX MIN AVG DEP HDD CDD WTR SNW DPTH SPD SPD DIR MIN PSBL S-S WX SPD DR
================================================================================
1 64 31 48 16 17 0 0.00 0.0 0 13.0 25 230 M M 1 33 220
2 41 26 34 1 31 0 0.00 0.0 0 8.3 16 340 M M 5 21 350
3 54 31 43 10 22 0 0.00 0.0 0 12.5 28 290 M M 2 37 280
4 54 31 43 9 22 0 0.00 0.0 0 9.0 21 360 M M 1 28 360
5 53 33 43 9 22 0 0.00 0.0 0 21.0 38 300 M M 5 53 300
6 50 26 38 3 27 0 0.00 0.0 0 10.8 25 340 M M 2 34 330
7 65 31 48 13 17 0 0.00 0.0 0 16.8 28 180 M M 0 36 180
8 72 42 57 21 8 0 0.00 0.0 0 18.4 33 200 M M 0 46 200
9 59 33 46 10 19 0 1.08 0.0 0 12.3 25 330 M M 9 13 34 320
10 50 30 40 4 25 0 T 0.0 0 9.5 21 310 M M 5 27 330
11 55 40 48 11 17 0 0.00 0.0 0 7.4 16 170 M M 6 1 22 180
12 66 37 52 15 13 0 0.00 0.0 0 15.9 33 330 M M 3 18 45 340
13 50 28 39 1 26 0 T 0.0 0 9.2 21 330 M M 3 27 310
14 39 31 35 -3 30 0 0.23 1.6 T 10.1 17 40 M M 9 12 26 70
15 38 27 33 -5 32 0 0.00 0.0 T 7.5 15 140 M M 10 18 130
16 46 33 40 1 25 0 0.01 0.0 0 5.1 13 320 M M 10 1 16 310
17 50 29 40 1 25 0 0.00 0.0 0 7.8 15 350 M M 3 19 360
18 48 41 45 5 20 0 0.60 0.0 0 7.3 17 140 M M 10 1 24 140
19 65 42 54 14 11 0 0.42 0.0 0 12.2 25 330 M M 10 12 34 330
20 42 30 36 -5 29 0 T 0.0 0 18.9 33 350 M M 10 1 45 360
21 43 27 35 -6 30 0 0.00 0.0 0 8.5 18 130 M M 5 25 130
22 34 29 32 -9 33 0 0.17 1.7 0 11.4 18 130 M M 9 128 24 120
23 46 32 39 -3 26 0 0.00 0.0 1 5.2 13 130 M M 10 12 17 120
24 47 36 42 0 23 0 T 0.0 0 8.1 15 100 M M 8 1 19 90
25 59 37 48 5 17 0 0.00 0.0 0 10.7 18 180 M M 6 12 24 170
26 53 45 49 6 16 0 0.00 0.0 0 10.6 17 80 M M 9 1 24 80
27 52 43 48 5 17 0 0.02 0.0 0 12.8 22 90 M M 10 13 28 60
28 76 46 61 17 4 0 1.21 0.0 0 17.8 40 230 M M 8 123 53 230
29 59 40 50 6 15 0 T 0.0 0 20.6 36 240 M M 6 1 49 310
30 63 31 47 2 18 0 0.00 0.0 0 6.5 14 20 M M 0 21 10
31 58 36 47 2 18 0 0.00 0.0 0 8.9 16 90 M M 0 23 60
================================================================================
SM 1651 1054 655 0 3.74 3.3 354.1 M 175
================================================================================
AV 53.3 34.0 11.4 FASTST M M 6 MAX(MPH)
MISC ----> # 40 230 # 53 300
================================================================================
NOTES:
# LAST OF SEVERAL OCCURRENCES
COLUMN 17 PEAK WIND IN M.P.H.
PRELIMINARY LOCAL CLIMATOLOGICAL DATA (WS FORM: F-6) , PAGE 2
STATION: OTTUMWA IA
MONTH: MARCH
YEAR: 2020
LATITUDE: 41 6 N
LONGITUDE: 92 27 W
[TEMPERATURE DATA] [PRECIPITATION DATA] SYMBOLS USED IN COLUMN 16
AVERAGE MONTHLY: 43.6 TOTAL FOR MONTH: 3.74 1 = FOG OR MIST
DPTR FM NORMAL: 4.8 DPTR FM NORMAL: 1.50 2 = FOG REDUCING VISIBILITY
HIGHEST: 76 ON 28 GRTST 24HR 1.21 ON 28-28 TO 1/4 MILE OR LESS
LOWEST: 26 ON 6, 2 3 = THUNDER
SNOW, ICE PELLETS, HAIL 4 = ICE PELLETS
TOTAL MONTH: 3.3 INCHES 5 = HAIL
GRTST 24HR 1.7 ON 22-22 6 = FREEZING RAIN OR DRIZZLE
GRTST DEPTH: 1 ON 23 7 = DUSTSTORM OR SANDSTORM:
VSBY 1/2 MILE OR LESS
8 = SMOKE OR HAZE
[NO. OF DAYS WITH] [WEATHER - DAYS WITH] 9 = BLOWING SNOW
X = TORNADO
MAX 32 OR BELOW: 0 0.01 INCH OR MORE: 8
MAX 90 OR ABOVE: 0 0.10 INCH OR MORE: 6
MIN 32 OR BELOW: 16 0.50 INCH OR MORE: 3
MIN 0 OR BELOW: 0 1.00 INCH OR MORE: 2
[HDD (BASE 65) ]
TOTAL THIS MO. 655 CLEAR (SCALE 0-3) 10
DPTR FM NORMAL -156 PTCLDY (SCALE 4-7) 10
TOTAL FM JUL 1 5336 CLOUDY (SCALE 8-10) 11
DPTR FM NORMAL -360
[CDD (BASE 65) ]
TOTAL THIS MO. 0
DPTR FM NORMAL -1 [PRESSURE DATA]
TOTAL FM JAN 1 0 HIGHEST SLP 30.68 ON 15
DPTR FM NORMAL -1 LOWEST SLP 29.31 ON 28
[REMARKS]
#FINAL-03-20#