000
CXUS55 KPAH 010700
CF6OWB
PRELIMINARY LOCAL CLIMATOLOGICAL DATA (WS FORM: F-6)
STATION: OWENSBORO KY
MONTH: JUNE
YEAR: 2021
LATITUDE: 37 45 N
LONGITUDE: 87 10 W
TEMPERATURE IN F: :PCPN: SNOW: WIND :SUNSHINE: SKY :PK WND
================================================================================
1 2 3 4 5 6A 6B 7 8 9 10 11 12 13 14 15 16 17 18
12Z AVG MX 2MIN
DY MAX MIN AVG DEP HDD CDD WTR SNW DPTH SPD SPD DIR MIN PSBL S-S WX SPD DR
================================================================================
1 74 60 67 -5 0 2 0.23 M M 4.6 15 70 M M 6 1 17 60
2 73 63 68 -5 0 3 0.30 M M 8.9 21 190 M M 9 1 25 160
3 75 62 69 -4 0 4 0.52 M M 5.8 28 290 M M 6 13 33 290
4 86 60 73 0 0 8 0.00 M M 2.8 8 210 M M 1 10 230
5 88 63 76 2 0 11 0.00 M M 3.5 13 210 M M 1 18 230
6 83 70 77 3 0 12 0.42 M M 8.6 21 180 M M 9 13 24 180
7 84 66 75 1 0 10 0.04 M M 8.0 17 200 M M 6 20 210
8 81 72 77 2 0 12 0.33 M M 7.3 15 190 M M 5 1 17 180
9 84 71 78 3 0 13 T M M 5.4 10 110 M M 9 1 13 190
10 83 68 76 1 0 11 0.39 M M 3.7 14 250 M M 7 138 16 240
11 89 71 80 4 0 15 0.00 M M 3.0 16 60 M M 5 1238 21 50
12 94 72 83 7 0 18 0.04 M M 3.2 20 150 M M 1 3 23 140
13 92 71 82 6 0 17 T M M 5.9 17 330 M M 1 22 10
14 91 65 78 2 0 13 0.00 M M 7.1 16 30 M M 1 23 20
15 84 61 73 -4 0 8 0.00 M M 5.5 18 360 M M 0 24 40
16 86 63 75 -2 0 10 0.00 M M 3.7 13 330 M M 1 18 10
17 90 62 76 -1 0 11 0.00 M M 2.8 10 160 M M 0 8 14 160
18 92 71 82 4 0 17 0.00 M M 12.1 22 200 M M 1 26 210
19 88 71 80 2 0 15 0.00 M M 8.9 21 210 M M 1 25 220
20 91 71 81 3 0 16 0.00 M M 9.9 20 230 M M 1 8 23 230
21 84 61 73 -5 0 8 0.11 M M 9.3 21 310 M M 6 13 24 310
22 76 57 67 -12 0 2 0.00 M M 5.4 14 330 M M 1 8 16 340
23 81 56 69 -10 0 4 0.00 M M 6.0 16 160 M M 0 18 130
24 88 60 74 -5 0 9 0.00 M M 8.2 17 200 M M 0 20 170
25 87 74 81 2 0 16 T M M 12.6 23 170 M M 5 28 170
26 90 72 81 2 0 16 0.00 M M 13.2 23 190 M M 3 29 190
27 92 71 82 2 0 17 0.00 M M 9.4 21 230 M M 1 1 24 210
28 93 73 83 3 0 18 0.00 M M 6.1 15 200 M M 1 18 23 160
29 96 73 85 5 0 20 0.03 M M 5.0 26 270 M M 2 13 32 220
30 88 71 80 0 0 15 0.03 M M 5.0 20 280 M M 4 3 24 280
================================================================================
SM 2583 2001 0 351 2.44 M 200.9 M 94
================================================================================
AV 86.1 66.7 6.7 FASTST M M 3 MAX(MPH)
MISC ----> 28 290 33 290
================================================================================
NOTES:
# LAST OF SEVERAL OCCURRENCES
COLUMN 17 PEAK WIND IN M.P.H.
PRELIMINARY LOCAL CLIMATOLOGICAL DATA (WS FORM: F-6) , PAGE 2
STATION: OWENSBORO KY
MONTH: JUNE
YEAR: 2021
LATITUDE: 37 45 N
LONGITUDE: 87 10 W
[TEMPERATURE DATA] [PRECIPITATION DATA] SYMBOLS USED IN COLUMN 16
AVERAGE MONTHLY: 76.4 TOTAL FOR MONTH: 2.44 1 = FOG OR MIST
DPTR FM NORMAL: -0.3 DPTR FM NORMAL: -0.57 2 = FOG REDUCING VISIBILITY
HIGHEST: 96 ON 29 GRTST 24HR 0.57 ON 2- 3 TO 1/4 MILE OR LESS
LOWEST: 56 ON 23 3 = THUNDER
SNOW, ICE PELLETS, HAIL 4 = ICE PELLETS
TOTAL MONTH: M 5 = HAIL
GRTST 24HR M ON M 6 = FREEZING RAIN OR DRIZZLE
GRTST DEPTH: M ON M 7 = DUSTSTORM OR SANDSTORM:
VSBY 1/2 MILE OR LESS
8 = SMOKE OR HAZE
[NO. OF DAYS WITH] [WEATHER - DAYS WITH] 9 = BLOWING SNOW
X = TORNADO
MAX 32 OR BELOW: 0 0.01 INCH OR MORE: 11
MAX 90 OR ABOVE: 10 0.10 INCH OR MORE: 7
MIN 32 OR BELOW: 0 0.50 INCH OR MORE: 1
MIN 0 OR BELOW: 0 1.00 INCH OR MORE: 0
[HDD (BASE 65) ]
TOTAL THIS MO. 0 CLEAR (SCALE 0-3) 18
DPTR FM NORMAL -4 PTCLDY (SCALE 4-7) 9
TOTAL FM JUL 1 4095 CLOUDY (SCALE 8-10) 3
DPTR FM NORMAL 224
[CDD (BASE 65) ]
TOTAL THIS MO. 351
DPTR FM NORMAL -3 [PRESSURE DATA]
TOTAL FM JAN 1 496 HIGHEST SLP 30.21 ON 1
DPTR FM NORMAL -59 LOWEST SLP 29.69 ON 21
[REMARKS]
#FINAL-06-21#