000
CXUS53 KDDC 031612
CF6P28
PRELIMINARY LOCAL CLIMATOLOGICAL DATA (WS FORM: F-6)
STATION: MEDICINE LODGE KS
MONTH: NOVEMBER
YEAR: 2021
LATITUDE: 37 17 N
LONGITUDE: 98 35 W
TEMPERATURE IN F: :PCPN: SNOW: WIND :SUNSHINE: SKY :PK WND
================================================================================
1 2 3 4 5 6A 6B 7 8 9 10 11 12 13 14 15 16 17 18
12Z AVG MX 2MIN
DY MAX MIN AVG DEP HDD CDD WTR SNW DPTH SPD SPD DIR MIN PSBL S-S WX SPD DR
================================================================================
1 51 38 45 -7 20 0 0.00 0.0 0 9.7 17 50 M M 0 26 70
2 43 37 40 -11 25 0 0.25 0.0 0 5.5 10 50 M M 0 14 50
3 47 39 43 -8 22 0 0.01 0.0 0 3.4 8 190 M M 0 10 90
4 59 42 51 1 14 0 0.00 0.0 0 8.0 14 170 M M 0 21 170
5 60 41 51 1 14 0 0.00 0.0 0 8.9 17 180 M M 0 25 160
6 69 38 54 4 11 0 0.00 0.0 0 7.8 16 190 M M 0 23 140
7 81 45 63 14 2 0 0.00 0.0 0 11.1 22 180 M M 0 32 170
8 77 48 63 14 2 0 0.00 0.0 0 8.5 16 180 M M 0 22 170
9 65 42 54 6 11 0 0.00 0.0 0 7.8 16 350 M M 0 23 330
10 61 41 51 3 14 0 0.00 0.0 0 6.7 17 320 M M 0 25 320
11 60 35 48 0 17 0 0.00 0.0 0 7.1 22 290 M M 0 31 300
12 53 30 42 -5 23 0 0.00 0.0 0 13.0 28 320 M M 0 42 320
13 63 26 45 -2 20 0 0.00 0.0 0 6.3 20 190 M M 0 27 180
14 62 36 49 3 16 0 0.00 0.0 0 8.0 31 10 M M 0 48 10
15 76 33 55 9 10 0 0.00 0.0 0 4.7 12 180 M M 0 16 170
16 71 36 54 9 11 0 0.00 0.0 0 6.1 15 170 M M 0 22 170
17 56 30 43 -2 22 0 0.00 0.0 0 18.1 38 20 M M 0 52 360
18 56 21 39 -5 26 0 0.00 0.0 0 6.1 14 180 M M 0 19 180
19 58 32 45 1 20 0 0.00 0.0 0 13.4 30 180 M M 0 46 170
20 58 37 48 4 17 0 0.00 0.0 0 5.2 10 130 M M 0 14 140
21 62 33 48 5 17 0 0.00 0.0 0 9.9 24 350 M M 0 35 360
22 68 23 46 3 19 0 0.00 0.0 0 3.6 14 190 M M 0 21 220
23 72 29 51 9 14 0 0.00 0.0 0 11.3 28 180 M M 0 41 190
24 64 38 51 9 14 0 0.00 0.0 0 15.6 32 350 M M 0 45 360
25 48 29 39 -3 26 0 0.00 0.0 0 9.4 26 350 M M 0 37 10
26 66 26 46 5 19 0 0.00 0.0 0 6.2 13 180 M M 0 17 200
27 71 27 49 8 16 0 0.00 0.0 0 8.0 23 20 M M 0 33 360
28 58 30 44 4 21 0 0.00 0.0 0 5.8 14 180 M M 0 18 180
29 82 30 56 16 9 0 0.00 0.0 0 4.8 14 260 M M 0 19 280
30 68 37 53 13 12 0 0.00 0.0 0 9.6 23 50 M M 0 32 70
================================================================================
SM 1885 1029 484 0 0.26 0.0 249.6 M 0
================================================================================
AV 62.8 34.3 8.3 FASTST M M 0 MAX(MPH)
MISC ----> 38 20 52 360
================================================================================
NOTES:
# LAST OF SEVERAL OCCURRENCES
COLUMN 17 PEAK WIND IN M.P.H.
PRELIMINARY LOCAL CLIMATOLOGICAL DATA (WS FORM: F-6) , PAGE 2
STATION: MEDICINE LODGE KS
MONTH: NOVEMBER
YEAR: 2021
LATITUDE: 37 17 N
LONGITUDE: 98 35 W
[TEMPERATURE DATA] [PRECIPITATION DATA] SYMBOLS USED IN COLUMN 16
AVERAGE MONTHLY: 48.6 TOTAL FOR MONTH: 0.26 1 = FOG OR MIST
DPTR FM NORMAL: 3.0 DPTR FM NORMAL: -0.84 2 = FOG REDUCING VISIBILITY
HIGHEST: 82 ON 29 GRTST 24HR 0.26 ON 2- 3 TO 1/4 MILE OR LESS
LOWEST: 21 ON 18 3 = THUNDER
SNOW, ICE PELLETS, HAIL 4 = ICE PELLETS
TOTAL MONTH: 0.0 INCH 5 = HAIL
GRTST 24HR 0.0 6 = FREEZING RAIN OR DRIZZLE
GRTST DEPTH: 0 7 = DUSTSTORM OR SANDSTORM:
VSBY 1/2 MILE OR LESS
8 = SMOKE OR HAZE
[NO. OF DAYS WITH] [WEATHER - DAYS WITH] 9 = BLOWING SNOW
X = TORNADO
MAX 32 OR BELOW: 0 0.01 INCH OR MORE: 2
MAX 90 OR ABOVE: 0 0.10 INCH OR MORE: 1
MIN 32 OR BELOW: 12 0.50 INCH OR MORE: 0
MIN 0 OR BELOW: 0 1.00 INCH OR MORE: 0
[HDD (BASE 65) ]
TOTAL THIS MO. 484
DPTR FM NORMAL -99
TOTAL FM JUL 1 628
DPTR FM NORMAL -228
[CDD (BASE 65) ]
TOTAL THIS MO. 0
DPTR FM NORMAL -1 [PRESSURE DATA]
TOTAL FM JAN 1 1933 HIGHEST SLP 30.61 ON 18
DPTR FM NORMAL 112 LOWEST SLP 29.58 ON 16
[REMARKS]
#FINAL-11-21#