000
CXUS56 KLKN 141521
CF6P68
PRELIMINARY LOCAL CLIMATOLOGICAL DATA (WS FORM: F-6)
STATION: EUREKA AIRPORT NV
MONTH: OCTOBER
YEAR: 2021
LATITUDE: 39 30 N
LONGITUDE: 115 58 W
TEMPERATURE IN F: :PCPN: SNOW: WIND :SUNSHINE: SKY :PK WND
================================================================================
1 2 3 4 5 6A 6B 7 8 9 10 11 12 13 14 15 16 17 18
12Z AVG MX 2MIN
DY MAX MIN AVG DEP HDD CDD WTR SNW DPTH SPD SPD DIR MIN PSBL S-S WX SPD DR
================================================================================
1 71 28 50 -3 15 0 0.00 M M 5.0 12 210 M M M 15 200
2 76 29 53 1 12 0 0.00 M M 5.6 13 210 M M M 16 340
3 77 34 56 4 9 0 0.00 M M 5.3 12 200 M M M 15 280
4 78 41 60 9 5 0 0.00 M M 7.5 22 150 M M M 28 150
5 75 40 58 7 7 0 0.00 M M 8.5 21 240 M M M 30 240
6 68 41 55 5 10 0 0.20 M M 5.4 20 260 M M M 26 290
7 64 36 50 0 15 0 0.00 M M 7.2 28 180 M M M 37 180
8 64 35 50 0 15 0 0.10 M M 7.0 35 280 M M M 51 280
9 54 29 42 -7 23 0 0.00 M M 7.4 16 10 M M M 23 330
10 60 25 43 -6 22 0 0.00 M M 4.9 10 200 M M M 12 190
11 36 26 31 -17 34 0 0.08 M M 11.8 23 340 M M M 32 340
12 41 20 31 -17 34 0 0.00 M M 11.9 22 330 M M M 28 330
13 50 18 34 -14 31 0 0.00 M M 5.2 16 300 M M M 23 300
14 49 21 35 -12 30 0 0.01 M M 6.6 18 360 M M M 32 360
15 63 17 40 -7 25 0 0.00 M M 4.3 10 190 M M M 12 140
16 70 25 48 1 17 0 0.00 M M 7.3 17 170 M M M 23 170
17 67 34 51 5 14 0 0.00 M M 12.2 28 170 M M M 37 180
18 52 31 42 -4 23 0 0.04 M M 6.6 28 250 M M M 38 180
19 58 27 43 -3 22 0 0.00 M M 5.8 18 150 M M M 25 140
20 59 36 48 3 17 0 0.00 M M 6.9 18 130 M M M 24 130
21 70 30 50 5 15 0 0.00 M M 6.1 17 160 M M M 22 150
22 68 34 51 6 14 0 0.00 M M 9.9 26 200 M M M 36 170
23 47 33 40 -4 25 0 0.15 M M 2.8 14 10 M M M 17 10
24 64 36 50 6 15 0 0.01 M M 18.1 41 180 M M M 61 170
25 54 29 42 -2 23 0 0.62 M M 12.0 39 180 M M M 57 190
26 43 27 35 -8 30 0 0.00 M M 5.4 14 290 M M M 20 270
27 58 31 45 2 20 0 0.00 M M 6.4 17 280 M M M 24 280
28 63 30 47 5 18 0 0.00 M M 4.5 12 130 M M M 14 130
29 68 33 51 9 14 0 0.00 M M 4.8 13 200 M M M 15 200
30 66 37 52 10 13 0 0.00 M M 5.2 15 130 M M M 18 130
31 66 34 50 9 15 0 0.00 M M 4.7 13 290 M M M 18 280
================================================================================
SM 1899 947 582 0 1.21 M 222.3 M M
================================================================================
AV 61.3 30.5 7.2 FASTST M M M MAX(MPH)
MISC ----> 41 180 61 170
================================================================================
NOTES:
# LAST OF SEVERAL OCCURRENCES
COLUMN 17 PEAK WIND IN M.P.H.
PRELIMINARY LOCAL CLIMATOLOGICAL DATA (WS FORM: F-6) , PAGE 2
STATION: EUREKA AIRPORT NV
MONTH: OCTOBER
YEAR: 2021
LATITUDE: 39 30 N
LONGITUDE: 115 58 W
[TEMPERATURE DATA] [PRECIPITATION DATA] SYMBOLS USED IN COLUMN 16
AVERAGE MONTHLY: 45.9 TOTAL FOR MONTH: 1.21 1 = FOG OR MIST
DPTR FM NORMAL: -0.9 DPTR FM NORMAL: 0.60 2 = FOG REDUCING VISIBILITY
HIGHEST: 78 ON 4 GRTST 24HR 0.62 ON 25-26 TO 1/4 MILE OR LESS
LOWEST: 17 ON 15 3 = THUNDER
SNOW, ICE PELLETS, HAIL 4 = ICE PELLETS
TOTAL MONTH: M 5 = HAIL
GRTST 24HR M ON M 6 = FREEZING RAIN OR DRIZZLE
GRTST DEPTH: M ON M 7 = DUSTSTORM OR SANDSTORM:
VSBY 1/2 MILE OR LESS
8 = SMOKE OR HAZE
[NO. OF DAYS WITH] [WEATHER - DAYS WITH] 9 = BLOWING SNOW
X = TORNADO
MAX 32 OR BELOW: 0 0.01 INCH OR MORE: 8
MAX 90 OR ABOVE: 0 0.10 INCH OR MORE: 4
MIN 32 OR BELOW: 17 0.50 INCH OR MORE: 1
MIN 0 OR BELOW: 0 1.00 INCH OR MORE: 0
[HDD (BASE 65) ]
TOTAL THIS MO. 582 CLEAR (SCALE 0-3) 0
DPTR FM NORMAL 18 PTCLDY (SCALE 4-7) 0
TOTAL FM JUL 1 768 CLOUDY (SCALE 8-10) 31
DPTR FM NORMAL -24
[CDD (BASE 65) ]
TOTAL THIS MO. 0
DPTR FM NORMAL 0 [PRESSURE DATA]
TOTAL FM JAN 1 614 HIGHEST SLP 30.46 ON 15
DPTR FM NORMAL 258 LOWEST SLP 29.40 ON 25
[REMARKS]
#FINAL-10-21#