000
CXUS51 KBTV 010700
CF6PBG
PRELIMINARY LOCAL CLIMATOLOGICAL DATA (WS FORM: F-6)
STATION: PLATTSBURGH NY
MONTH: JULY
YEAR: 2021
LATITUDE: 44 39 N
LONGITUDE: 73 28 W
TEMPERATURE IN F: :PCPN: SNOW: WIND :SUNSHINE: SKY :PK WND
================================================================================
1 2 3 4 5 6A 6B 7 8 9 10 11 12 13 14 15 16 17 18
12Z AVG MX 2MIN
DY MAX MIN AVG DEP HDD CDD WTR SNW DPTH SPD SPD DIR MIN PSBL S-S WX SPD DR
================================================================================
1 74 64 69 1 0 4 0.00 M M 5.8 12 20 M M 3 15 40
2 66 59 63 -6 2 0 0.41 M M 10.0 18 360 M M 9 1 33 140
3 65 59 62 -7 3 0 0.07 M M 2.7 10 130 M M 10 1 19 110
4 70 54 62 -7 3 0 0.00 M M 5.6 14 350 M M 8 1 17 10
5 79 49 64 -5 1 0 0.00 M M 6.4 15 150 M M 2 1 30 110
6 88 66 77 8 0 12 0.10 M M 6.7 16 250 M M 6 1 24 240
7 71 55 63 -6 2 0 0.01 M M 5.3 17 10 M M 7 20 360
8 69 54 62 -8 3 0 0.20 M M 4.6 23 160 M M 8 1 45 190
9 71 60 66 -4 0 1 0.01 M M 7.8 20 350 M M 8 1 23 340
10 77 54 66 -4 0 1 0.00 M M 4.4 13 30 M M 1 1 18 50
11 79 49 64 -6 1 0 0.00 M M 3.6 12 140 M M 0 1 15 140
12 81 61 71 1 0 6 0.00 M M 4.0 14 130 M M 2 21 160
13 76 64 70 0 0 5 0.57 M M 11.6 21 150 M M 8 1 27 140
14 85 63 74 4 0 9 0.01 M M 8.7 18 150 M M 3 27 220
15 84 62 73 3 0 8 0.00 M M 8.2 20 150 M M 0 1 25 150
16 80 62 71 1 0 6 0.20 M M 4.1 14 330 M M 3 18 21 320
17 74 60 67 -3 0 2 0.16 M M 1.8 9 140 M M 4 1 12 90
18 72 62 67 -3 0 2 0.55 M M 6.3 15 10 M M 10 1 19 360
19 77 64 71 1 0 6 0.03 M M 4.4 13 140 M M 5 18 16 150
20 77 63 70 0 0 5 0.62 M M 3.3 32 320 M M 6 138 44 320
21 69 59 64 -6 1 0 0.04 M M 3.5 12 340 M M 10 1 M M
22 80 53 67 -3 0 2 0.00 M M 4.1 15 330 M M 4 12 22 330
23 78 56 67 -3 0 2 T M M 2.0 10 90 M M 4 3 13 100
24 80 52 66 -4 0 1 0.00 M M 6.4 16 140 M M 0 1 21 160
25 85 64 75 5 0 10 0.23 M M 6.7 21 160 M M 6 138 26 160
26 87 64 76 6 0 11 T M M 4.8 16 140 M M 3 18 20 250
27 73 58 66 -4 0 1 0.23 M M 1.9 10 320 M M 6 1 14 310
28 75 53 64 -6 1 0 0.00 M M 4.0 13 40 M M 4 1 17 20
29 69 49 59 -11 6 0 0.03 M M 2.3 13 130 M M 4 1 15 140
30 70 52 61 -9 4 0 0.19 M M 7.2 22 320 M M 8 13 30 270
31 75 51 63 -7 2 0 0.00 M M 5.2 16 350 M M 4 23 320
================================================================================
SM 2356 1795 29 94 3.66 M 163.4 M 156
================================================================================
AV 76.0 57.9 5.3 FASTST M M 5 MAX(MPH)
MISC ----> 32 320 45 190
================================================================================
NOTES:
# LAST OF SEVERAL OCCURRENCES
COLUMN 17 PEAK WIND IN M.P.H.
PRELIMINARY LOCAL CLIMATOLOGICAL DATA (WS FORM: F-6) , PAGE 2
STATION: PLATTSBURGH NY
MONTH: JULY
YEAR: 2021
LATITUDE: 44 39 N
LONGITUDE: 73 28 W
[TEMPERATURE DATA] [PRECIPITATION DATA] SYMBOLS USED IN COLUMN 16
AVERAGE MONTHLY: 67.0 TOTAL FOR MONTH: 3.66 1 = FOG OR MIST
DPTR FM NORMAL: -2.9 DPTR FM NORMAL: 0.05 2 = FOG REDUCING VISIBILITY
HIGHEST: 88 ON 6 GRTST 24HR 0.70 ON 17-18 TO 1/4 MILE OR LESS
LOWEST: 49 ON 29,11 3 = THUNDER
SNOW, ICE PELLETS, HAIL 4 = ICE PELLETS
TOTAL MONTH: M 5 = HAIL
GRTST 24HR M ON M 6 = FREEZING RAIN OR DRIZZLE
GRTST DEPTH: M ON M 7 = DUSTSTORM OR SANDSTORM:
VSBY 1/2 MILE OR LESS
8 = SMOKE OR HAZE
[NO. OF DAYS WITH] [WEATHER - DAYS WITH] 9 = BLOWING SNOW
X = TORNADO
MAX 32 OR BELOW: 0 0.01 INCH OR MORE: 18
MAX 90 OR ABOVE: 0 0.10 INCH OR MORE: 11
MIN 32 OR BELOW: 0 0.50 INCH OR MORE: 3
MIN 0 OR BELOW: 0 1.00 INCH OR MORE: 0
[HDD (BASE 65) ]
TOTAL THIS MO. 29 CLEAR (SCALE 0-3) 8
DPTR FM NORMAL 17 PTCLDY (SCALE 4-7) 17
TOTAL FM JUL 1 29 CLOUDY (SCALE 8-10) 6
DPTR FM NORMAL 23
[CDD (BASE 65) ]
TOTAL THIS MO. 94
DPTR FM NORMAL -70 [PRESSURE DATA]
TOTAL FM JAN 1 286 HIGHEST SLP M ON M
DPTR FM NORMAL 42 LOWEST SLP 29.69 ON 30
[REMARKS]
#FINAL-07-21#