000
CXUS52 KFFC 011010
CF6PDK
PRELIMINARY LOCAL CLIMATOLOGICAL DATA (WS FORM: F-6)
STATION: DEKALB PEACHTREE AIRPORT
MONTH: OCTOBER
YEAR: 2021
LATITUDE: 33 52 N
LONGITUDE: 84 18 W
TEMPERATURE IN F: :PCPN: SNOW: WIND :SUNSHINE: SKY :PK WND
================================================================================
1 2 3 4 5 6A 6B 7 8 9 10 11 12 13 14 15 16 17 18
12Z AVG MX 2MIN
DY MAX MIN AVG DEP HDD CDD WTR SNW DPTH SPD SPD DIR MIN PSBL S-S WX SPD DR
================================================================================
1 84 62 73 5 0 8 0.00 M M 1.6 9 190 M M 1 18 14 140
2 81 67 74 6 0 9 0.00 M M 2.1 8 140 M M 4 1 12 140
3 77 65 71 4 0 6 0.12 M M 3.1 13 200 M M 6 13 16 190
4 79 67 73 6 0 8 0.20 M M 3.3 12 210 M M 8 1 15 170
5 70 65 68 2 0 3 1.25 M M 1.8 7 70 M M 10 1 14 80
6 76 68 72 6 0 7 0.25 M M 3.8 12 130 M M 8 1 21 110
7 79 69 74 8 0 9 0.33 M M 2.3 9 190 M M 10 1 15 110
8 84 67 76 11 0 11 0.00 M M 3.5 12 360 M M 4 17 350
9 84 62 73 8 0 8 0.00 M M 2.2 13 10 M M 2 1 19 340
10 83 62 73 9 0 8 0.00 M M 1.5 9 360 M M 0 14 110
11 81 61 71 7 0 6 0.00 M M 2.9 10 180 M M 3 15 130
12 79 63 71 8 0 6 0.00 M M 1.4 8 270 M M 7 1 12 280
13 84 59 72 9 0 7 0.00 M M 0.6 6 170 M M 1 18 9 70
14 85 61 73 10 0 8 0.00 M M 1.4 7 250 M M 1 18 11 210
15 85 59 72 10 0 7 0.00 M M 2.0 12 240 M M 1 12 16 240
16 71 52 62 0 3 0 0.00 M M 10.3 23 300 M M 3 1 31 340
17 68 45 57 -4 8 0 0.00 M M 8.0 15 330 M M 0 24 300
18 73 40 57 -4 8 0 0.00 M M 2.1 9 170 M M 0 14 130
19 76 42 59 -2 6 0 0.00 M M 0.9 9 240 M M 0 1 13 240
20 78 47 63 3 2 0 0.00 M M 1.8 8 240 M M 0 1 14 250
21 74 53 64 4 1 0 0.07 M M 4.2 14 220 M M 7 1 19 220
22 74 55 65 6 0 0 T M M 6.8 13 270 M M 2 1 20 280
23 76 48 62 3 3 0 0.00 0.0 M 2.7 12 360 M M 0 16 320
24 77 46 62 3 3 0 0.00 0.0 M 1.4 8 150 M M 0 1 13 180
25 79 53 66 8 0 1 0.01 0.0 M 5.8 23 330 M M 4 1 33 330
26 65 47 56 -2 9 0 0.00 0.0 M 12.4 25 330 M M 4 36 320
27 74 42 58 0 7 0 0.00 0.0 M 2.2 7 210 M M 0 10 70
28 56 53 55 -2 10 0 0.26 M M 3.7 14 250 M M 8 12 20 110
29 57 50 54 -3 11 0 0.07 M M 7.5 16 230 M M 10 1 24 240
30 58 50 54 -2 11 0 0.02 M M 7.3 16 250 M M 10 1 25 230
31 61 50 56 0 9 0 0.00 M M 9.1 17 330 M M 6 26 330
================================================================================
SM 2328 1730 91 112 2.58 0.0 119.7 M 120
================================================================================
AV 75.1 55.8 3.9 FASTST M M 4 MAX(MPH)
MISC ----> 25 330 36 320
================================================================================
NOTES:
# LAST OF SEVERAL OCCURRENCES
COLUMN 17 PEAK WIND IN M.P.H.
PRELIMINARY LOCAL CLIMATOLOGICAL DATA (WS FORM: F-6) , PAGE 2
STATION: DEKALB PEACHTREE AIRPORT
MONTH: OCTOBER
YEAR: 2021
LATITUDE: 33 52 N
LONGITUDE: 84 18 W
[TEMPERATURE DATA] [PRECIPITATION DATA] SYMBOLS USED IN COLUMN 16
AVERAGE MONTHLY: 65.5 TOTAL FOR MONTH: 2.58 1 = FOG OR MIST
DPTR FM NORMAL: 3.6 DPTR FM NORMAL: -0.81 2 = FOG REDUCING VISIBILITY
HIGHEST: 85 ON 15,14 GRTST 24HR 1.30 ON 4- 5 TO 1/4 MILE OR LESS
LOWEST: 40 ON 18 3 = THUNDER
SNOW, ICE PELLETS, HAIL 4 = ICE PELLETS
TOTAL MONTH: 0.0 INCH 5 = HAIL
GRTST 24HR 0.0 6 = FREEZING RAIN OR DRIZZLE
GRTST DEPTH: M ON M 7 = DUSTSTORM OR SANDSTORM:
VSBY 1/2 MILE OR LESS
8 = SMOKE OR HAZE
[NO. OF DAYS WITH] [WEATHER - DAYS WITH] 9 = BLOWING SNOW
X = TORNADO
MAX 32 OR BELOW: 0 0.01 INCH OR MORE: 10
MAX 90 OR ABOVE: 0 0.10 INCH OR MORE: 6
MIN 32 OR BELOW: 0 0.50 INCH OR MORE: 1
MIN 0 OR BELOW: 0 1.00 INCH OR MORE: 1
[HDD (BASE 65) ]
TOTAL THIS MO. 91 CLEAR (SCALE 0-3) 16
DPTR FM NORMAL -55 PTCLDY (SCALE 4-7) 8
TOTAL FM JUL 1 95 CLOUDY (SCALE 8-10) 7
DPTR FM NORMAL -62
[CDD (BASE 65) ]
TOTAL THIS MO. 112
DPTR FM NORMAL 64 [PRESSURE DATA]
TOTAL FM JAN 1 1727 HIGHEST SLP 30.30 ON 20
DPTR FM NORMAL 4 LOWEST SLP 29.48 ON 29
[REMARKS]
#FINAL-10-21#