000
CXUS56 KPDT 011910
CF6PDT
PRELIMINARY LOCAL CLIMATOLOGICAL DATA (WS FORM: F-6)
STATION: PENDLETON OR
MONTH: NOVEMBER
YEAR: 2021
LATITUDE: 45 40 N
LONGITUDE: 118 51 W
TEMPERATURE IN F: :PCPN: SNOW: WIND :SUNSHINE: SKY :PK WND
================================================================================
1 2 3 4 5 6A 6B 7 8 9 10 11 12 13 14 15 16 17 18
12Z AVG MX 2MIN
DY MAX MIN AVG DEP HDD CDD WTR SNW DPTH SPD SPD DIR MIN PSBL S-S WX SPD DR
================================================================================
1 45 29 37 -8 28 0 0.05 0.0 0 3.9 9 300 M M 5 12 12 300
2 46 39 43 -2 22 0 0.00 0.0 0 2.3 12 290 M M 10 1 15 290
3 48 42 45 1 20 0 0.00 0.0 0 3.5 9 310 M M 10 1 12 310
4 66 39 53 9 12 0 0.10 0.0 0 11.1 33 250 M M 7 12 45 250
5 55 39 47 3 18 0 0.04 0.0 0 6.5 28 280 M M 6 33 280
6 52 33 43 -1 22 0 0.01 0.0 0 8.1 23 290 M M 5 1 31 290
7 54 31 43 0 22 0 0.00 0.0 0 8.1 22 200 M M 3 34 200
8 58 32 45 2 20 0 T 0.0 0 10.5 24 120 M M 1 34 160
9 57 34 46 3 19 0 0.05 0.0 0 13.9 28 280 M M 7 37 290
10 54 32 43 1 22 0 0.00 0.0 0 6.1 12 260 M M 2 8 16 250
11 49 41 45 3 20 0 0.59 0.0 0 4.2 16 280 M M 10 12 21 270
12 62 43 53 11 12 0 0.12 0.0 0 7.1 24 250 M M 8 12 34 270
13 61 42 52 11 13 0 0.00 0.0 0 5.8 14 240 M M 4 18 240
14 67 45 56 15 9 0 0.00 0.0 0 9.8 18 280 M M 1 24 240
15 71 41 56 15 9 0 T 0.0 0 18.8 53 240 M M 3 68 240
16 48 30 39 -1 26 0 0.00 0.0 0 15.5 29 260 M M 1 37 270
17 48 25 37 -3 28 0 0.00 0.0 0 8.0 18 30 M M 0 22 30
18 47 32 40 0 25 0 0.02 0.0 0 8.2 17 300 M M 8 1 21 280
19 41 34 38 -2 27 0 0.19 0.0 0 4.7 14 180 M M 10 12 17 170
20 46 29 38 -1 27 0 0.00 0.0 0 6.4 10 260 M M 0 M M
21 34 25 30 -9 35 0 0.00 0.0 0 4.2 12 320 M M 9 12 13 320
22 34 27 31 -8 34 0 0.00 0.0 M 4.2 17 300 M M 10 12 22 290
23 50 27 39 1 26 0 0.07 0.2 0 16.4 33 270 M M 6 126 45 270
24 49 30 40 2 25 0 0.00 0.0 0 5.8 13 70 M M 0 14 60
25 56 35 46 8 19 0 0.00 0.0 0 6.1 14 200 M M 4 20 190
26 60 42 51 13 14 0 T 0.0 0 5.5 13 270 M M 4 18 280
27 65 41 53 16 12 0 T 0.0 0 7.6 26 200 M M 6 34 200
28 67 46 57 20 8 0 0.00 0.0 0 7.6 21 210 M M 1 28 200
29 61 42 52 15 13 0 0.11 0.0 0 6.3 20 150 M M 5 1 24 150
30 60 40 50 13 15 0 0.00 0.0 0 7.3 17 250 M M 3 22 250
================================================================================
SM 1611 1067 602 0 1.35 0.2 233.5 M 149
================================================================================
AV 53.7 35.6 7.8 FASTST M M 5 MAX(MPH)
MISC ----> 53 240 68 240
================================================================================
NOTES:
# LAST OF SEVERAL OCCURRENCES
COLUMN 17 PEAK WIND IN M.P.H.
PRELIMINARY LOCAL CLIMATOLOGICAL DATA (WS FORM: F-6) , PAGE 2
STATION: PENDLETON OR
MONTH: NOVEMBER
YEAR: 2021
LATITUDE: 45 40 N
LONGITUDE: 118 51 W
[TEMPERATURE DATA] [PRECIPITATION DATA] SYMBOLS USED IN COLUMN 16
AVERAGE MONTHLY: 44.6 TOTAL FOR MONTH: 1.35 1 = FOG OR MIST
DPTR FM NORMAL: 3.9 DPTR FM NORMAL: -0.04 2 = FOG REDUCING VISIBILITY
HIGHEST: 71 ON 15 GRTST 24HR 0.59 ON 11-11 TO 1/4 MILE OR LESS
LOWEST: 25 ON 21,17 3 = THUNDER
SNOW, ICE PELLETS, HAIL 4 = ICE PELLETS
TOTAL MONTH: 0.2 INCH 5 = HAIL
GRTST 24HR 0.2 ON 23-23 6 = FREEZING RAIN OR DRIZZLE
GRTST DEPTH: 0 7 = DUSTSTORM OR SANDSTORM:
VSBY 1/2 MILE OR LESS
8 = SMOKE OR HAZE
[NO. OF DAYS WITH] [WEATHER - DAYS WITH] 9 = BLOWING SNOW
X = TORNADO
MAX 32 OR BELOW: 0 0.01 INCH OR MORE: 11
MAX 90 OR ABOVE: 0 0.10 INCH OR MORE: 5
MIN 32 OR BELOW: 12 0.50 INCH OR MORE: 1
MIN 0 OR BELOW: 0 1.00 INCH OR MORE: 0
[HDD (BASE 65) ]
TOTAL THIS MO. 602 CLEAR (SCALE 0-3) 11
DPTR FM NORMAL -127 PTCLDY (SCALE 4-7) 12
TOTAL FM JUL 1 1087 CLOUDY (SCALE 8-10) 7
DPTR FM NORMAL -191
[CDD (BASE 65) ]
TOTAL THIS MO. 0
DPTR FM NORMAL 0 [PRESSURE DATA]
TOTAL FM JAN 1 1003 HIGHEST SLP 30.53 ON 21
DPTR FM NORMAL 366 LOWEST SLP 29.59 ON 15
[REMARKS]
#FINAL-11-21#