000
CXUS56 KPQR 011155
CF6PDX
PRELIMINARY LOCAL CLIMATOLOGICAL DATA (WS FORM: F-6)
STATION: PORTLAND OR
MONTH: SEPTEMBER
YEAR: 2021
LATITUDE: 45 35 N
LONGITUDE: 122 36 W
TEMPERATURE IN F: :PCPN: SNOW: WIND :SUNSHINE: SKY :PK WND
================================================================================
1 2 3 4 5 6A 6B 7 8 9 10 11 12 13 14 15 16 17 18
12Z AVG MX 2MIN
DY MAX MIN AVG DEP HDD CDD WTR SNW DPTH SPD SPD DIR MIN PSBL S-S WX SPD DR
================================================================================
1 79 51 65 -4 0 0 0.00 0.0 0 7.5 17 320 M M 0 23 320
2 86 53 70 2 0 5 0.00 0.0 0 5.2 14 310 M M 1 19 310
3 83 53 68 0 0 3 0.00 0.0 0 2.3 9 290 M M 4 12 280
4 88 55 72 4 0 7 0.00 0.0 0 3.4 14 320 M M 3 8 18 320
5 86 60 73 5 0 8 0.00 0.0 0 4.6 18 320 M M 2 23 320
6 84 62 73 5 0 8 0.00 0.0 0 6.9 16 320 M M 5 20 310
7 89 59 74 6 0 9 0.00 0.0 0 4.2 12 200 M M 7 13 210
8 88 61 75 8 0 10 T 0.0 0 5.2 12 330 M M 3 16 330
9 86 60 73 6 0 8 0.00 0.0 0 4.0 13 320 M M 5 19 350
10 70 61 66 -1 0 1 0.00 0.0 0 4.6 12 320 M M 9 15 10
11 81 54 68 1 0 3 0.00 0.0 0 4.5 12 320 M M 3 14 310
12 76 60 68 2 0 3 T 0.0 0 6.8 15 320 M M 6 22 320
13 75 51 63 -3 2 0 0.00 0.0 0 4.7 15 310 M M 4 20 330
14 84 53 69 3 0 4 0.00 0.0 0 3.6 13 350 M M 2 19 350
15 72 54 63 -3 2 0 0.00 0.0 0 10.7 24 320 M M 6 30 310
16 78 45 62 -4 3 0 0.00 0.0 0 5.5 15 80 M M 4 19 80
17 78 56 67 2 0 2 0.07 0.0 0 9.4 24 260 M M 8 1 32 210
18 69 56 63 -2 2 0 1.31 0.0 0 8.2 21 300 M M 9 13 26 300
19 67 53 60 -5 5 0 1.14 0.0 0 5.5 18 250 M M 8 1 22 250
20 73 50 62 -2 3 0 0.00 0.0 0 4.0 13 300 M M 4 12 17 310
21 86 52 69 5 0 4 0.00 0.0 0 5.4 10 110 M M 2 14 120
22 71 57 64 0 1 0 T 0.0 0 4.9 15 320 M M 7 18 320
23 75 58 67 3 0 2 0.00 0.0 0 6.9 15 320 M M 5 18 320
24 89 56 73 10 0 8 0.00 0.0 0 4.6 14 100 M M 1 18 100
25 85 56 71 8 0 6 0.00 0.0 0 3.2 12 320 M M 1 14 310
26 75 58 67 5 0 2 0.09 0.0 0 8.4 20 210 M M 8 1 25 220
27 65 55 60 -2 5 0 0.87 0.0 0 8.3 18 160 M M 9 18 24 160
28 61 53 57 -5 8 0 0.18 0.0 0 7.5 17 200 M M 9 21 190
29 68 50 59 -3 6 0 T 0.0 0 6.9 15 110 M M 7 19 120
30 63 51 57 -4 8 0 0.10 0.0 0 5.1 13 120 M M 8 1 15 130
================================================================================
SM 2330 1653 45 93 3.76 0.0 172.0 M 150
================================================================================
AV 77.7 55.1 5.7 FASTST M M 5 MAX(MPH)
MISC ----> # 24 320 32 210
================================================================================
NOTES:
# LAST OF SEVERAL OCCURRENCES
COLUMN 17 PEAK WIND IN M.P.H.
PRELIMINARY LOCAL CLIMATOLOGICAL DATA (WS FORM: F-6) , PAGE 2
STATION: PORTLAND OR
MONTH: SEPTEMBER
YEAR: 2021
LATITUDE: 45 35 N
LONGITUDE: 122 36 W
[TEMPERATURE DATA] [PRECIPITATION DATA] SYMBOLS USED IN COLUMN 16
AVERAGE MONTHLY: 66.4 TOTAL FOR MONTH: 3.76 1 = FOG OR MIST
DPTR FM NORMAL: 1.0 DPTR FM NORMAL: 2.24 2 = FOG REDUCING VISIBILITY
HIGHEST: 89 ON 24, 7 GRTST 24HR 1.69 ON 18-19 TO 1/4 MILE OR LESS
LOWEST: 45 ON 16 3 = THUNDER
SNOW, ICE PELLETS, HAIL 4 = ICE PELLETS
TOTAL MONTH: 0.0 INCH 5 = HAIL
GRTST 24HR 0.0 6 = FREEZING RAIN OR DRIZZLE
GRTST DEPTH: 0 7 = DUSTSTORM OR SANDSTORM:
VSBY 1/2 MILE OR LESS
8 = SMOKE OR HAZE
[NO. OF DAYS WITH] [WEATHER - DAYS WITH] 9 = BLOWING SNOW
X = TORNADO
MAX 32 OR BELOW: 0 0.01 INCH OR MORE: 7
MAX 90 OR ABOVE: 0 0.10 INCH OR MORE: 5
MIN 32 OR BELOW: 0 0.50 INCH OR MORE: 3
MIN 0 OR BELOW: 0 1.00 INCH OR MORE: 2
[HDD (BASE 65) ]
TOTAL THIS MO. 45 CLEAR (SCALE 0-3) 8
DPTR FM NORMAL -16 PTCLDY (SCALE 4-7) 17
TOTAL FM JUL 1 54 CLOUDY (SCALE 8-10) 5
DPTR FM NORMAL -24
[CDD (BASE 65) ]
TOTAL THIS MO. 93
DPTR FM NORMAL 20 [PRESSURE DATA]
TOTAL FM JAN 1 838 HIGHEST SLP 30.38 ON 20
DPTR FM NORMAL 334 LOWEST SLP 29.64 ON 17
[REMARKS]
#FINAL-09-21#