000
CXUS54 KMAF 011110
CF6PEQ
PRELIMINARY LOCAL CLIMATOLOGICAL DATA (WS FORM: F-6)
STATION: PECOS MUNICIPAL AIRPORT
MONTH: MARCH
YEAR: 2023
LATITUDE: 31 22 N
LONGITUDE: 103 31 W
TEMPERATURE IN F: :PCPN: SNOW: WIND :SUNSHINE: SKY :PK WND
================================================================================
1 2 3 4 5 6A 6B 7 8 9 10 11 12 13 14 15 16 17 18
12Z AVG MX 2MIN
DY MAX MIN AVG DEP HDD CDD WTR SNW DPTH SPD SPD DIR MIN PSBL S-S WX SPD DR
================================================================================
1 79 42 61 M 4 0 M M M 8.5 28 240 M M 0 35 240
2 72 37 55 M 10 0 M M M 19.4 49 270 M M 0 8 60 270
3 71 42 57 M 8 0 M M M 17.5 25 250 M M 0 38 270
4 74 37 56 M 9 0 M M M 3.5 9 220 M M 0 M M
5 85 34 60 M 5 0 M M M 4.3 17 260 M M 0 29 250
6 87 38 63 M 2 0 M M M 4.5 17 270 M M 0 22 270
7 85 41 63 M 2 0 M M M 2.4 14 320 M M 0 21 10
8 65 50 58 M 7 0 M M M 8.0 15 90 M M 0 20 20
9 76 43 60 M 5 0 M M M 4.7 16 360 M M 0 12 20 360
10 74 47 61 M 4 0 M M M 5.2 12 50 M M 0 1 17 80
11 88 52 70 M 0 5 M M M 17.4 29 260 M M 0 36 260
12 81 58 70 M 0 5 M M M 9.0 21 80 M M 0 26 80
13 69 43 56 M 9 0 M M M 8.4 20 80 M M 0 23 80
14 72 42 57 M 8 0 M M M 8.1 18 120 M M 0 24 80
15 83 39 61 M 4 0 M M M 5.2 16 120 M M 0 M M
16 78 43 61 M 4 0 0.03 M M 13.0 28 260 M M 4 41 M
17 52 39 46 M 19 0 M M M 7.1 16 10 M M 8 23 360
18 51 38 45 M 20 0 M M M 7.9 15 80 M M 6 18 80
19 59 31 45 M 20 0 M M M 10.9 21 150 M M 0 29 140
20 76 38 57 M 8 0 M M M 6.7 14 240 M M 4 23 120
21 85 42 64 M 1 0 M M M 8.5 24 230 M M 0 30 230
22 89 48 69 M 0 4 M M M 3.1 13 290 M M 0 21 210
23 86 51 69 M 0 4 M M M 5.1 22 290 M M 0 31 290
24 71 43 57 M 8 0 M M M 16.1 35 250 M M 1 44 270
25 75 41 58 M 7 0 M M M 7.4 16 230 M M 0 21 250
26 79 41 60 M 5 0 M M M 5.8 18 240 M M 0 25 240
27 76 39 58 M 7 0 M M M 1.3 8 30 M M 0 M M
28 61 40 51 M 14 0 M M M 7.0 17 360 M M 5 25 350
29 81 42 62 M 3 0 M M M 7.1 20 100 M M 1 26 100
30 89 52 71 M 0 6 M M M 5.5 17 210 M M 0 28 210
31 74 48 61 M 4 0 M M M 12.8 35 260 M M 0 8 40 280
================================================================================
SM 2343 1321 197 24 0.03 M 251.1 M 29
================================================================================
AV 75.6 42.6 8.1 FASTST M M 1 MAX(MPH)
MISC ----> 49 270 60 270
================================================================================
NOTES:
# LAST OF SEVERAL OCCURRENCES
COLUMN 17 PEAK WIND IN M.P.H.
PRELIMINARY LOCAL CLIMATOLOGICAL DATA (WS FORM: F-6) , PAGE 2
STATION: PECOS MUNICIPAL AIRPORT
MONTH: MARCH
YEAR: 2023
LATITUDE: 31 22 N
LONGITUDE: 103 31 W
[TEMPERATURE DATA] [PRECIPITATION DATA] SYMBOLS USED IN COLUMN 16
AVERAGE MONTHLY: 59.1 TOTAL FOR MONTH: 0.03 1 = FOG OR MIST
DPTR FM NORMAL: 0.0 DPTR FM NORMAL: M 2 = FOG REDUCING VISIBILITY
HIGHEST: 89 ON 30,22 GRTST 24HR 0.03 ON 16-16 TO 1/4 MILE OR LESS
LOWEST: 31 ON 19 3 = THUNDER
SNOW, ICE PELLETS, HAIL 4 = ICE PELLETS
TOTAL MONTH: M 5 = HAIL
GRTST 24HR M ON M 6 = FREEZING RAIN OR DRIZZLE
GRTST DEPTH: M ON M 7 = DUSTSTORM OR SANDSTORM:
VSBY 1/2 MILE OR LESS
8 = SMOKE OR HAZE
[NO. OF DAYS WITH] [WEATHER - DAYS WITH] 9 = BLOWING SNOW
X = TORNADO
MAX 32 OR BELOW: 0 0.01 INCH OR MORE: 1
MAX 90 OR ABOVE: 0 0.10 INCH OR MORE: 0
MIN 32 OR BELOW: 1 0.50 INCH OR MORE: 0
MIN 0 OR BELOW: 0 1.00 INCH OR MORE: 0
[HDD (BASE 65) ]
TOTAL THIS MO. 197 CLEAR (SCALE 0-3) 26
DPTR FM NORMAL M PTCLDY (SCALE 4-7) 5
TOTAL FM JUL 1 2128 CLOUDY (SCALE 8-10) 0
DPTR FM NORMAL M
[CDD (BASE 65) ]
TOTAL THIS MO. 24
DPTR FM NORMAL M [PRESSURE DATA]
TOTAL FM JAN 1 29 HIGHEST SLP M ON M
DPTR FM NORMAL M LOWEST SLP M ON M
[REMARKS]
#FINAL-03-23#