000
CXUS52 KTBW 080108 RRA
CF6PGD
PRELIMINARY LOCAL CLIMATOLOGICAL DATA (WS FORM: F-6)
STATION: PUNTA GORDA
MONTH: JANUARY
YEAR: 2023
LATITUDE: 26 55 N
LONGITUDE: 82 0 W
TEMPERATURE IN F: :PCPN: SNOW: WIND :SUNSHINE: SKY :PK WND
================================================================================
1 2 3 4 5 6A 6B 7 8 9 10 11 12 13 14 15 16 17 18
12Z AVG MX 2MIN
DY MAX MIN AVG DEP HDD CDD WTR SNW DPTH SPD SPD DIR MIN PSBL S-S WX SPD DR
================================================================================
1 83 65 74 11 0 9 0.00 0.0 0 2.7 9 340 M M 5 12 13 340
2 85 62 74 11 0 9 0.00 0.0 0 6.7 14 100 M M 4 12 20 140
3 86 63 75 12 0 10 0.00 0.0 0 7.2 17 170 M M 2 1 24 160
4 85 67 76 13 0 11 0.00 0.0 0 9.2 20 200 M M 2 25 200
5 81 66 74 11 0 9 T 0.0 0 7.2 18 220 M M 5 12 26 250
6 74 51 63 0 2 0 0.00 0.0 0 8.1 18 10 M M 2 23 10
7 76 43 60 -3 5 0 0.00 0.0 0 6.6 13 30 M M 0 16 40
8 79 50 65 2 0 0 0.00 0.0 0 6.1 14 130 M M 1 18 120
9 80 53 67 4 0 2 0.00 0.0 0 4.8 14 330 M M 1 1 17 320
10 74 50 62 -1 3 0 0.00 0.0 0 7.1 13 280 M M 0 1 18 270
11 78 43 61 -2 4 0 0.00 0.0 0 3.5 9 70 M M 0 18 13 30
12 80 48 64 2 1 0 0.00 0.0 0 5.2 17 240 M M 0 1 24 230
13 71 54 63 1 2 0 M 0.0 0 14.6 26 320 M M 4 1 36 320
14 59 42 51 -11 14 0 0.00 0.0 0 11.8 22 320 M M 1 32 320
15 63 37 50 -12 15 0 0.00 0.0 0 4.8 13 310 M M 0 16 320
16 69 37 53 -9 12 0 0.00 0.0 0 3.9 12 190 M M 0 1 16 300
17 76 44 60 -2 5 0 0.00 0.0 0 5.8 17 220 M M 0 27 210
18 80 52 66 3 0 1 0.00 0.0 0 5.4 13 170 M M 0 15 240
19 83 56 70 7 0 5 0.00 0.0 0 8.3 20 210 M M 1 1 25 200
20 80 66 73 10 0 8 T 0.0 0 5.5 15 230 M M 8 19 240
21 82 65 74 11 0 9 0.00 0.0 0 5.1 12 240 M M 8 8 16 250
22 82 63 73 10 0 8 0.00 0.0 0 11.9 26 190 M M 3 36 190
23 75 54 65 2 0 0 M 0.0 0 8.7 17 350 M M 5 13 22 340
24 78 51 65 2 0 0 0.00 0.0 0 10.8 20 100 M M 3 26 90
25 84 64 74 11 0 9 0.00 0.0 0 12.3 26 190 M M 1 1 35 190
26 71 53 62 -1 3 0 0.04 0.0 0 10.0 17 280 M M 6 1 24 290
27 65 49 57 -6 8 0 0.00 0.0 0 11.0 21 40 M M 6 27 40
28 77 57 67 4 0 2 0.00 0.0 0 11.8 20 100 M M 8 29 80
29 86 59 73 9 0 8 0.00 0.0 0 8.7 18 140 M M 1 23 140
30 86 61 74 10 0 9 0.00 0.0 0 5.2 14 240 M M 3 12 17 230
31 83 59 71 7 0 6 0.00 0.0 0 2.5 9 250 M M 4 12 13 310
================================================================================
SM 2411 1684 74 115 M 0.0 232.5 M 84
================================================================================
AV 77.8 54.3 7.5 FASTST M M 3 MAX(MPH)
MISC ----> # 26 320 # 36 320
================================================================================
NOTES:
# LAST OF SEVERAL OCCURRENCES
COLUMN 17 PEAK WIND IN M.P.H.
PRELIMINARY LOCAL CLIMATOLOGICAL DATA (WS FORM: F-6) , PAGE 2
STATION: PUNTA GORDA
MONTH: JANUARY
YEAR: 2023
LATITUDE: 26 55 N
LONGITUDE: 82 0 W
[TEMPERATURE DATA] [PRECIPITATION DATA] SYMBOLS USED IN COLUMN 16
AVERAGE MONTHLY: 66.0 TOTAL FOR MONTH: M 1 = FOG OR MIST
DPTR FM NORMAL: 3.1 DPTR FM NORMAL: M 2 = FOG REDUCING VISIBILITY
HIGHEST: 86 ON 30,29 GRTST 24HR M TO 1/4 MILE OR LESS
LOWEST: 37 ON 16,15 3 = THUNDER
SNOW, ICE PELLETS, HAIL 4 = ICE PELLETS
TOTAL MONTH: 0.0 INCH 5 = HAIL
GRTST 24HR 0.0 6 = FREEZING RAIN OR DRIZZLE
GRTST DEPTH: 0 7 = DUSTSTORM OR SANDSTORM:
VSBY 1/2 MILE OR LESS
8 = SMOKE OR HAZE
[NO. OF DAYS WITH] [WEATHER - DAYS WITH] 9 = BLOWING SNOW
X = TORNADO
MAX 32 OR BELOW: 0 0.01 INCH OR MORE: M
MAX 90 OR ABOVE: 0 0.10 INCH OR MORE: M
MIN 32 OR BELOW: 0 0.50 INCH OR MORE: M
MIN 0 OR BELOW: 0 1.00 INCH OR MORE: M
[HDD (BASE 65) ]
TOTAL THIS MO. 74 CLEAR (SCALE 0-3) 19
DPTR FM NORMAL -57 PTCLDY (SCALE 4-7) 11
TOTAL FM JUL 1 163 CLOUDY (SCALE 8-10) 1
DPTR FM NORMAL -70
[CDD (BASE 65) ]
TOTAL THIS MO. 115
DPTR FM NORMAL 49 [PRESSURE DATA]
TOTAL FM JAN 1 115 HIGHEST SLP 30.35 ON 27
DPTR FM NORMAL 49 LOWEST SLP 29.91 ON 13
[REMARKS]
#FINAL-01-23#