000
CXUS51 KPHI 011246
CLMPHL
CLIMATE REPORT
NATIONAL WEATHER SERVICE MOUNT HOLLY NJ
846 AM EDT FRI SEP 01 2023
...................................
...THE PHILADELPHIA PA CLIMATE SUMMARY FOR THE MONTH OF AUGUST 2023...
CLIMATE NORMAL PERIOD: 1991 TO 2020
CLIMATE RECORD PERIOD: 1872 TO 2023
WEATHER OBSERVED NORMAL DEPART LAST YEAR`S
VALUE DATE(S) VALUE FROM VALUE DATE(S)
NORMAL
................................................................
TEMPERATURE (F)
RECORD
HIGH 106 08/07/1918
LOW 44 08/29/1986
HIGHEST 91 94 -3 98
LOWEST 63 56 7 64
AVG. MAXIMUM 84.6 85.8 -1.2 90.1
AVG. MINIMUM 68.9 67.9 1.0 72.6
MEAN 76.8 76.8 -0.0 81.3
DAYS MAX >= 90 3 7.5 -4.5 19
DAYS MAX <= 32 0 0.0 0.0 0
DAYS MIN <= 32 0 0.0 0.0 0
DAYS MIN <= 0 0 0.0 0.0 0
PRECIPITATION (INCHES)
RECORD
MAXIMUM 19.31 2011
MINIMUM 0.46 1896
TOTALS 3.25 4.29 -1.04 2.70
DAILY AVG. 0.10 0.14 -0.04 0.09
DAYS >= .01 11 8.9 2.1 8
DAYS >= .10 6 5.8 0.2 5
DAYS >= .50 2 2.8 -0.8 1
DAYS >= 1.00 2 1.5 0.5 1
GREATEST
24 HR. TOTAL 1.31 08/06 TO 08/07 1.60
SNOWFALL (INCHES)
RECORDS
TOTAL T 1914, 1919, 1939, & 2011
24 HR TOTAL MM
TOTALS 0.0 0.0 0.0 0.0
SINCE 7/1 0.0 0.0 0.0 MM
SNOWDEPTH AVG. 0 0
DAYS >= 1.0 0 0.0 0.0 0
GREATEST
SNOW DEPTH 0 0 MM
24 HR TOTAL MM MM
DEGREE DAYS
HEATING TOTAL 0 1 -1 0
SINCE 7/1 0 0 0 MM
COOLING TOTAL 372 368 4 510
SINCE 1/1 1077 1157 -80 MM
................................................................
WIND (MPH)
AVERAGE WIND SPEED 7.7
HIGHEST WIND SPEED/DIRECTION 47/250 DATE 08/07
HIGHEST GUST SPEED/DIRECTION 55/250 DATE 08/07
SKY COVER
POSSIBLE SUNSHINE (PERCENT) MM
AVERAGE SKY COVER 0.64
NUMBER OF DAYS FAIR 3
NUMBER OF DAYS PC 16
NUMBER OF DAYS CLOUDY 12
AVERAGE RH (PERCENT) 65
WEATHER CONDITIONS. NUMBER OF DAYS WITH
THUNDERSTORM 4 MIXED PRECIP 0
HEAVY RAIN 5 RAIN 5
LIGHT RAIN 15 FREEZING RAIN 0
LT FREEZING RAIN 0 HEAVY SNOW 0
SNOW 0 LIGHT SNOW 0
SLEET 0 FOG 13
FOG W/VIS <= 1/4 MILE 0 HAZE 3
- INDICATES NEGATIVE NUMBERS.
R INDICATES RECORD WAS SET OR TIED.
MM INDICATES DATA IS MISSING.
T INDICATES TRACE AMOUNT.
$$