000
CXUS53 KUNR 220930
CF6PHP
PRELIMINARY LOCAL CLIMATOLOGICAL DATA (WS FORM: F-6)
STATION: PHILIP SD
MONTH: APRIL
YEAR: 2024
LATITUDE: 44 3 N
LONGITUDE: 101 36 W
TEMPERATURE IN F: :PCPN: SNOW: WIND :SUNSHINE: SKY :PK WND
================================================================================
1 2 3 4 5 6A 6B 7 8 9 10 11 12 13 14 15 16 17 18
12Z AVG MX 2MIN
DY MAX MIN AVG DEP HDD CDD WTR SNW DPTH SPD SPD DIR MIN PSBL S-S WX SPD DR
================================================================================
1 33 19 26 -15 39 0 0.45 M M 9.2 20 60 M M 7 12 30 60
2 50 18 34 -8 31 0 0.00 M M 9.3 16 260 M M 0 19 350
3 58 24 41 -1 24 0 0.00 M M 4.2 9 270 M M 0 10 260
4 63 26 45 3 20 0 0.00 M M 10.3 22 110 M M 0 29 130
5 67 34 51 8 14 0 0.00 M M 15.0 31 140 M M 0 44 140
6 60 41 51 8 14 0 0.38 M M 17.1 32 80 M M 3 1 47 80
7 47 39 43 0 22 0 0.25 M M 15.2 25 30 M M 10 1 39 70
8 47 35 41 -2 24 0 0.05 M M 12.8 21 320 M M 8 29 320
9 64 34 49 5 16 0 0.00 M M 10.4 26 290 M M 1 33 300
10 60 37 49 5 16 0 0.00 M M 21.2 41 320 M M 2 58 310
11 59 31 45 1 20 0 0.00 M M 14.1 26 320 M M 0 37 320
12 74 25 50 6 15 0 0.00 M M 9.4 23 150 M M 0 30 150
13 90 39 65 20 0 0 0.00 M M 8.7 20 320 M M 0 26 300
14 78 40 59 14 6 0 0.00 M M 10.9 24 120 M M 0 34 120
15 79 52 66 21 0 1 0.98 M M 21.9 41 100 M M 2 13 58 70
16 55 41 48 2 17 0 0.11 M M 16.0 31 330 M M 5 13 47 320
17 49 33 41 -5 24 0 T M M 12.5 25 320 M M 5 1 32 330
18 50 28 39 -7 26 0 0.00 M M 17.7 32 310 M M 2 45 310
19 46 25 36 -10 29 0 0.00 M M 17.3 36 310 M M 1 47 320
20 50 24 37 -10 28 0 0.00 M M 9.0 20 330 M M 3 27 320
21 68 22 45 -2 20 0 0.00 M M 10.4 21 200 M M 0 30 200
================================================================================
SM 1247 667 405 1 2.22 M 272.6 M 49
================================================================================
AV 59.4 31.8 13.0 FASTST M M 2 MAX(MPH)
MISC ----> # 41 320 # 58 310
================================================================================
NOTES:
# LAST OF SEVERAL OCCURRENCES
COLUMN 17 PEAK WIND IN M.P.H.
PRELIMINARY LOCAL CLIMATOLOGICAL DATA (WS FORM: F-6) , PAGE 2
STATION: PHILIP SD
MONTH: APRIL
YEAR: 2024
LATITUDE: 44 3 N
LONGITUDE: 101 36 W
[TEMPERATURE DATA] [PRECIPITATION DATA] SYMBOLS USED IN COLUMN 16
AVERAGE MONTHLY: 45.6 TOTAL FOR MONTH: 2.22 1 = FOG OR MIST
DPTR FM NORMAL: 1.4 DPTR FM NORMAL: 1.16 2 = FOG REDUCING VISIBILITY
HIGHEST: 90 ON 13 GRTST 24HR 1.09 ON 15-16 TO 1/4 MILE OR LESS
LOWEST: 18 ON 2 3 = THUNDER
SNOW, ICE PELLETS, HAIL 4 = ICE PELLETS
TOTAL MONTH: M 5 = HAIL
GRTST 24HR M ON M 6 = FREEZING RAIN OR DRIZZLE
GRTST DEPTH: M ON M 7 = DUSTSTORM OR SANDSTORM:
VSBY 1/2 MILE OR LESS
8 = SMOKE OR HAZE
[NO. OF DAYS WITH] [WEATHER - DAYS WITH] 9 = BLOWING SNOW
X = TORNADO
MAX 32 OR BELOW: 0 0.01 INCH OR MORE: 6
MAX 90 OR ABOVE: 1 0.10 INCH OR MORE: 5
MIN 32 OR BELOW: 10 0.50 INCH OR MORE: 1
MIN 0 OR BELOW: 0 1.00 INCH OR MORE: 0
[HDD (BASE 65) ]
TOTAL THIS MO. 405 CLEAR (SCALE 0-3) 16
DPTR FM NORMAL -30 PTCLDY (SCALE 4-7) 3
TOTAL FM JUL 1 5838 CLOUDY (SCALE 8-10) 2
DPTR FM NORMAL -802
[CDD (BASE 65) ]
TOTAL THIS MO. 1
DPTR FM NORMAL 1 [PRESSURE DATA]
TOTAL FM JAN 1 1 HIGHEST SLP M ON M
DPTR FM NORMAL 1 LOWEST SLP 29.29 ON 16
[REMARKS]