000
CXUS53 KILX 011805
CLMPIA
CLIMATE REPORT
NATIONAL WEATHER SERVICE LINCOLN IL
105 PM CDT MON APR 01 2024
...................................
...THE PEORIA IL CLIMATE SUMMARY FOR THE MONTH OF MARCH 2024...
CLIMATE NORMAL PERIOD 1991 TO 2020
CLIMATE RECORD PERIOD 1883 TO 2024
WEATHER OBSERVED NORMAL DEPART LAST YEAR`S
VALUE DATE(S) VALUE FROM VALUE
NORMAL
..............................................................
TEMPERATURE (F)
RECORD
HIGH 87 03/21/1907
LOW -11 03/08/1943
HIGHEST 77 03/03 48 29 73
03/04
LOWEST 26 03/18 30 -4 12
AVG. MAXIMUM 58.2 51.2 7.0 50.3
AVG. MINIMUM 37.1 31.6 5.5 32.1
MEAN 47.7 41.4 6.3 41.2
DAYS MAX >= 90 0 0.0 0.0 0
DAYS MAX <= 32 0 2.0 -2.0 1
DAYS MIN <= 32 12 17.4 -5.4 14
DAYS MIN <= 0 0 0.2 -0.2 0
PRECIPITATION (INCHES)
RECORD
MAXIMUM 7.49 2009
MINIMUM 0.24 1885
TOTALS 3.18 2.69 0.49 4.68
DAILY AVG. 0.10 0.09 0.01 0.15
DAYS >= .01 11 10.5 0.5 13
DAYS >= .10 8 5.9 2.1 8
DAYS >= .50 3 1.6 1.4 4
DAYS >= 1.00 1 0.4 0.6 0
GREATEST
24 HR. TOTAL 1.05 03/25 TO 03/25 1.00
SNOWFALL (INCHES)
RECORDS
TOTAL 18.2 1926
TOTALS T 3.3 -3.3 3.1
SINCE 7/1 22.8 25.7 -2.9 MM
DAYS >= 1.0 0 1.0 -1.0 2
GREATEST
SNOW DEPTH 0 2
24 HR TOTAL MM MM
DEGREE DAYS
HEATING TOTAL 530 734 -204 731
SINCE 7/1 4145 5089 -944 MM
COOLING TOTAL 0 2 -2 0
SINCE 1/1 0 2 -2 MM
..............................................................
WIND (MPH)
AVERAGE WIND SPEED 9.9
HIGHEST WIND SPEED/DIRECTION 33/180 DATE 03/03
HIGHEST GUST SPEED/DIRECTION 49/180 DATE 03/03
SKY COVER
POSSIBLE SUNSHINE (PERCENT) MM
AVERAGE SKY COVER 0.43
NUMBER OF DAYS FAIR 13
NUMBER OF DAYS PC 11
NUMBER OF DAYS CLOUDY 7
AVERAGE RH (PERCENT) 60
WEATHER CONDITIONS. NUMBER OF DAYS WITH
THUNDERSTORM 6 MIXED PRECIP 0
HEAVY RAIN 2 RAIN 8
LIGHT RAIN 13 FREEZING RAIN 0
LT FREEZING RAIN 0 HAIL 0
HEAVY SNOW 0 SNOW 0
LIGHT SNOW 2 SLEET 2
FOG 10 FOG W/VIS <= 1/4 MILE 0
HAZE 3
- INDICATES NEGATIVE NUMBERS.
R INDICATES RECORD WAS SET OR TIED.
MM INDICATES DATA IS MISSING.
T INDICATES TRACE AMOUNT.
&&
RECORDS SET DURING MAR 2024:
* 4TH WARMEST MARCH WITH MEAN TEMPERATURE 47.7F
* RECORD TIED HIGH TEMPERATURE 77 ON MAR 4TH
$$