000
CXUS54 KBRO 010800
CF6PIL
PRELIMINARY LOCAL CLIMATOLOGICAL DATA (WS FORM: F-6)
STATION: BAYVIEW
MONTH: JUNE
YEAR: 2022
LATITUDE: 26 10 N
LONGITUDE: 97 20 W
TEMPERATURE IN F: :PCPN: SNOW: WIND :SUNSHINE: SKY :PK WND
================================================================================
1 2 3 4 5 6A 6B 7 8 9 10 11 12 13 14 15 16 17 18
12Z AVG MX 2MIN
DY MAX MIN AVG DEP HDD CDD WTR SNW DPTH SPD SPD DIR MIN PSBL S-S WX SPD DR
================================================================================
1 89 79 84 1 0 19 0.00 0.0 0 14.1 20 120 M M 3 27 140
2 88 77 83 0 0 18 0.00 0.0 0 10.2 18 80 M M 2 26 60
3 89 73 81 -3 0 16 0.00 0.0 0 6.8 17 60 M M 1 1 23 50
4 89 73 81 -3 0 16 0.00 0.0 0 7.0 16 120 M M 1 1 22 120
5 92 75 84 0 0 19 0.00 0.0 0 12.9 22 150 M M 0 30 160
6 92 79 86 2 0 21 0.00 0.0 0 19.1 26 140 M M 2 37 160
7 92 79 86 2 0 21 0.00 0.0 0 15.7 23 130 M M 2 32 160
8 92 79 86 2 0 21 0.00 0.0 0 14.4 24 120 M M 3 32 130
9 90 79 85 1 0 20 0.00 0.0 0 12.7 22 110 M M 2 28 120
10 94 79 87 3 0 22 0.00 0.0 0 13.0 24 130 M M 1 32 140
11 96 80 88 4 0 23 0.00 0.0 0 14.3 23 150 M M 2 31 150
12 94 80 87 3 0 22 0.00 0.0 0 16.4 25 150 M M 2 35 180
13 93 80 87 3 0 22 0.00 0.0 0 16.1 26 160 M M 4 36 180
14 90 80 85 1 0 20 0.00 0.0 0 15.9 24 150 M M 3 34 150
15 93 80 87 3 0 22 0.00 0.0 0 13.8 23 170 M M 3 40 140
16 91 77 84 0 0 19 0.00 0.0 0 10.4 21 110 M M 1 29 120
17 90 75 83 -1 0 18 0.00 0.0 0 11.1 20 100 M M 2 27 90
18 90 77 84 0 0 19 0.00 0.0 0 9.4 18 110 M M 2 3 25 90
19 90 76 83 -1 0 18 0.00 0.0 0 9.1 18 90 M M 2 28 90
20 90 77 84 0 0 19 0.00 0.0 0 9.8 17 70 M M 2 24 80
21 91 79 85 1 0 20 0.00 0.0 0 10.9 22 100 M M 2 28 120
22 91 78 85 0 0 20 T 0.0 0 9.6 16 110 M M 1 26 110
23 91 74 83 -2 0 18 0.00 0.0 0 7.7 17 120 M M 1 25 110
24 93 76 85 0 0 20 0.00 0.0 0 11.4 23 100 M M 1 32 90
25 92 76 84 -1 0 19 0.00 0.0 0 12.2 22 100 M M 1 28 100
26 91 77 84 -1 0 19 0.00 0.0 0 9.1 18 100 M M 1 24 100
27 92 75 84 -1 0 19 0.00 0.0 0 7.3 20 80 M M 1 26 70
28 93 77 85 0 0 20 0.00 0.0 0 10.4 20 50 M M 1 27 40
29 91 77 84 -1 0 19 0.00 0.0 0 12.2 24 40 M M 2 32 30
30 93 76 85 0 0 20 T 0.0 0 9.2 16 100 M M 3 22 110
================================================================================
SM 2742 2319 0 589 T 0.0 352.2 M 54
================================================================================
AV 91.4 77.3 11.7 FASTST M M 2 MAX(MPH)
MISC ----> # 26 140 40 140
================================================================================
NOTES:
# LAST OF SEVERAL OCCURRENCES
COLUMN 17 PEAK WIND IN M.P.H.
PRELIMINARY LOCAL CLIMATOLOGICAL DATA (WS FORM: F-6) , PAGE 2
STATION: BAYVIEW
MONTH: JUNE
YEAR: 2022
LATITUDE: 26 10 N
LONGITUDE: 97 20 W
[TEMPERATURE DATA] [PRECIPITATION DATA] SYMBOLS USED IN COLUMN 16
AVERAGE MONTHLY: 84.4 TOTAL FOR MONTH: T 1 = FOG OR MIST
DPTR FM NORMAL: 0.2 DPTR FM NORMAL: -2.68 2 = FOG REDUCING VISIBILITY
HIGHEST: 96 ON 11 GRTST 24HR T ON 6- 6 TO 1/4 MILE OR LESS
LOWEST: 73 ON 4, 3 3 = THUNDER
SNOW, ICE PELLETS, HAIL 4 = ICE PELLETS
TOTAL MONTH: 0.0 INCH 5 = HAIL
GRTST 24HR 0.0 6 = FREEZING RAIN OR DRIZZLE
GRTST DEPTH: 0 7 = DUSTSTORM OR SANDSTORM:
VSBY 1/2 MILE OR LESS
8 = SMOKE OR HAZE
[NO. OF DAYS WITH] [WEATHER - DAYS WITH] 9 = BLOWING SNOW
X = TORNADO
MAX 32 OR BELOW: 0 0.01 INCH OR MORE: 0
MAX 90 OR ABOVE: 26 0.10 INCH OR MORE: 0
MIN 32 OR BELOW: 0 0.50 INCH OR MORE: 0
MIN 0 OR BELOW: 0 1.00 INCH OR MORE: 0
[HDD (BASE 65) ]
TOTAL THIS MO. 0 CLEAR (SCALE 0-3) 29
DPTR FM NORMAL 0 PTCLDY (SCALE 4-7) 1
TOTAL FM JUL 1 579 CLOUDY (SCALE 8-10) 0
DPTR FM NORMAL 53
[CDD (BASE 65) ]
TOTAL THIS MO. 589
DPTR FM NORMAL 12 [PRESSURE DATA]
TOTAL FM JAN 1 1745 HIGHEST SLP M ON M
DPTR FM NORMAL 30 LOWEST SLP 29.67 ON 6
[REMARKS]
#FINAL-06-22#